{"id":2654,"date":"2021-03-08T08:52:41","date_gmt":"2021-03-08T08:52:41","guid":{"rendered":"http:\/\/blogsaverroes.juntadeandalucia.es\/iesvalledelgenal\/?page_id=2654"},"modified":"2021-07-01T15:18:28","modified_gmt":"2021-07-01T15:18:28","slug":"erasmus","status":"publish","type":"page","link":"https:\/\/blogsaverroes.juntadeandalucia.es\/iesvalledelgenal\/erasmus\/","title":{"rendered":"ERASMUS+"},"content":{"rendered":"<p>Aqu\u00ed os enlazamos una presentaci\u00f3n muy completa sobre el programa Erasmus+ que han preparado nuestros compa\u00f1eros del CEP de Ronda<\/p>\n<div style=\"width: 100%\">\n<div style=\"padding-bottom: 56.25%;padding-top: 0;height: 0\"><iframe loading=\"lazy\" frameborder=\"0\" width=\"600px\" height=\"350px\" src=\"https:\/\/view.genial.ly\/5f9aae1ee958c00d6378d3a6\" scrolling=\"yes\"><\/iframe> <\/div>\n<\/p><\/div>\n","protected":false},"excerpt":{"rendered":"<p>Aqu\u00ed os enlazamos una presentaci\u00f3n muy completa sobre el programa Erasmus+ que han preparado nuestros compa\u00f1eros del CEP de Ronda<\/p>\n","protected":false},"author":4259,"featured_media":0,"parent":0,"menu_order":0,"comment_status":"closed","ping_status":"closed","template":"","meta":{"ngg_post_thumbnail":0,"footnotes":"","_mc_calendar":[]},"aioseo_notices":[],"_links":{"self":[{"href":"https:\/\/blogsaverroes.juntadeandalucia.es\/iesvalledelgenal\/wp-json\/wp\/v2\/pages\/2654"}],"collection":[{"href":"https:\/\/blogsaverroes.juntadeandalucia.es\/iesvalledelgenal\/wp-json\/wp\/v2\/pages"}],"about":[{"href":"https:\/\/blogsaverroes.juntadeandalucia.es\/iesvalledelgenal\/wp-json\/wp\/v2\/types\/page"}],"author":[{"embeddable":true,"href":"https:\/\/blogsaverroes.juntadeandalucia.es\/iesvalledelgenal\/wp-json\/wp\/v2\/users\/4259"}],"replies":[{"embeddable":true,"href":"https:\/\/blogsaverroes.juntadeandalucia.es\/iesvalledelgenal\/wp-json\/wp\/v2\/comments?post=2654"}],"version-history":[{"count":3,"href":"https:\/\/blogsaverroes.juntadeandalucia.es\/iesvalledelgenal\/wp-json\/wp\/v2\/pages\/2654\/revisions"}],"predecessor-version":[{"id":2700,"href":"https:\/\/blogsaverroes.juntadeandalucia.es\/iesvalledelgenal\/wp-json\/wp\/v2\/pages\/2654\/revisions\/2700"}],"wp:attachment":[{"href":"https:\/\/blogsaverroes.juntadeandalucia.es\/iesvalledelgenal\/wp-json\/wp\/v2\/media?parent=2654"}],"curies":[{"name":"wp","href":"https:\/\/api.w.org\/{rel}","templated":true}]}}

<p>Aquí os enlazamos una presentación muy completa sobre el programa Erasmus+ que han preparado nuestros compañeros del CEP de Ronda</p>
<div style="width: 100%">
<div style="padding-bottom: 56.25%;padding-top: 0;height: 0"><iframe loading="lazy" frameborder="0" width="600px" height="350px" src="https://view.genial.ly/5f9aae1ee958c00d6378d3a6" scrolling="yes"></iframe> </div>
</p></div>

<p>Aquí os enlazamos una presentación muy completa sobre el programa Erasmus+ que han preparado nuestros compañeros del CEP de Ronda</p>
