{"id":2510,"date":"2019-11-14T17:28:09","date_gmt":"2019-11-14T17:28:09","guid":{"rendered":"https:\/\/blogsaverroes.juntadeandalucia.es\/iesvalleinclan\/?page_id=2510"},"modified":"2019-11-14T17:28:09","modified_gmt":"2019-11-14T17:28:09","slug":"historia-del-centro","status":"publish","type":"page","link":"https:\/\/blogsaverroes.juntadeandalucia.es\/iesvalleinclan\/historia-del-centro\/","title":{"rendered":"Historia del Centro"},"content":{"rendered":"<p><span style=\"font-weight: 400\">El IES Ram\u00f3n del Valle Incl\u00e1n, fundado en 1996, est\u00e1 situado en el barrio sevillano de Sevilla Este, \u00e1rea en continua expansi\u00f3n que se comenz\u00f3 a construir en los a\u00f1os 70 del siglo XX al liberar una zona r\u00fastica delimitada por las barriadas de Alcosa y Torreblanca, junto con la autov\u00eda A-92 y el Pol\u00edgono Industrial de la Carretera Amarilla.&nbsp;<\/span><\/p>\n<p><span style=\"font-weight: 400\">Nombre del centro&nbsp;<\/span><\/p>\n<p><span style=\"font-weight: 400\">El nombre del centro pretende&nbsp; rendir homenaje a Ram\u00f3n Jos\u00e9 Sim\u00f3n Valle Pe\u00f1a, conocido como Ram\u00f3n Mar\u00eda del Valle-Incl\u00e1n y Montenegro (Villanueva de Arosa, 28 de octubre de 1866 &#8211; Santiago de Compostela, 5 de enero de 1936) dramaturgo, poeta y novelista espa\u00f1ol, que form\u00f3 parte de la corriente literaria denominada Modernismo en Espa\u00f1a y se encuentra pr\u00f3ximo, en sus \u00faltimas obras, a la denominada Generaci\u00f3n del 98; se le considera uno de los autores clave de la literatura espa\u00f1ola del siglo XX.<\/span><\/p>\n","protected":false},"excerpt":{"rendered":"<p>El IES Ram\u00f3n del Valle Incl\u00e1n, fundado en 1996, est\u00e1 situado en el barrio sevillano de Sevilla Este, \u00e1rea en continua expansi\u00f3n que se comenz\u00f3 a construir en los a\u00f1os 70 del siglo XX&#46;&#46;&#46;<\/p>\n","protected":false},"author":7918,"featured_media":0,"parent":0,"menu_order":0,"comment_status":"closed","ping_status":"closed","template":"","meta":{"ngg_post_thumbnail":0,"footnotes":"","_mc_calendar":[]},"aioseo_notices":[],"_links":{"self":[{"href":"https:\/\/blogsaverroes.juntadeandalucia.es\/iesvalleinclan\/wp-json\/wp\/v2\/pages\/2510"}],"collection":[{"href":"https:\/\/blogsaverroes.juntadeandalucia.es\/iesvalleinclan\/wp-json\/wp\/v2\/pages"}],"about":[{"href":"https:\/\/blogsaverroes.juntadeandalucia.es\/iesvalleinclan\/wp-json\/wp\/v2\/types\/page"}],"author":[{"embeddable":true,"href":"https:\/\/blogsaverroes.juntadeandalucia.es\/iesvalleinclan\/wp-json\/wp\/v2\/users\/7918"}],"replies":[{"embeddable":true,"href":"https:\/\/blogsaverroes.juntadeandalucia.es\/iesvalleinclan\/wp-json\/wp\/v2\/comments?post=2510"}],"version-history":[{"count":1,"href":"https:\/\/blogsaverroes.juntadeandalucia.es\/iesvalleinclan\/wp-json\/wp\/v2\/pages\/2510\/revisions"}],"predecessor-version":[{"id":2511,"href":"https:\/\/blogsaverroes.juntadeandalucia.es\/iesvalleinclan\/wp-json\/wp\/v2\/pages\/2510\/revisions\/2511"}],"wp:attachment":[{"href":"https:\/\/blogsaverroes.juntadeandalucia.es\/iesvalleinclan\/wp-json\/wp\/v2\/media?parent=2510"}],"curies":[{"name":"wp","href":"https:\/\/api.w.org\/{rel}","templated":true}]}}