{"id":3478,"date":"2024-09-26T13:46:35","date_gmt":"2024-09-26T13:46:35","guid":{"rendered":"https:\/\/blogsaverroes.juntadeandalucia.es\/iesvalleinclan\/?page_id=3478"},"modified":"2025-01-23T16:12:51","modified_gmt":"2025-01-23T16:12:51","slug":"bachillerato","status":"publish","type":"page","link":"https:\/\/blogsaverroes.juntadeandalucia.es\/iesvalleinclan\/bachillerato\/","title":{"rendered":"Bachillerato"},"content":{"rendered":"<p>El centro oferta las ense\u00f1anzas de 1\u00ba y 2\u00ba curso de Bachillerato en las ramas de Ciencias y Tecnolog\u00eda, Ciencias Sociales y Humanidades, en la modalidad biling\u00fce de ingl\u00e9s. Se ofertan materias optativas como Dibujo T\u00e9cnico, F\u00edsica, Biolog\u00eda, Qu\u00edmica, Estad\u00edstica, Lat\u00edn, Griego, Teatro, Inform\u00e1tica, Econom\u00eda, etc, que contribuyen a definir el perfil de salida.<\/p>\n<p>Destacan los resultados excelentes que tradicionalmente obtienen nuestros alumnos en las pruebas de acceso a la Universidad.<\/p>\n","protected":false},"excerpt":{"rendered":"<p>El centro oferta las ense\u00f1anzas de 1\u00ba y 2\u00ba curso de Bachillerato en las ramas de Ciencias y Tecnolog\u00eda, Ciencias Sociales y Humanidades, en la modalidad biling\u00fce de ingl\u00e9s. Se ofertan materias optativas como&#46;&#46;&#46;<\/p>\n","protected":false},"author":7632,"featured_media":0,"parent":0,"menu_order":0,"comment_status":"closed","ping_status":"closed","template":"","meta":{"ngg_post_thumbnail":0,"footnotes":"","_mc_calendar":[]},"aioseo_notices":[],"_links":{"self":[{"href":"https:\/\/blogsaverroes.juntadeandalucia.es\/iesvalleinclan\/wp-json\/wp\/v2\/pages\/3478"}],"collection":[{"href":"https:\/\/blogsaverroes.juntadeandalucia.es\/iesvalleinclan\/wp-json\/wp\/v2\/pages"}],"about":[{"href":"https:\/\/blogsaverroes.juntadeandalucia.es\/iesvalleinclan\/wp-json\/wp\/v2\/types\/page"}],"author":[{"embeddable":true,"href":"https:\/\/blogsaverroes.juntadeandalucia.es\/iesvalleinclan\/wp-json\/wp\/v2\/users\/7632"}],"replies":[{"embeddable":true,"href":"https:\/\/blogsaverroes.juntadeandalucia.es\/iesvalleinclan\/wp-json\/wp\/v2\/comments?post=3478"}],"version-history":[{"count":4,"href":"https:\/\/blogsaverroes.juntadeandalucia.es\/iesvalleinclan\/wp-json\/wp\/v2\/pages\/3478\/revisions"}],"predecessor-version":[{"id":3650,"href":"https:\/\/blogsaverroes.juntadeandalucia.es\/iesvalleinclan\/wp-json\/wp\/v2\/pages\/3478\/revisions\/3650"}],"wp:attachment":[{"href":"https:\/\/blogsaverroes.juntadeandalucia.es\/iesvalleinclan\/wp-json\/wp\/v2\/media?parent=3478"}],"curies":[{"name":"wp","href":"https:\/\/api.w.org\/{rel}","templated":true}]}}