{"id":872,"date":"2015-03-16T12:50:42","date_gmt":"2015-03-16T12:50:42","guid":{"rendered":"http:\/\/blogsaverroes.juntadeandalucia.es\/pre\/ceip\/?page_id=120"},"modified":"2024-10-29T15:03:46","modified_gmt":"2024-10-29T15:03:46","slug":"contactar","status":"publish","type":"page","link":"https:\/\/blogsaverroes.juntadeandalucia.es\/iesvalleinclan\/contactar\/","title":{"rendered":"Contactar"},"content":{"rendered":"<p>Puede contactar con el centro en el tel\u00e9fono <span class=\"LrzXr zdqRlf kno-fv\"><span data-dtype=\"d3ph\" data-local-attribute=\"d3ph\">955622848 (lunes a viernes de 8:15 a 14:45) o mediante la direcci\u00f3n de correo electr\u00f3nico <\/span><\/span><span class=\"gI\"><span class=\"qu\" role=\"gridcell\"><span class=\"go\">41701109.edu@juntadeandalucia.es.<\/span><\/span><\/span><\/p>\n","protected":false},"excerpt":{"rendered":"<p>Puede contactar con el centro en el tel\u00e9fono 955622848 (lunes a viernes de 8:15 a 14:45) o mediante la direcci\u00f3n de correo electr\u00f3nico 41701109.edu@juntadeandalucia.es.<\/p>\n","protected":false},"author":1,"featured_media":0,"parent":0,"menu_order":0,"comment_status":"open","ping_status":"open","template":"","meta":{"ngg_post_thumbnail":0,"footnotes":"","_mc_calendar":[]},"aioseo_notices":[],"_links":{"self":[{"href":"https:\/\/blogsaverroes.juntadeandalucia.es\/iesvalleinclan\/wp-json\/wp\/v2\/pages\/872"}],"collection":[{"href":"https:\/\/blogsaverroes.juntadeandalucia.es\/iesvalleinclan\/wp-json\/wp\/v2\/pages"}],"about":[{"href":"https:\/\/blogsaverroes.juntadeandalucia.es\/iesvalleinclan\/wp-json\/wp\/v2\/types\/page"}],"author":[{"embeddable":true,"href":"https:\/\/blogsaverroes.juntadeandalucia.es\/iesvalleinclan\/wp-json\/wp\/v2\/users\/1"}],"replies":[{"embeddable":true,"href":"https:\/\/blogsaverroes.juntadeandalucia.es\/iesvalleinclan\/wp-json\/wp\/v2\/comments?post=872"}],"version-history":[{"count":9,"href":"https:\/\/blogsaverroes.juntadeandalucia.es\/iesvalleinclan\/wp-json\/wp\/v2\/pages\/872\/revisions"}],"predecessor-version":[{"id":3559,"href":"https:\/\/blogsaverroes.juntadeandalucia.es\/iesvalleinclan\/wp-json\/wp\/v2\/pages\/872\/revisions\/3559"}],"wp:attachment":[{"href":"https:\/\/blogsaverroes.juntadeandalucia.es\/iesvalleinclan\/wp-json\/wp\/v2\/media?parent=872"}],"curies":[{"name":"wp","href":"https:\/\/api.w.org\/{rel}","templated":true}]}}