{"id":2105,"date":"2026-03-18T13:15:38","date_gmt":"2026-03-18T12:15:38","guid":{"rendered":"https:\/\/blogsaverroes.juntadeandalucia.es\/iesvcmarmolejo\/?page_id=2105"},"modified":"2026-03-25T06:26:10","modified_gmt":"2026-03-25T05:26:10","slug":"seleccion-de-directores","status":"publish","type":"page","link":"https:\/\/blogsaverroes.juntadeandalucia.es\/iesvcmarmolejo\/seleccion-de-directores\/","title":{"rendered":"Selecci\u00f3n de directores"},"content":{"rendered":"[et_pb_section fb_built=&#8221;1&#8243; _builder_version=&#8221;4.24.2&#8243; _module_preset=&#8221;default&#8221; hover_enabled=&#8221;0&#8243; global_colors_info=&#8221;{}&#8221; sticky_enabled=&#8221;0&#8243;][et_pb_row _builder_version=&#8221;4.24.2&#8243; _module_preset=&#8221;default&#8221; global_colors_info=&#8221;{}&#8221;][et_pb_column type=&#8221;4_4&#8243; _builder_version=&#8221;4.24.2&#8243; _module_preset=&#8221;default&#8221; global_colors_info=&#8221;{}&#8221;][et_pb_text _builder_version=&#8221;4.24.2&#8243; _module_preset=&#8221;default&#8221; background_color=&#8221;#EDF000&#8243; hover_enabled=&#8221;0&#8243; global_colors_info=&#8221;{}&#8221; sticky_enabled=&#8221;0&#8243;]\n<p style=\"text-align: center\"><strong><span style=\"font-size: 24pt\">Comisi\u00f3n de selecci\u00f3n<\/span><\/strong><\/p>\n<p>&nbsp;<\/p>\n<p><iframe loading=\"lazy\" src=\"https:\/\/drive.google.com\/file\/d\/1-FN9idC8byNf0FP3Kb_yAupUtMVFTdPr\/preview\" width=\"1000\" height=\"480\"><\/iframe><\/p>\n[\/et_pb_text][\/et_pb_column][\/et_pb_row][et_pb_row _builder_version=&#8221;4.24.2&#8243; _module_preset=&#8221;default&#8221; global_colors_info=&#8221;{}&#8221;][et_pb_column type=&#8221;4_4&#8243; _builder_version=&#8221;4.24.2&#8243; _module_preset=&#8221;default&#8221; global_colors_info=&#8221;{}&#8221;][et_pb_text _builder_version=&#8221;4.24.2&#8243; _module_preset=&#8221;default&#8221; background_color=&#8221;#EDF000&#8243; hover_enabled=&#8221;0&#8243; global_colors_info=&#8221;{}&#8221; sticky_enabled=&#8221;0&#8243;]\n<p style=\"text-align: center\"><span style=\"font-size: 24pt\">CANDIDATURAS.<\/span><\/p>\n<p style=\"text-align: center\"><span style=\"font-size: 24pt\">FECHA DE EXPOSICI\u00d3N DEL PROYECTO.<\/span><\/p>\n<p>&nbsp;<\/p>\n<p><iframe loading=\"lazy\" src=\"https:\/\/drive.google.com\/file\/d\/1zm1m_M2XyatIGHMOfJz__QrZ7Ew4wiMY\/preview\" width=\"1000\" height=\"480\"><\/iframe><\/p>\n[\/et_pb_text][\/et_pb_column][\/et_pb_row][\/et_pb_section]\n","protected":false},"excerpt":{"rendered":"<p>Comisi\u00f3n de selecci\u00f3n &nbsp; CANDIDATURAS. FECHA DE EXPOSICI\u00d3N DEL PROYECTO. &nbsp;<\/p>\n","protected":false},"author":14440,"featured_media":0,"parent":0,"menu_order":0,"comment_status":"closed","ping_status":"closed","template":"","meta":{"_et_pb_use_builder":"on","_et_pb_old_content":"","_et_gb_content_width":"","ngg_post_thumbnail":0,"footnotes":""},"aioseo_notices":[],"_links":{"self":[{"href":"https:\/\/blogsaverroes.juntadeandalucia.es\/iesvcmarmolejo\/wp-json\/wp\/v2\/pages\/2105"}],"collection":[{"href":"https:\/\/blogsaverroes.juntadeandalucia.es\/iesvcmarmolejo\/wp-json\/wp\/v2\/pages"}],"about":[{"href":"https:\/\/blogsaverroes.juntadeandalucia.es\/iesvcmarmolejo\/wp-json\/wp\/v2\/types\/page"}],"author":[{"embeddable":true,"href":"https:\/\/blogsaverroes.juntadeandalucia.es\/iesvcmarmolejo\/wp-json\/wp\/v2\/users\/14440"}],"replies":[{"embeddable":true,"href":"https:\/\/blogsaverroes.juntadeandalucia.es\/iesvcmarmolejo\/wp-json\/wp\/v2\/comments?post=2105"}],"version-history":[{"count":5,"href":"https:\/\/blogsaverroes.juntadeandalucia.es\/iesvcmarmolejo\/wp-json\/wp\/v2\/pages\/2105\/revisions"}],"predecessor-version":[{"id":2116,"href":"https:\/\/blogsaverroes.juntadeandalucia.es\/iesvcmarmolejo\/wp-json\/wp\/v2\/pages\/2105\/revisions\/2116"}],"wp:attachment":[{"href":"https:\/\/blogsaverroes.juntadeandalucia.es\/iesvcmarmolejo\/wp-json\/wp\/v2\/media?parent=2105"}],"curies":[{"name":"wp","href":"https:\/\/api.w.org\/{rel}","templated":true}]}}

Selección de directores

[et_pb_section fb_built=&#8221;1&#8243; _builder_version=&#8221;4.24.2&#8243; _module_preset=&#8221;default&#8221; hover_enabled=&#8221;0&#8243; global_colors_info=&#8221;{}&#8221; sticky_enabled=&#8221;0&#8243;][et_pb_row _builder_version=&#8221;4.24.2&#8243; _module_preset=&#8221;default&#8221; global_colors_info=&#8221;{}&#8221;][et_pb_column type=&#8221;4_4&#8243; _builder_version=&#8221;4.24.2&#8243; _module_preset=&#8221;default&#8221; global_colors_info=&#8221;{}&#8221;][et_pb_text _builder_version=&#8221;4.24.2&#8243; _module_preset=&#8221;default&#8221; background_color=&#8221;#EDF000&#8243; hover_enabled=&#8221;0&#8243; global_colors_info=&#8221;{}&#8221; sticky_enabled=&#8221;0&#8243;]
<p style="text-align: center"><strong><span style="font-size: 24pt">Comisión de selección</span></strong></p>
<p>&nbsp;</p>
<p><iframe loading="lazy" src="https://drive.google.com/file/d/1-FN9idC8byNf0FP3Kb_yAupUtMVFTdPr/preview" width="1000" height="480"></iframe></p>
[/et_pb_text][/et_pb_column][/et_pb_row][et_pb_row _builder_version=&#8221;4.24.2&#8243; _module_preset=&#8221;default&#8221; global_colors_info=&#8221;{}&#8221;][et_pb_column type=&#8221;4_4&#8243; _builder_version=&#8221;4.24.2&#8243; _module_preset=&#8221;default&#8221; global_colors_info=&#8221;{}&#8221;][et_pb_text _builder_version=&#8221;4.24.2&#8243; _module_preset=&#8221;default&#8221; background_color=&#8221;#EDF000&#8243; hover_enabled=&#8221;0&#8243; global_colors_info=&#8221;{}&#8221; sticky_enabled=&#8221;0&#8243;]
<p style="text-align: center"><span style="font-size: 24pt">CANDIDATURAS.</span></p>
<p style="text-align: center"><span style="font-size: 24pt">FECHA DE EXPOSICIÓN DEL PROYECTO.</span></p>
<p>&nbsp;</p>
<p><iframe loading="lazy" src="https://drive.google.com/file/d/1zm1m_M2XyatIGHMOfJz__QrZ7Ew4wiMY/preview" width="1000" height="480"></iframe></p>
[/et_pb_text][/et_pb_column][/et_pb_row][/et_pb_section]

<p>Comisión de selección &nbsp; CANDIDATURAS. FECHA DE EXPOSICIÓN DEL PROYECTO. &nbsp;</p>
