{"id":1251,"date":"2022-02-06T20:16:10","date_gmt":"2022-02-06T19:16:10","guid":{"rendered":"https:\/\/blogsaverroes.juntadeandalucia.es\/iesvcn\/?page_id=1251"},"modified":"2022-02-15T13:49:29","modified_gmt":"2022-02-15T12:49:29","slug":"historia-del-centro","status":"publish","type":"page","link":"https:\/\/blogsaverroes.juntadeandalucia.es\/iesvcn\/historia-del-centro\/","title":{"rendered":"Historia del centro"},"content":{"rendered":"\t\t<div data-elementor-type=\"wp-page\" data-elementor-id=\"1251\" class=\"elementor elementor-1251\">\n\t\t\t\t\t\t<section class=\"elementor-section elementor-top-section elementor-element elementor-element-8a81710 elementor-section-boxed elementor-section-height-default elementor-section-height-default\" data-id=\"8a81710\" data-element_type=\"section\">\n\t\t\t\t\t\t<div class=\"elementor-container elementor-column-gap-default\">\n\t\t\t\t\t<div class=\"elementor-column elementor-col-100 elementor-top-column elementor-element elementor-element-bb9505c\" data-id=\"bb9505c\" data-element_type=\"column\">\n\t\t\t<div class=\"elementor-widget-wrap elementor-element-populated\">\n\t\t\t\t\t\t<div class=\"elementor-element elementor-element-6cdcbeb elementor-widget elementor-widget-heading\" data-id=\"6cdcbeb\" data-element_type=\"widget\" data-widget_type=\"heading.default\">\n\t\t\t\t<div class=\"elementor-widget-container\">\n\t\t\t\t\t<h2 class=\"elementor-heading-title elementor-size-default\">Historia del IES Vicente N\u00fa\u00f1ez<\/h2>\t\t\t\t<\/div>\n\t\t\t\t<\/div>\n\t\t\t\t\t<\/div>\n\t\t<\/div>\n\t\t\t\t\t<\/div>\n\t\t<\/section>\n\t\t\t\t<section class=\"elementor-section elementor-top-section elementor-element elementor-element-b352c6c elementor-section-boxed elementor-section-height-default elementor-section-height-default\" data-id=\"b352c6c\" data-element_type=\"section\">\n\t\t\t\t\t\t<div class=\"elementor-container elementor-column-gap-default\">\n\t\t\t\t\t<div class=\"elementor-column elementor-col-100 elementor-top-column elementor-element elementor-element-1f986d8\" data-id=\"1f986d8\" data-element_type=\"column\">\n\t\t\t<div class=\"elementor-widget-wrap elementor-element-populated\">\n\t\t\t\t\t\t<div class=\"elementor-element elementor-element-b99e962 elementor-widget elementor-widget-heading\" data-id=\"b99e962\" data-element_type=\"widget\" data-widget_type=\"heading.default\">\n\t\t\t\t<div class=\"elementor-widget-container\">\n\t\t\t\t\t<h4 class=\"elementor-heading-title elementor-size-default\">Libro conmemorativo del 50 aniversario<\/h4>\t\t\t\t<\/div>\n\t\t\t\t<\/div>\n\t\t\t\t<div class=\"elementor-element elementor-element-eb6bf30 elementor-widget elementor-widget-shortcode\" data-id=\"eb6bf30\" data-element_type=\"widget\" data-widget_type=\"shortcode.default\">\n\t\t\t\t<div class=\"elementor-widget-container\">\n\t\t\t\t\t\t\t<div class=\"elementor-shortcode\"><div class=\"_3d-flip-book  fb3d-fullscreen-mode full-size\" data-id=\"1252\" data-mode=\"fullscreen\" data-title=\"false\" data-template=\"short-white-book-view\" data-lightbox=\"dark-shadow\" data-urlparam=\"fb3d-page\" data-page-n=\"0\" data-pdf=\"\" data-tax=\"null\" data-thumbnail=\"\" data-cols=\"3\" data-book-template=\"default\" data-trigger=\"\"><\/div><script type=\"text\/javascript\">window.FB3D_CLIENT_DATA = window.FB3D_CLIENT_DATA || [];FB3D_CLIENT_DATA.push('eyJwb3N0cyI6eyIxMjUyIjp7IklEIjoxMjUyLCJ0aXRsZSI6IkxpYnJvIDUwIGFcdTAwZjFvcyBJRVMgVmljZW50ZSBOXHUwMGZhXHUwMGYxZXoiLCJ0eXBlIjoicGRmIiwicmVhZHlfZnVuY3Rpb24iOiIiLCJib29rX3N0eWxlIjoidm9sdW1lIiwiYm9va190ZW1wbGF0ZSI6Im5vbmUiLCJvdXRsaW5lIjpbXSwiZGF0YSI6eyJwb3N0X0lEIjoiMTI1NCIsImd1aWQiOiJodHRwczpcL1wvYmxvZ3NhdmVycm9lcy5qdW50YWRlYW5kYWx1Y2lhLmVzXC9pZXN2Y25cL2ZpbGVzXC8yMDIyXC8wMlwvTElCUk8tNTAtQVx1MDBkMU9TLUlFUy1WSUNFTlRFLU5VXHUwMGQxRVpfY29tcHJpbWlkby5wZGYiLCJwZGZfcGFnZXMiOiIyOTIiLCJwYWdlc19jdXN0b21pemF0aW9uIjoibm9uZSJ9LCJ0aHVtYm5haWwiOnsiZGF0YSI6eyJwb3N0X0lEIjoiMCJ9LCJ0eXBlIjoiYXV0byJ9LCJwcm9wcyI6eyJoZWlnaHQiOiJhdXRvIiwid2lkdGgiOiJhdXRvIiwiZ3Jhdml0eSI6ImF1dG8iLCJjYWNoZWRQYWdlcyI6ImF1dG8iLCJyZW5kZXJJbmFjdGl2ZVBhZ2VzIjoiYXV0byIsInJlbmRlckluYWN0aXZlUGFnZXNPbk1vYmlsZSI6ImF1dG8iLCJyZW5kZXJXaGlsZUZsaXBwaW5nIjoiYXV0byIsInBhZ2VzRm9yUHJlZGljdGluZyI6ImF1dG8iLCJwcmVsb2FkUGFnZXMiOiJhdXRvIiwicnRsIjoiYXV0byIsInNoZWV0Ijp7InN0YXJ0VmVsb2NpdHkiOiJhdXRvIiwiY29ybmVyRGV2aWF0aW9uIjoiYXV0byIsImZsZXhpYmlsaXR5IjoiYXV0byIsImZsZXhpYmxlQ29ybmVyIjoiYXV0byIsImJlbmRpbmciOiJhdXRvIiwid2F2ZSI6ImF1dG8iLCJ3aWR0aFRleGVscyI6ImF1dG8iLCJoZWlnaHRUZXhlbHMiOiJhdXRvIiwiY29sb3IiOiJhdXRvIn0sImNvdmVyIjp7InN0YXJ0VmVsb2NpdHkiOiJhdXRvIiwiZmxleGliaWxpdHkiOiJhdXRvIiwiZmxleGlibGVDb3JuZXIiOiJhdXRvIiwiYmVuZGluZyI6ImF1dG8iLCJ3YXZlIjoiYXV0byIsIndpZHRoVGV4ZWxzIjoiYXV0byIsImhlaWdodFRleGVscyI6ImF1dG8iLCJjb2xvciI6ImF1dG8iLCJiaW5kZXJUZXh0dXJlIjoiYXV0byIsImRlcHRoIjoiYXV0byIsInBhZGRpbmciOiJhdXRvIiwibWFzcyI6ImF1dG8ifSwicGFnZSI6eyJzdGFydFZlbG9jaXR5IjoiYXV0byIsImZsZXhpYmlsaXR5IjoiYXV0byIsImZsZXhpYmxlQ29ybmVyIjoiYXV0byIsImJlbmRpbmciOiJhdXRvIiwid2F2ZSI6ImF1dG8iLCJ3aWR0aFRleGVscyI6ImF1dG8iLCJoZWlnaHRUZXhlbHMiOiJhdXRvIiwiY29sb3IiOiJhdXRvIiwiZGVwdGgiOiJhdXRvIiwibWFzcyI6ImF1dG8ifX0sImNvbnRyb2xQcm9wcyI6eyJhY3Rpb25zIjp7ImNtZFNhdmUiOnsiZW5hYmxlZCI6ImF1dG8ifSwiY21kUHJpbnQiOnsiZW5hYmxlZCI6ImF1dG8ifSwiY21kU2luZ2xlUGFnZSI6eyJlbmFibGVkIjoiYXV0byIsImFjdGl2ZSI6ImF1dG8ifX19LCJhdXRvVGh1bWJuYWlsIjpudWxsLCJwb3N0X25hbWUiOiJsaWJyby01MC1hbm9zLWllcy12aWNlbnRlLW51bmV6IiwicG9zdF90eXBlIjoiM2QtZmxpcC1ib29rIn19LCJwYWdlcyI6W10sImZpcnN0UGFnZXMiOltdfQ==');window.FB3D_CLIENT_LOCALE && FB3D_CLIENT_LOCALE.render && FB3D_CLIENT_LOCALE.render();<\/script><\/div>\n\t\t\t\t\t\t<\/div>\n\t\t\t\t<\/div>\n\t\t\t\t\t<\/div>\n\t\t<\/div>\n\t\t\t\t\t<\/div>\n\t\t<\/section>\n\t\t\t\t<section class=\"elementor-section elementor-top-section elementor-element elementor-element-2a0e7d4 elementor-section-boxed elementor-section-height-default elementor-section-height-default\" data-id=\"2a0e7d4\" data-element_type=\"section\">\n\t\t\t\t\t\t<div class=\"elementor-container elementor-column-gap-default\">\n\t\t\t\t\t<div class=\"elementor-column elementor-col-100 elementor-top-column elementor-element elementor-element-366dfaa\" data-id=\"366dfaa\" data-element_type=\"column\">\n\t\t\t<div class=\"elementor-widget-wrap elementor-element-populated\">\n\t\t\t\t\t\t<div class=\"elementor-element elementor-element-8006373 elementor-widget elementor-widget-image\" data-id=\"8006373\" data-element_type=\"widget\" data-widget_type=\"image.default\">\n\t\t\t\t<div class=\"elementor-widget-container\">\n\t\t\t\t\t\t\t\t\t\t\t\t\t\t\t<img fetchpriority=\"high\" decoding=\"async\" width=\"374\" height=\"135\" src=\"https:\/\/blogsaverroes.juntadeandalucia.es\/iesvcn\/files\/2022\/02\/descarga.jpg\" class=\"attachment-medium_large size-medium_large wp-image-1767\" alt=\"\" srcset=\"https:\/\/blogsaverroes.juntadeandalucia.es\/iesvcn\/files\/2022\/02\/descarga.jpg 374w, https:\/\/blogsaverroes.juntadeandalucia.es\/iesvcn\/files\/2022\/02\/descarga-300x108.jpg 300w\" sizes=\"(max-width: 374px) 100vw, 374px\" \/>\t\t\t\t\t\t\t\t\t\t\t\t\t\t\t<\/div>\n\t\t\t\t<\/div>\n\t\t\t\t\t<\/div>\n\t\t<\/div>\n\t\t\t\t\t<\/div>\n\t\t<\/section>\n\t\t\t\t<section class=\"elementor-section elementor-top-section elementor-element elementor-element-bed4f47 elementor-section-boxed elementor-section-height-default elementor-section-height-default\" data-id=\"bed4f47\" data-element_type=\"section\">\n\t\t\t\t\t\t<div class=\"elementor-container elementor-column-gap-default\">\n\t\t\t\t\t<div class=\"elementor-column elementor-col-100 elementor-top-column elementor-element elementor-element-9063395\" data-id=\"9063395\" data-element_type=\"column\">\n\t\t\t<div class=\"elementor-widget-wrap elementor-element-populated\">\n\t\t\t\t\t\t<div class=\"elementor-element elementor-element-1740127 elementor-widget elementor-widget-text-editor\" data-id=\"1740127\" data-element_type=\"widget\" data-widget_type=\"text-editor.default\">\n\t\t\t\t<div class=\"elementor-widget-container\">\n\t\t\t\t\t\t\t\t\t<p>El I.E.S. &#8220;Vicente N\u00fa\u00f1ez&#8221;, debe su denominaci\u00f3n al poeta aguilarense del mismo nombre. Vicente N\u00fa\u00f1ez naci\u00f3 en Aguilar de la Frontera\u00a0 en 1926. Estudia Derecho en la Universidad de Granada. A partir de 1951, comienzan a aparecer poemas suyos en revistas. Residi\u00f3 en M\u00e1laga algunos a\u00f1os, donde form\u00f3 parte del grupo redactor de Caracola y conoci\u00f3 a los poetas del grupo C\u00e1ntico. En esos a\u00f1os malague\u00f1os aparecen Eleg\u00eda a un amigo muerto (1954) y Los d\u00edas terrestres (1957). En 1960 vuelve definitivamente a Aguilar. Tras largos a\u00f1os de silencio, publica Poemas ancestrales y en 1982 Ocaso en Poley, con el que obtendr\u00eda el Premio Nacional de la Cr\u00edtica. En 1984 su pueblo natal le nombra Hijo Predilecto, y en ese mismo a\u00f1o aparecen sus Cinco ep\u00edstolas a los ipagrenses. En 1990 obtiene la Medalla de Plata de las Letras Andaluzas. Destaca su obra por la publicaci\u00f3n de numerosos sofismas. Falleci\u00f3 en Aguilar de la Frontera, C\u00f3rdoba, el 23 de junio de 2002. En la actualidad, Aguilar cuenta con La Fundaci\u00f3n Vicente N\u00fa\u00f1ez\u00a0 constituida con el objeto de procurar una divulgaci\u00f3n de la obra del poeta as\u00ed como crear un ambiente cultural id\u00f3neo para la promoci\u00f3n de la creaci\u00f3n art\u00edstica.<\/p>\t\t\t\t\t\t\t\t<\/div>\n\t\t\t\t<\/div>\n\t\t\t\t<div class=\"elementor-element elementor-element-697eea1 elementor-widget elementor-widget-image\" data-id=\"697eea1\" data-element_type=\"widget\" data-widget_type=\"image.default\">\n\t\t\t\t<div class=\"elementor-widget-container\">\n\t\t\t\t\t\t\t\t\t\t\t\t\t\t\t<img decoding=\"async\" width=\"768\" height=\"239\" src=\"https:\/\/blogsaverroes.juntadeandalucia.es\/iesvcn\/files\/2022\/02\/logo-historia-768x239.jpg\" class=\"attachment-medium_large size-medium_large wp-image-1412\" alt=\"\" srcset=\"https:\/\/blogsaverroes.juntadeandalucia.es\/iesvcn\/files\/2022\/02\/logo-historia-768x239.jpg 768w, https:\/\/blogsaverroes.juntadeandalucia.es\/iesvcn\/files\/2022\/02\/logo-historia-300x93.jpg 300w, https:\/\/blogsaverroes.juntadeandalucia.es\/iesvcn\/files\/2022\/02\/logo-historia.jpg 945w\" sizes=\"(max-width: 768px) 100vw, 768px\" \/>\t\t\t\t\t\t\t\t\t\t\t\t\t\t\t<\/div>\n\t\t\t\t<\/div>\n\t\t\t\t<div class=\"elementor-element elementor-element-943e5df elementor-widget elementor-widget-text-editor\" data-id=\"943e5df\" data-element_type=\"widget\" data-widget_type=\"text-editor.default\">\n\t\t\t\t<div class=\"elementor-widget-container\">\n\t\t\t\t\t\t\t\t\t<p>\u00a0<\/p><p><span style=\"font-family: Roboto, sans-serif;font-size: 18px;font-style: normal;font-weight: 400\">Nuestro IES Vicente N\u00fa\u00f1ez actual es el resultado de la fusi\u00f3n en el a\u00f1o 1996 de dos centros educativos vecinos existentes ya en la localidad: el denominado I.B. Vicente N\u00fa\u00f1ez y la Secci\u00f3n Delegada del I.F.P Emilio Canalejo de Montilla. A partir de esta fecha, se mantuvo la denominaci\u00f3n de Vicente N\u00fa\u00f1ez para el instituto. El edificio principal, el del antiguo I.B., en el que se encuentra la zona de administraci\u00f3n, es una construcci\u00f3n del a\u00f1o 1989 (sobre otra del a\u00f1o 1965), de la que se conserva a\u00fan una parte con aulas y seminarios en perfecto uso as\u00ed como la biblioteca. Este edificio de dos plantas alberga sala de profesores, sala de alumnos, conserjer\u00eda, aulas ordinarias, aula espec\u00edfica de educaci\u00f3n especial, aula de pl\u00e1stica, sal\u00f3n de actos, cafeter\u00eda, laboratorios, aula de inform\u00e1tica, departamentos, ascensor, secretar\u00eda y despachos de junta directiva. El edificio del antiguo I.F.P. fue sometido a reformas durante los meses de verano de 1996 y 2004. Su acceso se encuentra en la calle Alonso de Aguilar. En \u00e9l se encuentran el aula de m\u00fasica, aula de tecnolog\u00eda, aula y taller de automoci\u00f3n, aulas de los ciclos formativos de inform\u00e1tica y gesti\u00f3n administrativa, sala de profesores, conserjer\u00eda, despachos\u2026 En este edificio se imparte las ense\u00f1anzas de personas adultas. Es una construcci\u00f3n inicial del a\u00f1o 1978. Entre ambos edificios existen dos pistas polideportivas, la vivienda del conserje y el gimnasio, en el que se ubican el departamento de Educaci\u00f3n F\u00edsica, vestuarios y duchas.<\/span><\/p>\t\t\t\t\t\t\t\t<\/div>\n\t\t\t\t<\/div>\n\t\t\t\t\t<\/div>\n\t\t<\/div>\n\t\t\t\t\t<\/div>\n\t\t<\/section>\n\t\t\t\t<\/div>\n\t\t","protected":false},"excerpt":{"rendered":"<p>Historia del IES Vicente N\u00fa\u00f1ez Libro conmemorativo del 50 aniversario El I.E.S. &#8220;Vicente N\u00fa\u00f1ez&#8221;, debe su denominaci\u00f3n al poeta aguilarense del mismo nombre. Vicente N\u00fa\u00f1ez naci\u00f3 en Aguilar de la Frontera\u00a0 en 1926. Estudia Derecho en la Universidad de Granada.&#46;&#46;&#46;<\/p>\n","protected":false},"author":14415,"featured_media":0,"parent":0,"menu_order":0,"comment_status":"closed","ping_status":"closed","template":"","meta":{"ngg_post_thumbnail":0,"footnotes":""},"aioseo_notices":[],"_links":{"self":[{"href":"https:\/\/blogsaverroes.juntadeandalucia.es\/iesvcn\/wp-json\/wp\/v2\/pages\/1251"}],"collection":[{"href":"https:\/\/blogsaverroes.juntadeandalucia.es\/iesvcn\/wp-json\/wp\/v2\/pages"}],"about":[{"href":"https:\/\/blogsaverroes.juntadeandalucia.es\/iesvcn\/wp-json\/wp\/v2\/types\/page"}],"author":[{"embeddable":true,"href":"https:\/\/blogsaverroes.juntadeandalucia.es\/iesvcn\/wp-json\/wp\/v2\/users\/14415"}],"replies":[{"embeddable":true,"href":"https:\/\/blogsaverroes.juntadeandalucia.es\/iesvcn\/wp-json\/wp\/v2\/comments?post=1251"}],"version-history":[{"count":21,"href":"https:\/\/blogsaverroes.juntadeandalucia.es\/iesvcn\/wp-json\/wp\/v2\/pages\/1251\/revisions"}],"predecessor-version":[{"id":1770,"href":"https:\/\/blogsaverroes.juntadeandalucia.es\/iesvcn\/wp-json\/wp\/v2\/pages\/1251\/revisions\/1770"}],"wp:attachment":[{"href":"https:\/\/blogsaverroes.juntadeandalucia.es\/iesvcn\/wp-json\/wp\/v2\/media?parent=1251"}],"curies":[{"name":"wp","href":"https:\/\/api.w.org\/{rel}","templated":true}]}}