{"id":1467,"date":"2022-02-10T20:48:28","date_gmt":"2022-02-10T19:48:28","guid":{"rendered":"https:\/\/blogsaverroes.juntadeandalucia.es\/iesvcn\/?page_id=1467"},"modified":"2025-03-04T16:48:00","modified_gmt":"2025-03-04T15:48:00","slug":"alumnado-mediador","status":"publish","type":"page","link":"https:\/\/blogsaverroes.juntadeandalucia.es\/iesvcn\/alumnado-mediador\/","title":{"rendered":"Alumnado mediador"},"content":{"rendered":"\t\t<div data-elementor-type=\"wp-page\" data-elementor-id=\"1467\" class=\"elementor elementor-1467\">\n\t\t\t\t\t\t<section class=\"elementor-section elementor-top-section elementor-element elementor-element-a66a41e elementor-section-boxed elementor-section-height-default elementor-section-height-default\" data-id=\"a66a41e\" data-element_type=\"section\">\n\t\t\t\t\t\t<div class=\"elementor-container elementor-column-gap-default\">\n\t\t\t\t\t<div class=\"elementor-column elementor-col-100 elementor-top-column elementor-element elementor-element-89a2d70\" data-id=\"89a2d70\" data-element_type=\"column\">\n\t\t\t<div class=\"elementor-widget-wrap elementor-element-populated\">\n\t\t\t\t\t\t<div class=\"elementor-element elementor-element-b9f8392 elementor-widget elementor-widget-image\" data-id=\"b9f8392\" data-element_type=\"widget\" data-widget_type=\"image.default\">\n\t\t\t\t<div class=\"elementor-widget-container\">\n\t\t\t\t\t\t\t\t\t\t\t\t\t\t\t<img fetchpriority=\"high\" decoding=\"async\" width=\"1024\" height=\"1024\" src=\"https:\/\/blogsaverroes.juntadeandalucia.es\/iesvcn\/files\/2025\/03\/FOTITO-DE-MEDIACION-PARA-WEB-1024x1024.jpg\" class=\"attachment-large size-large wp-image-7219\" alt=\"\" srcset=\"https:\/\/blogsaverroes.juntadeandalucia.es\/iesvcn\/files\/2025\/03\/FOTITO-DE-MEDIACION-PARA-WEB-1024x1024.jpg 1024w, https:\/\/blogsaverroes.juntadeandalucia.es\/iesvcn\/files\/2025\/03\/FOTITO-DE-MEDIACION-PARA-WEB-300x300.jpg 300w, https:\/\/blogsaverroes.juntadeandalucia.es\/iesvcn\/files\/2025\/03\/FOTITO-DE-MEDIACION-PARA-WEB-150x150.jpg 150w, https:\/\/blogsaverroes.juntadeandalucia.es\/iesvcn\/files\/2025\/03\/FOTITO-DE-MEDIACION-PARA-WEB-768x768.jpg 768w, https:\/\/blogsaverroes.juntadeandalucia.es\/iesvcn\/files\/2025\/03\/FOTITO-DE-MEDIACION-PARA-WEB-80x80.jpg 80w, https:\/\/blogsaverroes.juntadeandalucia.es\/iesvcn\/files\/2025\/03\/FOTITO-DE-MEDIACION-PARA-WEB-320x320.jpg 320w, https:\/\/blogsaverroes.juntadeandalucia.es\/iesvcn\/files\/2025\/03\/FOTITO-DE-MEDIACION-PARA-WEB.jpg 1080w\" sizes=\"(max-width: 1024px) 100vw, 1024px\" \/>\t\t\t\t\t\t\t\t\t\t\t\t\t\t\t<\/div>\n\t\t\t\t<\/div>\n\t\t\t\t\t<\/div>\n\t\t<\/div>\n\t\t\t\t\t<\/div>\n\t\t<\/section>\n\t\t\t\t<section class=\"elementor-section elementor-top-section elementor-element elementor-element-faea8a9 elementor-section-boxed elementor-section-height-default elementor-section-height-default\" data-id=\"faea8a9\" data-element_type=\"section\">\n\t\t\t\t\t\t<div class=\"elementor-container elementor-column-gap-default\">\n\t\t\t\t\t<div class=\"elementor-column elementor-col-100 elementor-top-column elementor-element elementor-element-70188da\" data-id=\"70188da\" data-element_type=\"column\">\n\t\t\t<div class=\"elementor-widget-wrap elementor-element-populated\">\n\t\t\t\t\t\t<div class=\"elementor-element elementor-element-bc4ca86 elementor-widget elementor-widget-text-editor\" data-id=\"bc4ca86\" data-element_type=\"widget\" data-widget_type=\"text-editor.default\">\n\t\t\t\t<div class=\"elementor-widget-container\">\n\t\t\t\t\t\t\t\t\t<p style=\"margin: 0cm;text-align: justify\"><span style=\"color: #666666\">Desde hace a\u00f1os contamos con un<span class=\"apple-converted-space\">\u00a0<\/span><strong><span style=\"padding: 0cm;border: 1pt none windowtext\">Equipo de Mediaci\u00f3n Escolar<\/span><\/strong>, sobradamente formado y muy implicado en cada una de las intervenciones que realiza en nuestra comunidad educativa.<\/span><\/p><p style=\"margin: 0cm;text-align: justify\"><span style=\"color: #666666\">Este curso incorporamos a este<span class=\"apple-converted-space\">\u00a0<\/span><strong><span style=\"padding: 0cm;border: 1pt none windowtext\">Equipo de Mediaci\u00f3n<\/span><\/strong><span class=\"apple-converted-space\">\u00a0<\/span>a nuevo alumnado, que est\u00e1 a vuestro lado para aconsejaros, escucharos y solucionar los conflictos de manera pac\u00edfica y confidencial. <\/span><\/p><p style=\"margin: 0cm;text-align: justify\"><strong><span style=\"color: #666666;padding: 0cm;border: 1pt none windowtext\">Nuestro grupo de alumnas y alumnos mediadores est\u00e1 a tu disposici\u00f3n para ofrecerte compa\u00f1\u00eda, apoyo y\/o ayuda en situaciones dif\u00edciles.<\/span><\/strong><span class=\"apple-converted-space\"><span style=\"color: #666666\">\u00a0<\/span><\/span><span style=\"color: #666666\">Puedes ponerte en contacto con nosotros a trav\u00e9s de tu tutor\/a, Jefatura de Estudios o los propios\/as Mediadores\/as.<\/span><\/p><p style=\"margin: 0cm;text-align: justify\"><span style=\"color: #666666\">\u00a0<\/span><\/p><p>\u00a0<\/p><p style=\"margin: 0cm 0cm 12pt;text-align: center\" align=\"center\"><span style=\"color: #666666\">\u00a1TE ESPERAMOS!<\/span><\/p>\t\t\t\t\t\t\t\t<\/div>\n\t\t\t\t<\/div>\n\t\t\t\t\t<\/div>\n\t\t<\/div>\n\t\t\t\t\t<\/div>\n\t\t<\/section>\n\t\t\t\t<\/div>\n\t\t","protected":false},"excerpt":{"rendered":"<p>Desde hace a\u00f1os contamos con un\u00a0Equipo de Mediaci\u00f3n Escolar, sobradamente formado y muy implicado en cada una de las intervenciones que realiza en nuestra comunidad educativa. Este curso incorporamos a este\u00a0Equipo de Mediaci\u00f3n\u00a0a nuevo alumnado, que est\u00e1 a vuestro lado&#46;&#46;&#46;<\/p>\n","protected":false},"author":14415,"featured_media":0,"parent":0,"menu_order":0,"comment_status":"closed","ping_status":"closed","template":"","meta":{"ngg_post_thumbnail":0,"footnotes":""},"aioseo_notices":[],"_links":{"self":[{"href":"https:\/\/blogsaverroes.juntadeandalucia.es\/iesvcn\/wp-json\/wp\/v2\/pages\/1467"}],"collection":[{"href":"https:\/\/blogsaverroes.juntadeandalucia.es\/iesvcn\/wp-json\/wp\/v2\/pages"}],"about":[{"href":"https:\/\/blogsaverroes.juntadeandalucia.es\/iesvcn\/wp-json\/wp\/v2\/types\/page"}],"author":[{"embeddable":true,"href":"https:\/\/blogsaverroes.juntadeandalucia.es\/iesvcn\/wp-json\/wp\/v2\/users\/14415"}],"replies":[{"embeddable":true,"href":"https:\/\/blogsaverroes.juntadeandalucia.es\/iesvcn\/wp-json\/wp\/v2\/comments?post=1467"}],"version-history":[{"count":24,"href":"https:\/\/blogsaverroes.juntadeandalucia.es\/iesvcn\/wp-json\/wp\/v2\/pages\/1467\/revisions"}],"predecessor-version":[{"id":7222,"href":"https:\/\/blogsaverroes.juntadeandalucia.es\/iesvcn\/wp-json\/wp\/v2\/pages\/1467\/revisions\/7222"}],"wp:attachment":[{"href":"https:\/\/blogsaverroes.juntadeandalucia.es\/iesvcn\/wp-json\/wp\/v2\/media?parent=1467"}],"curies":[{"name":"wp","href":"https:\/\/api.w.org\/{rel}","templated":true}]}}

<div data-elementor-type="wp-page" data-elementor-id="1467" class="elementor elementor-1467">
						<section class="elementor-section elementor-top-section elementor-element elementor-element-a66a41e elementor-section-boxed elementor-section-height-default elementor-section-height-default" data-id="a66a41e" data-element_type="section">
						<div class="elementor-container elementor-column-gap-default">
					<div class="elementor-column elementor-col-100 elementor-top-column elementor-element elementor-element-89a2d70" data-id="89a2d70" data-element_type="column">
			<div class="elementor-widget-wrap elementor-element-populated">
						<div class="elementor-element elementor-element-b9f8392 elementor-widget elementor-widget-image" data-id="b9f8392" data-element_type="widget" data-widget_type="image.default">
				<div class="elementor-widget-container">
															<img fetchpriority="high" decoding="async" width="1024" height="1024" src="https://blogsaverroes.juntadeandalucia.es/iesvcn/files/2025/03/FOTITO-DE-MEDIACION-PARA-WEB-1024x1024.jpg" class="attachment-large size-large wp-image-7219" alt="" srcset="https://blogsaverroes.juntadeandalucia.es/iesvcn/files/2025/03/FOTITO-DE-MEDIACION-PARA-WEB-1024x1024.jpg 1024w, https://blogsaverroes.juntadeandalucia.es/iesvcn/files/2025/03/FOTITO-DE-MEDIACION-PARA-WEB-300x300.jpg 300w, https://blogsaverroes.juntadeandalucia.es/iesvcn/files/2025/03/FOTITO-DE-MEDIACION-PARA-WEB-150x150.jpg 150w, https://blogsaverroes.juntadeandalucia.es/iesvcn/files/2025/03/FOTITO-DE-MEDIACION-PARA-WEB-768x768.jpg 768w, https://blogsaverroes.juntadeandalucia.es/iesvcn/files/2025/03/FOTITO-DE-MEDIACION-PARA-WEB-80x80.jpg 80w, https://blogsaverroes.juntadeandalucia.es/iesvcn/files/2025/03/FOTITO-DE-MEDIACION-PARA-WEB-320x320.jpg 320w, https://blogsaverroes.juntadeandalucia.es/iesvcn/files/2025/03/FOTITO-DE-MEDIACION-PARA-WEB.jpg 1080w" sizes="(max-width: 1024px) 100vw, 1024px" />															</div>
				</div>
					</div>
		</div>
					</div>
		</section>
				<section class="elementor-section elementor-top-section elementor-element elementor-element-faea8a9 elementor-section-boxed elementor-section-height-default elementor-section-height-default" data-id="faea8a9" data-element_type="section">
						<div class="elementor-container elementor-column-gap-default">
					<div class="elementor-column elementor-col-100 elementor-top-column elementor-element elementor-element-70188da" data-id="70188da" data-element_type="column">
			<div class="elementor-widget-wrap elementor-element-populated">
						<div class="elementor-element elementor-element-bc4ca86 elementor-widget elementor-widget-text-editor" data-id="bc4ca86" data-element_type="widget" data-widget_type="text-editor.default">
				<div class="elementor-widget-container">
									<p style="margin: 0cm;text-align: justify"><span style="color: #666666">Desde hace años contamos con un<span class="apple-converted-space"> </span><strong><span style="padding: 0cm;border: 1pt none windowtext">Equipo de Mediación Escolar</span></strong>, sobradamente formado y muy implicado en cada una de las intervenciones que realiza en nuestra comunidad educativa.</span></p><p style="margin: 0cm;text-align: justify"><span style="color: #666666">Este curso incorporamos a este<span class="apple-converted-space"> </span><strong><span style="padding: 0cm;border: 1pt none windowtext">Equipo de Mediación</span></strong><span class="apple-converted-space"> </span>a nuevo alumnado, que está a vuestro lado para aconsejaros, escucharos y solucionar los conflictos de manera pacífica y confidencial. </span></p><p style="margin: 0cm;text-align: justify"><strong><span style="color: #666666;padding: 0cm;border: 1pt none windowtext">Nuestro grupo de alumnas y alumnos mediadores está a tu disposición para ofrecerte compañía, apoyo y/o ayuda en situaciones difíciles.</span></strong><span class="apple-converted-space"><span style="color: #666666"> </span></span><span style="color: #666666">Puedes ponerte en contacto con nosotros a través de tu tutor/a, Jefatura de Estudios o los propios/as Mediadores/as.</span></p><p style="margin: 0cm;text-align: justify"><span style="color: #666666"> </span></p><p> </p><p style="margin: 0cm 0cm 12pt;text-align: center" align="center"><span style="color: #666666">¡TE ESPERAMOS!</span></p>								</div>
				</div>
					</div>
		</div>
					</div>
		</section>
				</div>

<p>Desde hace años contamos con un Equipo de Mediación Escolar, sobradamente formado y muy implicado en cada una de las intervenciones que realiza en nuestra comunidad educativa. Este curso incorporamos a este Equipo de Mediación a nuevo alumnado, que está a vuestro lado&#46;&#46;&#46;</p>
