{"id":1723,"date":"2022-02-15T12:02:53","date_gmt":"2022-02-15T11:02:53","guid":{"rendered":"https:\/\/blogsaverroes.juntadeandalucia.es\/iesvcn\/?page_id=1723"},"modified":"2022-02-16T12:19:01","modified_gmt":"2022-02-16T11:19:01","slug":"usuario-idea","status":"publish","type":"page","link":"https:\/\/blogsaverroes.juntadeandalucia.es\/iesvcn\/usuario-idea\/","title":{"rendered":"Usuario iDea"},"content":{"rendered":"\t\t<div data-elementor-type=\"wp-page\" data-elementor-id=\"1723\" class=\"elementor elementor-1723\">\n\t\t\t\t\t\t<section class=\"elementor-section elementor-top-section elementor-element elementor-element-92ef6cf elementor-section-boxed elementor-section-height-default elementor-section-height-default\" data-id=\"92ef6cf\" data-element_type=\"section\">\n\t\t\t\t\t\t<div class=\"elementor-container elementor-column-gap-default\">\n\t\t\t\t\t<div class=\"elementor-column elementor-col-100 elementor-top-column elementor-element elementor-element-b0dfa98\" data-id=\"b0dfa98\" data-element_type=\"column\">\n\t\t\t<div class=\"elementor-widget-wrap elementor-element-populated\">\n\t\t\t\t\t\t<div class=\"elementor-element elementor-element-cdd929d elementor-widget elementor-widget-text-editor\" data-id=\"cdd929d\" data-element_type=\"widget\" data-widget_type=\"text-editor.default\">\n\t\t\t\t<div class=\"elementor-widget-container\">\n\t\t\t\t\t\t\t\t\t<p>El usuario IdEA es el<b> Identificador Educativo Andaluz<\/b> de acceso a Pasen y a cualquier aplicaci\u00f3n de la Consejer\u00eda de Educaci\u00f3n de la Junta de Andaluc\u00eda (Pasen, Moodle Centros, Google Suite&#8230;)<\/p><p><b>Generalmente<\/b>, el nombre de usuario IdEA est\u00e1 compuesto por la primera letra del nombre, las tres primeras letras del primer apellido, las tres primeras letras del segunda apellido y las tres \u00faltimas cifras del DNI.\u00a0<\/p><p>Por ejemplo: Mar\u00eda Teresa Garc\u00eda Ruiz, con DNI XX.XXX.839-X, tendr\u00eda como usuario IdEA\u00a0<b>mgarrui839.<\/b><\/p><p>Todos los miembros de la comunidad educativa (profesorado, alumnado y tutores legales) tienen su propio usuario IdEA.<\/p><p>Este usuario es enviado al m\u00f3vil por mensaje de texto tras completar el autorregistro en Pasen.\u00a0<\/p><p>\u00a0<\/p>\t\t\t\t\t\t\t\t<\/div>\n\t\t\t\t<\/div>\n\t\t\t\t\t<\/div>\n\t\t<\/div>\n\t\t\t\t\t<\/div>\n\t\t<\/section>\n\t\t\t\t<\/div>\n\t\t","protected":false},"excerpt":{"rendered":"<p>El usuario IdEA es el Identificador Educativo Andaluz de acceso a Pasen y a cualquier aplicaci\u00f3n de la Consejer\u00eda de Educaci\u00f3n de la Junta de Andaluc\u00eda (Pasen, Moodle Centros, Google Suite&#8230;) Generalmente, el nombre de usuario IdEA est\u00e1 compuesto por&#46;&#46;&#46;<\/p>\n","protected":false},"author":14454,"featured_media":0,"parent":0,"menu_order":0,"comment_status":"closed","ping_status":"closed","template":"","meta":{"ngg_post_thumbnail":0,"footnotes":""},"aioseo_notices":[],"_links":{"self":[{"href":"https:\/\/blogsaverroes.juntadeandalucia.es\/iesvcn\/wp-json\/wp\/v2\/pages\/1723"}],"collection":[{"href":"https:\/\/blogsaverroes.juntadeandalucia.es\/iesvcn\/wp-json\/wp\/v2\/pages"}],"about":[{"href":"https:\/\/blogsaverroes.juntadeandalucia.es\/iesvcn\/wp-json\/wp\/v2\/types\/page"}],"author":[{"embeddable":true,"href":"https:\/\/blogsaverroes.juntadeandalucia.es\/iesvcn\/wp-json\/wp\/v2\/users\/14454"}],"replies":[{"embeddable":true,"href":"https:\/\/blogsaverroes.juntadeandalucia.es\/iesvcn\/wp-json\/wp\/v2\/comments?post=1723"}],"version-history":[{"count":21,"href":"https:\/\/blogsaverroes.juntadeandalucia.es\/iesvcn\/wp-json\/wp\/v2\/pages\/1723\/revisions"}],"predecessor-version":[{"id":1987,"href":"https:\/\/blogsaverroes.juntadeandalucia.es\/iesvcn\/wp-json\/wp\/v2\/pages\/1723\/revisions\/1987"}],"wp:attachment":[{"href":"https:\/\/blogsaverroes.juntadeandalucia.es\/iesvcn\/wp-json\/wp\/v2\/media?parent=1723"}],"curies":[{"name":"wp","href":"https:\/\/api.w.org\/{rel}","templated":true}]}}