{"id":2130,"date":"2022-02-17T11:00:00","date_gmt":"2022-02-17T10:00:00","guid":{"rendered":"https:\/\/blogsaverroes.juntadeandalucia.es\/iesvcn\/?page_id=2130"},"modified":"2026-01-08T10:23:43","modified_gmt":"2026-01-08T09:23:43","slug":"dibujo","status":"publish","type":"page","link":"https:\/\/blogsaverroes.juntadeandalucia.es\/iesvcn\/dibujo\/","title":{"rendered":"Dibujo"},"content":{"rendered":"\t\t<div data-elementor-type=\"wp-page\" data-elementor-id=\"2130\" class=\"elementor elementor-2130\">\n\t\t\t\t\t\t<section class=\"elementor-section elementor-top-section elementor-element elementor-element-1b9a540 elementor-section-boxed elementor-section-height-default elementor-section-height-default\" data-id=\"1b9a540\" data-element_type=\"section\">\n\t\t\t\t\t\t<div class=\"elementor-container elementor-column-gap-default\">\n\t\t\t\t\t<div class=\"elementor-column elementor-col-100 elementor-top-column elementor-element elementor-element-36e55aa\" data-id=\"36e55aa\" data-element_type=\"column\">\n\t\t\t<div class=\"elementor-widget-wrap elementor-element-populated\">\n\t\t\t\t\t\t<div class=\"elementor-element elementor-element-5280496 elementor-widget elementor-widget-heading\" data-id=\"5280496\" data-element_type=\"widget\" data-widget_type=\"heading.default\">\n\t\t\t\t<div class=\"elementor-widget-container\">\n\t\t\t\t\t<h2 class=\"elementor-heading-title elementor-size-default\">Asignaturas<\/h2>\t\t\t\t<\/div>\n\t\t\t\t<\/div>\n\t\t\t\t<div class=\"elementor-element elementor-element-0646d2a elementor-widget elementor-widget-text-editor\" data-id=\"0646d2a\" data-element_type=\"widget\" data-widget_type=\"text-editor.default\">\n\t\t\t\t<div class=\"elementor-widget-container\">\n\t\t\t\t\t\t\t\t\t<ul><li>Educaci\u00f3n Pl\u00e1stica, Visual y Audiovisual de 1\u00ba y 3\u00ba de la ESO.<\/li><li>Expresi\u00f3n Art\u00edstica de 4\u00ba de la ESO.<\/li><li>Dibujo T\u00e9cnico de 4\u00ba de la ESO.<\/li><li>Dibujo T\u00e9cnico de 1\u00ba y 2\u00ba de Bachillerato.<\/li><\/ul>\t\t\t\t\t\t\t\t<\/div>\n\t\t\t\t<\/div>\n\t\t\t\t\t<\/div>\n\t\t<\/div>\n\t\t\t\t\t<\/div>\n\t\t<\/section>\n\t\t\t\t<section class=\"elementor-section elementor-top-section elementor-element elementor-element-4626b19 elementor-section-boxed elementor-section-height-default elementor-section-height-default\" data-id=\"4626b19\" data-element_type=\"section\">\n\t\t\t\t\t\t<div class=\"elementor-container elementor-column-gap-default\">\n\t\t\t\t\t<div class=\"elementor-column elementor-col-100 elementor-top-column elementor-element elementor-element-59ef0dd\" data-id=\"59ef0dd\" data-element_type=\"column\">\n\t\t\t<div class=\"elementor-widget-wrap elementor-element-populated\">\n\t\t\t\t\t\t<div class=\"elementor-element elementor-element-906598d elementor-widget elementor-widget-heading\" data-id=\"906598d\" data-element_type=\"widget\" data-widget_type=\"heading.default\">\n\t\t\t\t<div class=\"elementor-widget-container\">\n\t\t\t\t\t<h2 class=\"elementor-heading-title elementor-size-default\">Jefe de departamento<\/h2>\t\t\t\t<\/div>\n\t\t\t\t<\/div>\n\t\t\t\t<div class=\"elementor-element elementor-element-528b236 elementor-widget elementor-widget-text-editor\" data-id=\"528b236\" data-element_type=\"widget\" data-widget_type=\"text-editor.default\">\n\t\t\t\t<div class=\"elementor-widget-container\">\n\t\t\t\t\t\t\t\t\t<p>Francisco Jos\u00e9 Hidalgo Espejo<\/p>\t\t\t\t\t\t\t\t<\/div>\n\t\t\t\t<\/div>\n\t\t\t\t\t<\/div>\n\t\t<\/div>\n\t\t\t\t\t<\/div>\n\t\t<\/section>\n\t\t\t\t<section class=\"elementor-section elementor-top-section elementor-element elementor-element-cd31bf8 elementor-section-boxed elementor-section-height-default elementor-section-height-default\" data-id=\"cd31bf8\" data-element_type=\"section\">\n\t\t\t\t\t\t<div class=\"elementor-container elementor-column-gap-default\">\n\t\t\t\t\t<div class=\"elementor-column elementor-col-100 elementor-top-column elementor-element elementor-element-4a1dcde\" data-id=\"4a1dcde\" data-element_type=\"column\">\n\t\t\t<div class=\"elementor-widget-wrap elementor-element-populated\">\n\t\t\t\t\t\t<div class=\"elementor-element elementor-element-6fa6360 elementor-widget elementor-widget-heading\" data-id=\"6fa6360\" data-element_type=\"widget\" data-widget_type=\"heading.default\">\n\t\t\t\t<div class=\"elementor-widget-container\">\n\t\t\t\t\t<h2 class=\"elementor-heading-title elementor-size-default\">Profesores<\/h2>\t\t\t\t<\/div>\n\t\t\t\t<\/div>\n\t\t\t\t<div class=\"elementor-element elementor-element-5aa07f0 elementor-widget elementor-widget-text-editor\" data-id=\"5aa07f0\" data-element_type=\"widget\" data-widget_type=\"text-editor.default\">\n\t\t\t\t<div class=\"elementor-widget-container\">\n\t\t\t\t\t\t\t\t\t<p><span style=\"font-family: Roboto, sans-serif;font-size: 18px;font-style: normal;font-weight: 400\">Francisco Jos\u00e9 Hidalgo Espejo<\/span><\/p>\t\t\t\t\t\t\t\t<\/div>\n\t\t\t\t<\/div>\n\t\t\t\t\t<\/div>\n\t\t<\/div>\n\t\t\t\t\t<\/div>\n\t\t<\/section>\n\t\t\t\t<section class=\"elementor-section elementor-top-section elementor-element elementor-element-f1c5ed8 elementor-section-boxed elementor-section-height-default elementor-section-height-default\" data-id=\"f1c5ed8\" data-element_type=\"section\">\n\t\t\t\t\t\t<div class=\"elementor-container elementor-column-gap-default\">\n\t\t\t\t\t<div class=\"elementor-column elementor-col-100 elementor-top-column elementor-element elementor-element-8313c43\" data-id=\"8313c43\" data-element_type=\"column\">\n\t\t\t<div class=\"elementor-widget-wrap elementor-element-populated\">\n\t\t\t\t\t\t<div class=\"elementor-element elementor-element-f58404f elementor-widget elementor-widget-heading\" data-id=\"f58404f\" data-element_type=\"widget\" data-widget_type=\"heading.default\">\n\t\t\t\t<div class=\"elementor-widget-container\">\n\t\t\t\t\t<h2 class=\"elementor-heading-title elementor-size-default\">Breve descripci\u00f3n de las asignaturas<\/h2>\t\t\t\t<\/div>\n\t\t\t\t<\/div>\n\t\t\t\t<div class=\"elementor-element elementor-element-f4d2ada elementor-widget elementor-widget-text-editor\" data-id=\"f4d2ada\" data-element_type=\"widget\" data-widget_type=\"text-editor.default\">\n\t\t\t\t<div class=\"elementor-widget-container\">\n\t\t\t\t\t\t\t\t\t<p><strong>Educaci\u00f3n Pl\u00e1stica, Visual y Audiovisual \u2013 1\u00ba de ESO<\/strong><br \/>Asignatura introductoria centrada en el desarrollo de la creatividad, el manejo b\u00e1sico de t\u00e9cnicas pl\u00e1sticas (dibujo, pintura, collage, modelado) y la comprensi\u00f3n inicial de las im\u00e1genes y los medios audiovisuales. Se trabajan conceptos b\u00e1sicos de forma, color y composici\u00f3n.<br \/><strong>Educaci\u00f3n Pl\u00e1stica, Visual y Audiovisual \u2013 3\u00ba de ESO<\/strong><br \/>Profundiza en el lenguaje visual y audiovisual, incorporando t\u00e9cnicas m\u00e1s complejas de representaci\u00f3n y creaci\u00f3n. Se exploran la composici\u00f3n, la perspectiva, la fotograf\u00eda, el v\u00eddeo y la edici\u00f3n b\u00e1sica, adem\u00e1s de estrategias de comunicaci\u00f3n visual.<br \/><strong>Expresi\u00f3n Art\u00edstica \u2013 4\u00ba de ESO<\/strong><br \/>Asignatura orientada a experimentar con distintas formas de expresi\u00f3n y creaci\u00f3n art\u00edstica: artes pl\u00e1sticas, m\u00fasica, esc\u00e9nicas y audiovisuales. Potencia la creatividad, el trabajo por proyectos y la reflexi\u00f3n sobre el papel del arte en la sociedad.<br \/><strong>Dibujo T\u00e9cnico \u2013 4\u00ba de ESO<\/strong><br \/>Introducci\u00f3n al lenguaje del dibujo t\u00e9cnico como herramienta de representaci\u00f3n objetiva. Se trabajan conceptos como proyecciones, vistas, acotaci\u00f3n, figuras geom\u00e9tricas y procedimientos b\u00e1sicos que permiten comprender y comunicar formas de manera precisa.<br \/><strong>Dibujo T\u00e9cnico I \u2013 1\u00ba de Bachillerato<\/strong><br \/>Profundizaci\u00f3n en el dibujo t\u00e9cnico como sistema riguroso de representaci\u00f3n. Incluye geometr\u00eda m\u00e9trica, transformaciones, tangencias, normalizaci\u00f3n, proyecciones di\u00e9drica y axonom\u00e9trica, y resoluci\u00f3n gr\u00e1fica de problemas espaciales.<br \/><strong>Dibujo T\u00e9cnico II \u2013 2\u00ba de Bachillerato<\/strong><br \/>Nivel avanzado orientado a la resoluci\u00f3n precisa y completa de problemas geom\u00e9tricos y de representaci\u00f3n espacial. Se perfeccionan la di\u00e9drica, la axonom\u00e9trica, las tangencias, los enlaces, las intersecciones y el uso de normas t\u00e9cnicas, preparando para estudios t\u00e9cnicos y art\u00edsticos superiores.<\/p>\t\t\t\t\t\t\t\t<\/div>\n\t\t\t\t<\/div>\n\t\t\t\t\t<\/div>\n\t\t<\/div>\n\t\t\t\t\t<\/div>\n\t\t<\/section>\n\t\t\t\t<section class=\"elementor-section elementor-top-section elementor-element elementor-element-23212a6 elementor-section-boxed elementor-section-height-default elementor-section-height-default\" data-id=\"23212a6\" data-element_type=\"section\">\n\t\t\t\t\t\t<div class=\"elementor-container elementor-column-gap-default\">\n\t\t\t\t\t<div class=\"elementor-column elementor-col-100 elementor-top-column elementor-element elementor-element-90c749f\" data-id=\"90c749f\" data-element_type=\"column\">\n\t\t\t<div class=\"elementor-widget-wrap elementor-element-populated\">\n\t\t\t\t\t\t<div class=\"elementor-element elementor-element-4f53c3f elementor-widget elementor-widget-heading\" data-id=\"4f53c3f\" data-element_type=\"widget\" data-widget_type=\"heading.default\">\n\t\t\t\t<div class=\"elementor-widget-container\">\n\t\t\t\t\t<h2 class=\"elementor-heading-title elementor-size-default\">Libros de texto utilizados<\/h2>\t\t\t\t<\/div>\n\t\t\t\t<\/div>\n\t\t\t\t<div class=\"elementor-element elementor-element-3b1d257 elementor-widget elementor-widget-text-editor\" data-id=\"3b1d257\" data-element_type=\"widget\" data-widget_type=\"text-editor.default\">\n\t\t\t\t<div class=\"elementor-widget-container\">\n\t\t\t\t\t\t\t\t\t<ul><li>Educaci\u00f3n Pl\u00e1stica Visual y Audiovisual 1\u00ba ESO. Revuela. 9788413928524<\/li><li>Educaci\u00f3n Pl\u00e1stica, Visual y Audiovisual 3\u00ba ESO. Revuela. 9788413928777<\/li><li>Expresi\u00f3n Art\u00edstica. 4 ESO. Revuela. 9788498561357<\/li><li>Dibujo t\u00e9cnico I. 1\u00ba Bachillerato. Savia. 8467576596<\/li><li>Dibujo t\u00e9cnico II. 2\u00ba Bachillerato. Savia. 8467587202<\/li><\/ul>\t\t\t\t\t\t\t\t<\/div>\n\t\t\t\t<\/div>\n\t\t\t\t\t<\/div>\n\t\t<\/div>\n\t\t\t\t\t<\/div>\n\t\t<\/section>\n\t\t\t\t<section class=\"elementor-section elementor-top-section elementor-element elementor-element-c1c239f elementor-section-boxed elementor-section-height-default elementor-section-height-default\" data-id=\"c1c239f\" data-element_type=\"section\">\n\t\t\t\t\t\t<div class=\"elementor-container elementor-column-gap-default\">\n\t\t\t\t\t<div class=\"elementor-column elementor-col-100 elementor-top-column elementor-element elementor-element-7b97ff7\" data-id=\"7b97ff7\" data-element_type=\"column\">\n\t\t\t<div class=\"elementor-widget-wrap elementor-element-populated\">\n\t\t\t\t\t\t<div class=\"elementor-element elementor-element-b1eb48a elementor-widget elementor-widget-heading\" data-id=\"b1eb48a\" data-element_type=\"widget\" data-widget_type=\"heading.default\">\n\t\t\t\t<div class=\"elementor-widget-container\">\n\t\t\t\t\t<h2 class=\"elementor-heading-title elementor-size-default\">ACTIVIDADES DESTACABLES<\/h2>\t\t\t\t<\/div>\n\t\t\t\t<\/div>\n\t\t\t\t<div class=\"elementor-element elementor-element-91c91a7 elementor-widget elementor-widget-text-editor\" data-id=\"91c91a7\" data-element_type=\"widget\" data-widget_type=\"text-editor.default\">\n\t\t\t\t<div class=\"elementor-widget-container\">\n\t\t\t\t\t\t\t\t\t<ul><li><strong>EPVA 1\u00ba ESO<\/strong>: Construcci\u00f3n de tangram. Dise\u00f1o de azulejo nazar\u00ed. Retrato animal mediante pol\u00edgonos irregulares y regulares. Dise\u00f1o de pol\u00edgono estrellado. Dise\u00f1o de m\u00f3dulo y respectiva red modular. L\u00e1mina poes\u00eda ilustrada. Trabajar con obras de VICENTE N\u00da\u00d1EZ.<\/li><li><strong>EPVA 3\u00ba ESO<\/strong>: Tarea retrato de artistas a color. Retratos usando complementarios o gamas de color fr\u00edas o c\u00e1lidas. Tarea retrato de mujeres artistas con texturas gr\u00e1ficas y color. Tarea, historia del arte, imagen de obra arte famosa ilustrada. Realizar tabla peri\u00f3dica de la Historia del Arte. Dise\u00f1o de m\u00f3dulo y respectiva red modular inspirada en la obra de Escher. Tarea ilustraci\u00f3n de portada de libro.<\/li><li><strong>Expresi\u00f3n Art\u00edstica 4\u00ba ESO<\/strong>: Proyecto Tabla peri\u00f3dica de los per\u00edodos de la historia del arte. Tarea. Dise\u00f1o de logotipo. Tarea. Dise\u00f1o de portada de libro. Tarea. Dise\u00f1o del envase de un perfume y de su embalaje o caja contenedora. Tarea. Retro fotograf\u00eda local.<\/li><li><strong>Dibujo T\u00e9cnico 4\u00ba ESO<\/strong>: Dise\u00f1o del plano de una vivienda sencilla, incluyendo distribuci\u00f3n de espacios y acotaci\u00f3n. Creaci\u00f3n de una pieza mec\u00e1nica en 3 vistas (alzado, planta y perfil). Dibujo de un objeto cotidiano real (una llave, un tornillo, un cubo Rubik).<\/li><li><strong>Dibujo T\u00e9cnico 1\u00ba Bachillerato<\/strong>: Dibujo de perspectivas axonom\u00e9tricas (isom\u00e9trica y caballera) de peque\u00f1os objetos. Interpretaci\u00f3n y acotaci\u00f3n de croquis hechos a mano. Dise\u00f1o de un objeto simple (por ejemplo, un llavero, una pieza para impresi\u00f3n 3D o un peque\u00f1o soporte) en distintas vistas. Reproducci\u00f3n de objetos reales a escala mediante medici\u00f3n directa. Creaci\u00f3n de un peque\u00f1o plano arquitect\u00f3nico (una habitaci\u00f3n o estudio).<\/li><li><strong>Dibujo T\u00e9cnico 2\u00ba Bachillerato<\/strong>: Plano arquitect\u00f3nico detallado de una vivienda peque\u00f1a. Proyecto de mobiliario: dise\u00f1o de un mueble (mesa, estanter\u00eda, silla). Representaci\u00f3n di\u00e9drica y en axonometr\u00eda de un objeto t\u00e9cnico real. Estudio de una estructura (puente simple, torre, p\u00e9rgola). Redise\u00f1o de un producto cotidiano.<\/li><\/ul>\t\t\t\t\t\t\t\t<\/div>\n\t\t\t\t<\/div>\n\t\t\t\t\t<\/div>\n\t\t<\/div>\n\t\t\t\t\t<\/div>\n\t\t<\/section>\n\t\t\t\t<section class=\"elementor-section elementor-top-section elementor-element elementor-element-d1dbea0 elementor-section-boxed elementor-section-height-default elementor-section-height-default\" data-id=\"d1dbea0\" data-element_type=\"section\">\n\t\t\t\t\t\t<div class=\"elementor-container elementor-column-gap-default\">\n\t\t\t\t\t<div class=\"elementor-column elementor-col-100 elementor-top-column elementor-element elementor-element-ad8dce7\" data-id=\"ad8dce7\" data-element_type=\"column\">\n\t\t\t<div class=\"elementor-widget-wrap elementor-element-populated\">\n\t\t\t\t\t\t<div class=\"elementor-element elementor-element-f3dba1e elementor-widget elementor-widget-heading\" data-id=\"f3dba1e\" data-element_type=\"widget\" data-widget_type=\"heading.default\">\n\t\t\t\t<div class=\"elementor-widget-container\">\n\t\t\t\t\t<h2 class=\"elementor-heading-title elementor-size-default\">OTRAS ACTIVIDADES<\/h2>\t\t\t\t<\/div>\n\t\t\t\t<\/div>\n\t\t\t\t<div class=\"elementor-element elementor-element-3ee80eb elementor-widget elementor-widget-text-editor\" data-id=\"3ee80eb\" data-element_type=\"widget\" data-widget_type=\"text-editor.default\">\n\t\t\t\t<div class=\"elementor-widget-container\">\n\t\t\t\t\t\t\t\t\t<p>Realizaci\u00f3n de juegos en pistas del recreo, como la rayuela, diana o tableros de ajedrez o damas.<\/p><p>Realizaci\u00f3n de decorado para escenas teatrales.<\/p><p>Realizaci\u00f3n de murales en pasillos o exteriores del centro.<\/p><p>Visitas a museos, exposiciones y lugares culturales.<\/p><p>Concursos de pintura, dibujo, carteles, fotograf\u00eda y m\u00e1s.<\/p><p>Salidas para conocer y representar el entorno cultural y paisaj\u00edstico de la localidad.<\/p>\t\t\t\t\t\t\t\t<\/div>\n\t\t\t\t<\/div>\n\t\t\t\t\t<\/div>\n\t\t<\/div>\n\t\t\t\t\t<\/div>\n\t\t<\/section>\n\t\t\t\t<section class=\"elementor-section elementor-top-section elementor-element elementor-element-bfadcf9 elementor-section-boxed elementor-section-height-default elementor-section-height-default\" data-id=\"bfadcf9\" data-element_type=\"section\">\n\t\t\t\t\t\t<div class=\"elementor-container elementor-column-gap-default\">\n\t\t\t\t\t<div class=\"elementor-column elementor-col-100 elementor-top-column elementor-element elementor-element-533c394\" data-id=\"533c394\" data-element_type=\"column\">\n\t\t\t<div class=\"elementor-widget-wrap elementor-element-populated\">\n\t\t\t\t\t\t<div class=\"elementor-element elementor-element-5455d6f elementor-widget elementor-widget-heading\" data-id=\"5455d6f\" data-element_type=\"widget\" data-widget_type=\"heading.default\">\n\t\t\t\t<div class=\"elementor-widget-container\">\n\t\t\t\t\t<h2 class=\"elementor-heading-title elementor-size-default\">INF\u00d3RMATE M\u00c1S<\/h2>\t\t\t\t<\/div>\n\t\t\t\t<\/div>\n\t\t\t\t<div class=\"elementor-element elementor-element-fd60f33 elementor-widget elementor-widget-text-editor\" data-id=\"fd60f33\" data-element_type=\"widget\" data-widget_type=\"text-editor.default\">\n\t\t\t\t<div class=\"elementor-widget-container\">\n\t\t\t\t\t\t\t\t\t<p><a href=\"https:\/\/docs.google.com\/presentation\/d\/1zmx1IT1kDA3QHkfyuBW1WDck2jmyt7aaQ-0dq1Dntv8\/edit?usp=sharing\">Presentaci\u00f3n departamento de dibujo<\/a><\/p>\t\t\t\t\t\t\t\t<\/div>\n\t\t\t\t<\/div>\n\t\t\t\t\t<\/div>\n\t\t<\/div>\n\t\t\t\t\t<\/div>\n\t\t<\/section>\n\t\t\t\t<section class=\"elementor-section elementor-top-section elementor-element elementor-element-e0a5334 elementor-section-boxed elementor-section-height-default elementor-section-height-default\" data-id=\"e0a5334\" data-element_type=\"section\">\n\t\t\t\t\t\t<div class=\"elementor-container elementor-column-gap-default\">\n\t\t\t\t\t<div class=\"elementor-column elementor-col-100 elementor-top-column elementor-element elementor-element-1cc0e08\" data-id=\"1cc0e08\" data-element_type=\"column\">\n\t\t\t<div class=\"elementor-widget-wrap elementor-element-populated\">\n\t\t\t\t\t\t<div class=\"elementor-element elementor-element-cf42e35 elementor-widget elementor-widget-heading\" data-id=\"cf42e35\" data-element_type=\"widget\" data-widget_type=\"heading.default\">\n\t\t\t\t<div class=\"elementor-widget-container\">\n\t\t\t\t\t<h2 class=\"elementor-heading-title elementor-size-default\">ENLACES DE INTER\u00c9S<\/h2>\t\t\t\t<\/div>\n\t\t\t\t<\/div>\n\t\t\t\t<div class=\"elementor-element elementor-element-ddef104 elementor-widget elementor-widget-text-editor\" data-id=\"ddef104\" data-element_type=\"widget\" data-widget_type=\"text-editor.default\">\n\t\t\t\t<div class=\"elementor-widget-container\">\n\t\t\t\t\t\t\t\t\t<p><a href=\"https:\/\/www.uhu.es\/guillermo.ortega\/adicional.html\">https:\/\/www.uhu.es\/guillermo.ortega\/adicional.html<\/a><\/p><p><a href=\"https:\/\/www.educacionplastica.net\/\">https:\/\/www.educacionplastica.net\/<\/a><\/p><p><a href=\"https:\/\/educacionplasticayvisual.com\/\">https:\/\/educacionplasticayvisual.com\/<\/a><\/p><p><a href=\"https:\/\/www.mongge.com\/es\/\">https:\/\/www.mongge.com\/es\/<\/a><\/p><p><a href=\"https:\/\/www.10endibujo.com\/\">https:\/\/www.10endibujo.com\/<\/a><\/p><p><a href=\"https:\/\/historia-arte.com\/\">https:\/\/historia-arte.com\/<\/a><\/p>\t\t\t\t\t\t\t\t<\/div>\n\t\t\t\t<\/div>\n\t\t\t\t\t<\/div>\n\t\t<\/div>\n\t\t\t\t\t<\/div>\n\t\t<\/section>\n\t\t\t\t<\/div>\n\t\t","protected":false},"excerpt":{"rendered":"<p>Asignaturas Educaci\u00f3n Pl\u00e1stica, Visual y Audiovisual de 1\u00ba y 3\u00ba de la ESO. Expresi\u00f3n Art\u00edstica de 4\u00ba de la ESO. Dibujo T\u00e9cnico de 4\u00ba de la ESO. Dibujo T\u00e9cnico de 1\u00ba y 2\u00ba de Bachillerato. Jefe de departamento Francisco Jos\u00e9&#46;&#46;&#46;<\/p>\n","protected":false},"author":14415,"featured_media":0,"parent":0,"menu_order":0,"comment_status":"closed","ping_status":"closed","template":"","meta":{"ngg_post_thumbnail":0,"footnotes":""},"aioseo_notices":[],"_links":{"self":[{"href":"https:\/\/blogsaverroes.juntadeandalucia.es\/iesvcn\/wp-json\/wp\/v2\/pages\/2130"}],"collection":[{"href":"https:\/\/blogsaverroes.juntadeandalucia.es\/iesvcn\/wp-json\/wp\/v2\/pages"}],"about":[{"href":"https:\/\/blogsaverroes.juntadeandalucia.es\/iesvcn\/wp-json\/wp\/v2\/types\/page"}],"author":[{"embeddable":true,"href":"https:\/\/blogsaverroes.juntadeandalucia.es\/iesvcn\/wp-json\/wp\/v2\/users\/14415"}],"replies":[{"embeddable":true,"href":"https:\/\/blogsaverroes.juntadeandalucia.es\/iesvcn\/wp-json\/wp\/v2\/comments?post=2130"}],"version-history":[{"count":4,"href":"https:\/\/blogsaverroes.juntadeandalucia.es\/iesvcn\/wp-json\/wp\/v2\/pages\/2130\/revisions"}],"predecessor-version":[{"id":7857,"href":"https:\/\/blogsaverroes.juntadeandalucia.es\/iesvcn\/wp-json\/wp\/v2\/pages\/2130\/revisions\/7857"}],"wp:attachment":[{"href":"https:\/\/blogsaverroes.juntadeandalucia.es\/iesvcn\/wp-json\/wp\/v2\/media?parent=2130"}],"curies":[{"name":"wp","href":"https:\/\/api.w.org\/{rel}","templated":true}]}}