{"id":2138,"date":"2022-02-17T11:01:14","date_gmt":"2022-02-17T10:01:14","guid":{"rendered":"https:\/\/blogsaverroes.juntadeandalucia.es\/iesvcn\/?page_id=2138"},"modified":"2025-09-11T12:19:42","modified_gmt":"2025-09-11T11:19:42","slug":"panaderia","status":"publish","type":"page","link":"https:\/\/blogsaverroes.juntadeandalucia.es\/iesvcn\/panaderia\/","title":{"rendered":"Panader\u00eda"},"content":{"rendered":"\t\t<div data-elementor-type=\"wp-page\" data-elementor-id=\"2138\" class=\"elementor elementor-2138\">\n\t\t\t\t\t\t<section class=\"elementor-section elementor-top-section elementor-element elementor-element-5d532bc elementor-section-boxed elementor-section-height-default elementor-section-height-default\" data-id=\"5d532bc\" data-element_type=\"section\">\n\t\t\t\t\t\t<div class=\"elementor-container elementor-column-gap-default\">\n\t\t\t\t\t<div class=\"elementor-column elementor-col-100 elementor-top-column elementor-element elementor-element-34a38d2\" data-id=\"34a38d2\" data-element_type=\"column\">\n\t\t\t<div class=\"elementor-widget-wrap elementor-element-populated\">\n\t\t\t\t\t\t<div class=\"elementor-element elementor-element-569227e elementor-widget elementor-widget-heading\" data-id=\"569227e\" data-element_type=\"widget\" data-widget_type=\"heading.default\">\n\t\t\t\t<div class=\"elementor-widget-container\">\n\t\t\t\t\t<h2 class=\"elementor-heading-title elementor-size-default\">Asignaturas<\/h2>\t\t\t\t<\/div>\n\t\t\t\t<\/div>\n\t\t\t\t\t<\/div>\n\t\t<\/div>\n\t\t\t\t\t<\/div>\n\t\t<\/section>\n\t\t\t\t<section class=\"elementor-section elementor-top-section elementor-element elementor-element-3214833 elementor-section-boxed elementor-section-height-default elementor-section-height-default\" data-id=\"3214833\" data-element_type=\"section\">\n\t\t\t\t\t\t<div class=\"elementor-container elementor-column-gap-default\">\n\t\t\t\t\t<div class=\"elementor-column elementor-col-100 elementor-top-column elementor-element elementor-element-db47858\" data-id=\"db47858\" data-element_type=\"column\">\n\t\t\t<div class=\"elementor-widget-wrap elementor-element-populated\">\n\t\t\t\t\t\t<div class=\"elementor-element elementor-element-190c5cb elementor-widget elementor-widget-text-editor\" data-id=\"190c5cb\" data-element_type=\"widget\" data-widget_type=\"text-editor.default\">\n\t\t\t\t<div class=\"elementor-widget-container\">\n\t\t\t\t\t\t\t\t\t<p><strong>M\u00f3dulos profesionales 1\u00ba:<\/strong><br \/>Elaboraciones de panader\u00eda y boller\u00eda<br \/>Procesos b\u00e1sicos de pasteler\u00eda<br \/>Materias primas<br \/>Seguridad e higiene en la manipulaci\u00f3n de alimentos.<br \/>Operaciones y control de almac\u00e9n en la Industria alimentaria<br \/>Itinerario personal para la empleabilidad I<br \/>Sostenibilidad aplicada al sector productivo<br \/>Formaci\u00f3n en empresas<\/p><p><br \/><strong>M\u00f3dulos profesionales 2\u00ba:<\/strong><br \/>Postres en restauraci\u00f3n.<br \/>Productos de obrador.<br \/>Elaboraciones de confiter\u00eda y otras especialidades.<br \/>Presentaci\u00f3n y venta de productos de obrador.<br \/>Itinerario personal para la empleabilidad II<br \/>Ingl\u00e9s profesional<br \/>Optativa<br \/>Proyecto intermodular.<br \/>Formaci\u00f3n en empresas<\/p>\t\t\t\t\t\t\t\t<\/div>\n\t\t\t\t<\/div>\n\t\t\t\t\t<\/div>\n\t\t<\/div>\n\t\t\t\t\t<\/div>\n\t\t<\/section>\n\t\t\t\t<section class=\"elementor-section elementor-top-section elementor-element elementor-element-b38aae9 elementor-section-boxed elementor-section-height-default elementor-section-height-default\" data-id=\"b38aae9\" data-element_type=\"section\">\n\t\t\t\t\t\t<div class=\"elementor-container elementor-column-gap-default\">\n\t\t\t\t\t<div class=\"elementor-column elementor-col-100 elementor-top-column elementor-element elementor-element-ae5e9d7\" data-id=\"ae5e9d7\" data-element_type=\"column\">\n\t\t\t<div class=\"elementor-widget-wrap elementor-element-populated\">\n\t\t\t\t\t\t<div class=\"elementor-element elementor-element-c5bf462 elementor-widget elementor-widget-heading\" data-id=\"c5bf462\" data-element_type=\"widget\" data-widget_type=\"heading.default\">\n\t\t\t\t<div class=\"elementor-widget-container\">\n\t\t\t\t\t<h2 class=\"elementor-heading-title elementor-size-default\">Jefatura Departamento<\/h2>\t\t\t\t<\/div>\n\t\t\t\t<\/div>\n\t\t\t\t<div class=\"elementor-element elementor-element-46ab45e elementor-widget elementor-widget-text-editor\" data-id=\"46ab45e\" data-element_type=\"widget\" data-widget_type=\"text-editor.default\">\n\t\t\t\t<div class=\"elementor-widget-container\">\n\t\t\t\t\t\t\t\t\t<p style=\"text-align: left\">M\u00aa Jos\u00e9 Monta\u00f1o Garc\u00eda<\/p>\t\t\t\t\t\t\t\t<\/div>\n\t\t\t\t<\/div>\n\t\t\t\t\t<\/div>\n\t\t<\/div>\n\t\t\t\t\t<\/div>\n\t\t<\/section>\n\t\t\t\t<section class=\"elementor-section elementor-top-section elementor-element elementor-element-0588e84 elementor-section-boxed elementor-section-height-default elementor-section-height-default\" data-id=\"0588e84\" data-element_type=\"section\">\n\t\t\t\t\t\t<div class=\"elementor-container elementor-column-gap-default\">\n\t\t\t\t\t<div class=\"elementor-column elementor-col-100 elementor-top-column elementor-element elementor-element-77cb6c2\" data-id=\"77cb6c2\" data-element_type=\"column\">\n\t\t\t<div class=\"elementor-widget-wrap elementor-element-populated\">\n\t\t\t\t\t\t<div class=\"elementor-element elementor-element-484d9bb elementor-widget elementor-widget-heading\" data-id=\"484d9bb\" data-element_type=\"widget\" data-widget_type=\"heading.default\">\n\t\t\t\t<div class=\"elementor-widget-container\">\n\t\t\t\t\t<h2 class=\"elementor-heading-title elementor-size-default\">Profesoras<\/h2>\t\t\t\t<\/div>\n\t\t\t\t<\/div>\n\t\t\t\t<div class=\"elementor-element elementor-element-f4a7dc8 elementor-widget elementor-widget-text-editor\" data-id=\"f4a7dc8\" data-element_type=\"widget\" data-widget_type=\"text-editor.default\">\n\t\t\t\t<div class=\"elementor-widget-container\">\n\t\t\t\t\t\t\t\t\t<p>M\u00aa Jos\u00e9 Monta\u00f1o Garc\u00eda<br \/>M\u00aa Teresa P\u00e1rraga Mendoza<\/p>\t\t\t\t\t\t\t\t<\/div>\n\t\t\t\t<\/div>\n\t\t\t\t\t<\/div>\n\t\t<\/div>\n\t\t\t\t\t<\/div>\n\t\t<\/section>\n\t\t\t\t<section class=\"elementor-section elementor-top-section elementor-element elementor-element-f8940b1 elementor-section-boxed elementor-section-height-default elementor-section-height-default\" data-id=\"f8940b1\" data-element_type=\"section\">\n\t\t\t\t\t\t<div class=\"elementor-container elementor-column-gap-default\">\n\t\t\t\t\t<div class=\"elementor-column elementor-col-100 elementor-top-column elementor-element elementor-element-b6c40b9\" data-id=\"b6c40b9\" data-element_type=\"column\">\n\t\t\t<div class=\"elementor-widget-wrap elementor-element-populated\">\n\t\t\t\t\t\t<div class=\"elementor-element elementor-element-2910461 elementor-widget elementor-widget-heading\" data-id=\"2910461\" data-element_type=\"widget\" data-widget_type=\"heading.default\">\n\t\t\t\t<div class=\"elementor-widget-container\">\n\t\t\t\t\t<h2 class=\"elementor-heading-title elementor-size-default\">Actividades destacables<\/h2>\t\t\t\t<\/div>\n\t\t\t\t<\/div>\n\t\t\t\t<div class=\"elementor-element elementor-element-79b15ee elementor-widget elementor-widget-text-editor\" data-id=\"79b15ee\" data-element_type=\"widget\" data-widget_type=\"text-editor.default\">\n\t\t\t\t<div class=\"elementor-widget-container\">\n\t\t\t\t\t\t\t\t\t<p>El ciclo de panader\u00eda, reposter\u00eda y confiter\u00eda participa todos los a\u00f1os con un stand en el sal\u00f3n del estudiante de Lucena donde se publicita dicho ciclo con elaboraciones realizadas por el alumnado del ciclo y donde se ofrece informaci\u00f3n detallada y asesoramiento sobre el plan de estudios del ciclo formativo y las salidas profesionales que ofrece.<br \/><a href=\"https:\/\/www.instagram.com\/reel\/DGNqLlxoND0\/?igsh=MXFtNXV6czZvcGxzbg==\">https:\/\/www.instagram.com\/reel\/DGNqLlxoND0\/?igsh=MXFtNXV6czZvcGxzbg==<\/a><\/p>\t\t\t\t\t\t\t\t<\/div>\n\t\t\t\t<\/div>\n\t\t\t\t\t<\/div>\n\t\t<\/div>\n\t\t\t\t\t<\/div>\n\t\t<\/section>\n\t\t\t\t<section class=\"elementor-section elementor-top-section elementor-element elementor-element-326f35f elementor-section-boxed elementor-section-height-default elementor-section-height-default\" data-id=\"326f35f\" data-element_type=\"section\">\n\t\t\t\t\t\t<div class=\"elementor-container elementor-column-gap-default\">\n\t\t\t\t\t<div class=\"elementor-column elementor-col-100 elementor-top-column elementor-element elementor-element-053df6c\" data-id=\"053df6c\" data-element_type=\"column\">\n\t\t\t<div class=\"elementor-widget-wrap elementor-element-populated\">\n\t\t\t\t\t\t<div class=\"elementor-element elementor-element-b8c1bb0 elementor-widget elementor-widget-heading\" data-id=\"b8c1bb0\" data-element_type=\"widget\" data-widget_type=\"heading.default\">\n\t\t\t\t<div class=\"elementor-widget-container\">\n\t\t\t\t\t<h2 class=\"elementor-heading-title elementor-size-default\">Otras actividades<\/h2>\t\t\t\t<\/div>\n\t\t\t\t<\/div>\n\t\t\t\t<div class=\"elementor-element elementor-element-ae7ea77 elementor-widget elementor-widget-text-editor\" data-id=\"ae7ea77\" data-element_type=\"widget\" data-widget_type=\"text-editor.default\">\n\t\t\t\t<div class=\"elementor-widget-container\">\n\t\t\t\t\t\t\t\t\t<p>Incluir enlace al muro del blog de Vicente N\u00fa\u00f1ez. Aqu\u00ed no es necesario incluir nada m\u00e1s, el enlace se crear\u00e1 en la elaboraci\u00f3n de la P\u00e1gina del Departamento. Estas actividades se actualizar\u00e1n al ir publicando en el blog.<br \/>(Se podr\u00edan realizar al menos 1 publicaci\u00f3n al trimestre por Dpto. en el muro del blog de Vicente N\u00fa\u00f1ez y dem\u00e1s redes sociales. Para ello, enviar a Ana Moyano o Jes\u00fas P\u00e9rez la siguiente informaci\u00f3n: &#8211; T\u00edtulo de la actividad, &#8211; Breve descripci\u00f3n y &#8211; Fotos, eligiendo una de ellas como destacable)<\/p>\t\t\t\t\t\t\t\t<\/div>\n\t\t\t\t<\/div>\n\t\t\t\t\t<\/div>\n\t\t<\/div>\n\t\t\t\t\t<\/div>\n\t\t<\/section>\n\t\t\t\t<section class=\"elementor-section elementor-top-section elementor-element elementor-element-0322061 elementor-section-boxed elementor-section-height-default elementor-section-height-default\" data-id=\"0322061\" data-element_type=\"section\">\n\t\t\t\t\t\t<div class=\"elementor-container elementor-column-gap-default\">\n\t\t\t\t\t<div class=\"elementor-column elementor-col-100 elementor-top-column elementor-element elementor-element-551097c\" data-id=\"551097c\" data-element_type=\"column\">\n\t\t\t<div class=\"elementor-widget-wrap elementor-element-populated\">\n\t\t\t\t\t\t<div class=\"elementor-element elementor-element-8143f7a elementor-widget elementor-widget-heading\" data-id=\"8143f7a\" data-element_type=\"widget\" data-widget_type=\"heading.default\">\n\t\t\t\t<div class=\"elementor-widget-container\">\n\t\t\t\t\t<h2 class=\"elementor-heading-title elementor-size-default\">INF\u00d3RMATE M\u00c1S<\/h2>\t\t\t\t<\/div>\n\t\t\t\t<\/div>\n\t\t\t\t<div class=\"elementor-element elementor-element-9d66d01 elementor-widget elementor-widget-text-editor\" data-id=\"9d66d01\" data-element_type=\"widget\" data-widget_type=\"text-editor.default\">\n\t\t\t\t<div class=\"elementor-widget-container\">\n\t\t\t\t\t\t\t\t\t<p><a href=\"https:\/\/www.canva.com\/design\/DAGnZyOOy7Y\/nUPhMieGK0wdblMOSHMK_A\/edit?utm_content=DAGnZyOOy7Y&amp;utm_campaign=designshare&amp;utm_medium=link2&amp;utm_source=sharebutton\">https:\/\/www.canva.com\/design\/DAGnZyOOy7Y\/nUPhMieGK0wdblMOSHMK_A\/edit?utm_content=DAGnZyOOy7Y&amp;utm_campaign=designshare&amp;utm_medium=link2&amp;utm_source=sharebutton<\/a><\/p><p><a href=\"https:\/\/www.canva.com\/design\/DAGngHvR_XQ\/OXtuergw70FeniMjLLnMGw\/edit?utm_content=DAGngHvR_XQ&amp;utm_campaign=designshare&amp;utm_medium=link2&amp;utm_source=sharebutton\">https:\/\/www.canva.com\/design\/DAGngHvR_XQ\/OXtuergw70FeniMjLLnMGw\/edit?utm_content=DAGngHvR_XQ&amp;utm_campaign=designshare&amp;utm_medium=link2&amp;utm_source=sharebutton<\/a><\/p>\t\t\t\t\t\t\t\t<\/div>\n\t\t\t\t<\/div>\n\t\t\t\t\t<\/div>\n\t\t<\/div>\n\t\t\t\t\t<\/div>\n\t\t<\/section>\n\t\t\t\t<\/div>\n\t\t","protected":false},"excerpt":{"rendered":"<p>Asignaturas M\u00f3dulos profesionales 1\u00ba:Elaboraciones de panader\u00eda y boller\u00edaProcesos b\u00e1sicos de pasteler\u00edaMaterias primasSeguridad e higiene en la manipulaci\u00f3n de alimentos.Operaciones y control de almac\u00e9n en la Industria alimentariaItinerario personal para la empleabilidad ISostenibilidad aplicada al sector productivoFormaci\u00f3n en empresas M\u00f3dulos profesionales&#46;&#46;&#46;<\/p>\n","protected":false},"author":14415,"featured_media":0,"parent":0,"menu_order":0,"comment_status":"closed","ping_status":"closed","template":"","meta":{"ngg_post_thumbnail":0,"footnotes":""},"aioseo_notices":[],"_links":{"self":[{"href":"https:\/\/blogsaverroes.juntadeandalucia.es\/iesvcn\/wp-json\/wp\/v2\/pages\/2138"}],"collection":[{"href":"https:\/\/blogsaverroes.juntadeandalucia.es\/iesvcn\/wp-json\/wp\/v2\/pages"}],"about":[{"href":"https:\/\/blogsaverroes.juntadeandalucia.es\/iesvcn\/wp-json\/wp\/v2\/types\/page"}],"author":[{"embeddable":true,"href":"https:\/\/blogsaverroes.juntadeandalucia.es\/iesvcn\/wp-json\/wp\/v2\/users\/14415"}],"replies":[{"embeddable":true,"href":"https:\/\/blogsaverroes.juntadeandalucia.es\/iesvcn\/wp-json\/wp\/v2\/comments?post=2138"}],"version-history":[{"count":4,"href":"https:\/\/blogsaverroes.juntadeandalucia.es\/iesvcn\/wp-json\/wp\/v2\/pages\/2138\/revisions"}],"predecessor-version":[{"id":7554,"href":"https:\/\/blogsaverroes.juntadeandalucia.es\/iesvcn\/wp-json\/wp\/v2\/pages\/2138\/revisions\/7554"}],"wp:attachment":[{"href":"https:\/\/blogsaverroes.juntadeandalucia.es\/iesvcn\/wp-json\/wp\/v2\/media?parent=2138"}],"curies":[{"name":"wp","href":"https:\/\/api.w.org\/{rel}","templated":true}]}}