{"id":2313,"date":"2022-02-17T14:00:25","date_gmt":"2022-02-17T13:00:25","guid":{"rendered":"https:\/\/blogsaverroes.juntadeandalucia.es\/iesvcn\/?page_id=2313"},"modified":"2022-02-17T14:01:57","modified_gmt":"2022-02-17T13:01:57","slug":"que-es-moodle-centros","status":"publish","type":"page","link":"https:\/\/blogsaverroes.juntadeandalucia.es\/iesvcn\/que-es-moodle-centros\/","title":{"rendered":"\u00bfQu\u00e9 es Moodle Centros?"},"content":{"rendered":"\t\t<div data-elementor-type=\"wp-page\" data-elementor-id=\"2313\" class=\"elementor elementor-2313\">\n\t\t\t\t\t\t<section class=\"elementor-section elementor-top-section elementor-element elementor-element-eced7b1 elementor-section-boxed elementor-section-height-default elementor-section-height-default\" data-id=\"eced7b1\" data-element_type=\"section\">\n\t\t\t\t\t\t<div class=\"elementor-container elementor-column-gap-default\">\n\t\t\t\t\t<div class=\"elementor-column elementor-col-33 elementor-top-column elementor-element elementor-element-ceb0af4\" data-id=\"ceb0af4\" data-element_type=\"column\">\n\t\t\t<div class=\"elementor-widget-wrap elementor-element-populated\">\n\t\t\t\t\t\t<div class=\"elementor-element elementor-element-d75d02d elementor-widget elementor-widget-image\" data-id=\"d75d02d\" data-element_type=\"widget\" data-widget_type=\"image.default\">\n\t\t\t\t<div class=\"elementor-widget-container\">\n\t\t\t\t\t\t\t\t\t\t\t\t\t\t\t<img decoding=\"async\" width=\"250\" height=\"101\" src=\"https:\/\/blogsaverroes.juntadeandalucia.es\/iesvcn\/files\/2022\/02\/logo_moodle_centros_4A_21_22.png\" class=\"attachment-1536x1536 size-1536x1536 wp-image-1274\" alt=\"\" \/>\t\t\t\t\t\t\t\t\t\t\t\t\t\t\t<\/div>\n\t\t\t\t<\/div>\n\t\t\t\t\t<\/div>\n\t\t<\/div>\n\t\t\t\t<div class=\"elementor-column elementor-col-66 elementor-top-column elementor-element elementor-element-749b8ea\" data-id=\"749b8ea\" data-element_type=\"column\">\n\t\t\t<div class=\"elementor-widget-wrap elementor-element-populated\">\n\t\t\t\t\t\t<div class=\"elementor-element elementor-element-7e29b60 elementor-widget elementor-widget-text-editor\" data-id=\"7e29b60\" data-element_type=\"widget\" data-widget_type=\"text-editor.default\">\n\t\t\t\t<div class=\"elementor-widget-container\">\n\t\t\t\t\t\t\t\t\t<p>Moodle es una plataforma para la gesti\u00f3n del aprendizaje a distancia, lo que se conoce tambi\u00e9n<br>como Aula Virtual o LMS, acr\u00f3nimo de Learning Management System (sistema de gesti\u00f3n de<br>aprendizaje).<br>Moodle es Software Libre y gratuito y no necesitas instalar nada en tu ordenador para acceder a la<br>plataforma, basta cualquier navegador web (Firefox, Explorer, Chrome, Safari,&#8230;).<br>Moodle permite a tus profesores y profesoras compartir recursos educativos contigo (im\u00e1genes,<br>v\u00eddeos, enlaces, presentaciones, actividades interactivas, apuntes,\u2026). adem\u00e1s de proponer<br>actividades y tareas que pueden ser evaluadas y calificadas.<br>A trav\u00e9s de la plataforma tambi\u00e9n puedes comunicarte con el resto del grupo y con el profesorado,<br>utilizando las distintas herramientas que tienes en el Aula Virtual: videoconferencia, foros, chat y mensajer\u00eda.<\/p><p>Tanto el profesorado como el alumnado puede acceder a su espacio con su credenciales<\/p><p>IdEA (la misma que se usa para entrar en S\u00e9neca y Pasen).<\/p>\n<p><\/p>\t\t\t\t\t\t\t\t<\/div>\n\t\t\t\t<\/div>\n\t\t\t\t\t<\/div>\n\t\t<\/div>\n\t\t\t\t\t<\/div>\n\t\t<\/section>\n\t\t\t\t<\/div>\n\t\t","protected":false},"excerpt":{"rendered":"<p>Moodle es una plataforma para la gesti\u00f3n del aprendizaje a distancia, lo que se conoce tambi\u00e9ncomo Aula Virtual o LMS, acr\u00f3nimo de Learning Management System (sistema de gesti\u00f3n deaprendizaje).Moodle es Software Libre y gratuito y no necesitas instalar nada en&#46;&#46;&#46;<\/p>\n","protected":false},"author":14415,"featured_media":0,"parent":0,"menu_order":0,"comment_status":"closed","ping_status":"closed","template":"","meta":{"ngg_post_thumbnail":0,"footnotes":""},"aioseo_notices":[],"_links":{"self":[{"href":"https:\/\/blogsaverroes.juntadeandalucia.es\/iesvcn\/wp-json\/wp\/v2\/pages\/2313"}],"collection":[{"href":"https:\/\/blogsaverroes.juntadeandalucia.es\/iesvcn\/wp-json\/wp\/v2\/pages"}],"about":[{"href":"https:\/\/blogsaverroes.juntadeandalucia.es\/iesvcn\/wp-json\/wp\/v2\/types\/page"}],"author":[{"embeddable":true,"href":"https:\/\/blogsaverroes.juntadeandalucia.es\/iesvcn\/wp-json\/wp\/v2\/users\/14415"}],"replies":[{"embeddable":true,"href":"https:\/\/blogsaverroes.juntadeandalucia.es\/iesvcn\/wp-json\/wp\/v2\/comments?post=2313"}],"version-history":[{"count":3,"href":"https:\/\/blogsaverroes.juntadeandalucia.es\/iesvcn\/wp-json\/wp\/v2\/pages\/2313\/revisions"}],"predecessor-version":[{"id":2316,"href":"https:\/\/blogsaverroes.juntadeandalucia.es\/iesvcn\/wp-json\/wp\/v2\/pages\/2313\/revisions\/2316"}],"wp:attachment":[{"href":"https:\/\/blogsaverroes.juntadeandalucia.es\/iesvcn\/wp-json\/wp\/v2\/media?parent=2313"}],"curies":[{"name":"wp","href":"https:\/\/api.w.org\/{rel}","templated":true}]}}