{"id":7398,"date":"2025-04-24T08:48:58","date_gmt":"2025-04-24T07:48:58","guid":{"rendered":"https:\/\/blogsaverroes.juntadeandalucia.es\/iesvcn\/?page_id=7398"},"modified":"2025-04-24T09:19:55","modified_gmt":"2025-04-24T08:19:55","slug":"departamento-de-musica","status":"publish","type":"page","link":"https:\/\/blogsaverroes.juntadeandalucia.es\/iesvcn\/departamento-de-musica\/","title":{"rendered":"Departamento de m\u00fasica"},"content":{"rendered":"\t\t<div data-elementor-type=\"wp-page\" data-elementor-id=\"7398\" class=\"elementor elementor-7398\">\n\t\t\t\t\t\t<section class=\"elementor-section elementor-top-section elementor-element elementor-element-f3529b2 elementor-section-boxed elementor-section-height-default elementor-section-height-default\" data-id=\"f3529b2\" data-element_type=\"section\">\n\t\t\t\t\t\t<div class=\"elementor-container elementor-column-gap-default\">\n\t\t\t\t\t<div class=\"elementor-column elementor-col-100 elementor-top-column elementor-element elementor-element-c2be16e\" data-id=\"c2be16e\" data-element_type=\"column\">\n\t\t\t<div class=\"elementor-widget-wrap elementor-element-populated\">\n\t\t\t\t\t\t<div class=\"elementor-element elementor-element-cbf01f0 elementor-widget elementor-widget-heading\" data-id=\"cbf01f0\" data-element_type=\"widget\" data-widget_type=\"heading.default\">\n\t\t\t\t<div class=\"elementor-widget-container\">\n\t\t\t\t\t<h2 class=\"elementor-heading-title elementor-size-default\">Asignaturas<\/h2>\t\t\t\t<\/div>\n\t\t\t\t<\/div>\n\t\t\t\t<div class=\"elementor-element elementor-element-4820880 elementor-widget elementor-widget-text-editor\" data-id=\"4820880\" data-element_type=\"widget\" data-widget_type=\"text-editor.default\">\n\t\t\t\t<div class=\"elementor-widget-container\">\n\t\t\t\t\t\t\t\t\t<table style=\"border-collapse: collapse;width: 100%\"><tbody><tr><td style=\"width: 50%\" rowspan=\"2\">1\u00ba ESO<\/td><td style=\"width: 50%\">M\u00fasica<\/td><\/tr><tr><td style=\"width: 50%\">Taller de Radio (optativa)<\/td><\/tr><tr><td style=\"width: 50%\">2\u00ba ESO<\/td><td style=\"width: 50%\">M\u00fasica<\/td><\/tr><tr><td style=\"width: 50%\" rowspan=\"2\">4\u00ba ESO<\/td><td style=\"width: 50%\">M\u00fasica (optativa)<\/td><\/tr><tr><td style=\"width: 50%\">Taller de Radio (optativa)<\/td><\/tr><\/tbody><\/table>\t\t\t\t\t\t\t\t<\/div>\n\t\t\t\t<\/div>\n\t\t\t\t\t<\/div>\n\t\t<\/div>\n\t\t\t\t\t<\/div>\n\t\t<\/section>\n\t\t\t\t<section class=\"elementor-section elementor-top-section elementor-element elementor-element-2254a20 elementor-section-boxed elementor-section-height-default elementor-section-height-default\" data-id=\"2254a20\" data-element_type=\"section\">\n\t\t\t\t\t\t<div class=\"elementor-container elementor-column-gap-default\">\n\t\t\t\t\t<div class=\"elementor-column elementor-col-100 elementor-top-column elementor-element elementor-element-4b78ecb\" data-id=\"4b78ecb\" data-element_type=\"column\">\n\t\t\t<div class=\"elementor-widget-wrap elementor-element-populated\">\n\t\t\t\t\t\t<div class=\"elementor-element elementor-element-e81bd09 elementor-widget elementor-widget-heading\" data-id=\"e81bd09\" data-element_type=\"widget\" data-widget_type=\"heading.default\">\n\t\t\t\t<div class=\"elementor-widget-container\">\n\t\t\t\t\t<h2 class=\"elementor-heading-title elementor-size-default\">Profesora y jefa de departamento<\/h2>\t\t\t\t<\/div>\n\t\t\t\t<\/div>\n\t\t\t\t<div class=\"elementor-element elementor-element-0cbbc55 elementor-widget elementor-widget-text-editor\" data-id=\"0cbbc55\" data-element_type=\"widget\" data-widget_type=\"text-editor.default\">\n\t\t\t\t<div class=\"elementor-widget-container\">\n\t\t\t\t\t\t\t\t\t<p><b>Nuria Reyes Polo<\/b><\/p>\t\t\t\t\t\t\t\t<\/div>\n\t\t\t\t<\/div>\n\t\t\t\t\t<\/div>\n\t\t<\/div>\n\t\t\t\t\t<\/div>\n\t\t<\/section>\n\t\t\t\t<section class=\"elementor-section elementor-top-section elementor-element elementor-element-d64e9bc elementor-section-boxed elementor-section-height-default elementor-section-height-default\" data-id=\"d64e9bc\" data-element_type=\"section\">\n\t\t\t\t\t\t<div class=\"elementor-container elementor-column-gap-default\">\n\t\t\t\t\t<div class=\"elementor-column elementor-col-100 elementor-top-column elementor-element elementor-element-abf4c48\" data-id=\"abf4c48\" data-element_type=\"column\">\n\t\t\t<div class=\"elementor-widget-wrap elementor-element-populated\">\n\t\t\t\t\t\t<div class=\"elementor-element elementor-element-ef1f2d9 elementor-widget elementor-widget-heading\" data-id=\"ef1f2d9\" data-element_type=\"widget\" data-widget_type=\"heading.default\">\n\t\t\t\t<div class=\"elementor-widget-container\">\n\t\t\t\t\t<h2 class=\"elementor-heading-title elementor-size-default\">Breve descripci\u00f3n de la asignatura<\/h2>\t\t\t\t<\/div>\n\t\t\t\t<\/div>\n\t\t\t\t<div class=\"elementor-element elementor-element-729805a elementor-widget elementor-widget-text-editor\" data-id=\"729805a\" data-element_type=\"widget\" data-widget_type=\"text-editor.default\">\n\t\t\t\t<div class=\"elementor-widget-container\">\n\t\t\t\t\t\t\t\t\t<p>La asignatura de M\u00fasica en Secundaria tiene como objetivo principal fomentar el desarrollo de las capacidades art\u00edsticas, expresivas y creativas de los estudiantes a trav\u00e9s del conocimiento, la pr\u00e1ctica y la valoraci\u00f3n de la m\u00fasica. <br \/>Ofrece a los alumnos una formaci\u00f3n que les permita disfrutar, crear y comprender la m\u00fasica desde una perspectiva amplia y enriquecedora, prepar\u00e1ndolos para apreciar la m\u00fasica en su contexto cultural y desarrollar habilidades musicales.<\/p>\t\t\t\t\t\t\t\t<\/div>\n\t\t\t\t<\/div>\n\t\t\t\t<div class=\"elementor-element elementor-element-7b3af4b elementor-widget elementor-widget-heading\" data-id=\"7b3af4b\" data-element_type=\"widget\" data-widget_type=\"heading.default\">\n\t\t\t\t<div class=\"elementor-widget-container\">\n\t\t\t\t\t<h4 class=\"elementor-heading-title elementor-size-default\">Asignatura optativas<\/h4>\t\t\t\t<\/div>\n\t\t\t\t<\/div>\n\t\t\t\t<div class=\"elementor-element elementor-element-a60345b elementor-widget elementor-widget-heading\" data-id=\"a60345b\" data-element_type=\"widget\" data-widget_type=\"heading.default\">\n\t\t\t\t<div class=\"elementor-widget-container\">\n\t\t\t\t\t<h6 class=\"elementor-heading-title elementor-size-default\">M\u00fasica 4\u00ba ESO<\/h6>\t\t\t\t<\/div>\n\t\t\t\t<\/div>\n\t\t\t\t<div class=\"elementor-element elementor-element-8949ed0 elementor-widget elementor-widget-text-editor\" data-id=\"8949ed0\" data-element_type=\"widget\" data-widget_type=\"text-editor.default\">\n\t\t\t\t<div class=\"elementor-widget-container\">\n\t\t\t\t\t\t\t\t\t<p>\u00bfTe apasiona la m\u00fasica? <br \/>En este curso, tendr\u00e1s la oportunidad de sumergirte en el fascinante mundo de la m\u00fasica de manera pr\u00e1ctica y creativa. No solo aprender\u00e1s a analizar y disfrutar de diferentes g\u00e9neros musicales, sino que tambi\u00e9n desarrollar\u00e1s habilidades de interpretaci\u00f3n.<br \/>A trav\u00e9s de actividades din\u00e1micas y colaborativas, como el trabajo en grupo y la interpretaci\u00f3n de piezas musicales, podr\u00e1s expresar tus ideas y emociones dando rienda suelta a tu creatividad disfrutando de la m\u00fasica.<br \/>La asignatura de M\u00fasica de 4\u00ba de ESO de la Editorial Casals ofrece un enfoque integral que combina teor\u00eda, pr\u00e1ctica y apreciaci\u00f3n musical a trav\u00e9s de actividades de an\u00e1lisis, interpretaci\u00f3n y creaci\u00f3n. <\/p>\t\t\t\t\t\t\t\t<\/div>\n\t\t\t\t<\/div>\n\t\t\t\t<div class=\"elementor-element elementor-element-0bf90f6 elementor-widget elementor-widget-heading\" data-id=\"0bf90f6\" data-element_type=\"widget\" data-widget_type=\"heading.default\">\n\t\t\t\t<div class=\"elementor-widget-container\">\n\t\t\t\t\t<h6 class=\"elementor-heading-title elementor-size-default\">Taller De Radio 1\u00ba ESO<\/h6>\t\t\t\t<\/div>\n\t\t\t\t<\/div>\n\t\t\t\t<div class=\"elementor-element elementor-element-8a214f9 elementor-widget elementor-widget-image\" data-id=\"8a214f9\" data-element_type=\"widget\" data-widget_type=\"image.default\">\n\t\t\t\t<div class=\"elementor-widget-container\">\n\t\t\t\t\t\t\t\t\t\t\t\t\t\t\t<img decoding=\"async\" width=\"150\" height=\"150\" src=\"https:\/\/blogsaverroes.juntadeandalucia.es\/iesvcn\/files\/2023\/11\/imagen-logo-radio-150x150.jpg\" class=\"attachment-thumbnail size-thumbnail wp-image-6035\" alt=\"\" srcset=\"https:\/\/blogsaverroes.juntadeandalucia.es\/iesvcn\/files\/2023\/11\/imagen-logo-radio-150x150.jpg 150w, https:\/\/blogsaverroes.juntadeandalucia.es\/iesvcn\/files\/2023\/11\/imagen-logo-radio-80x80.jpg 80w, https:\/\/blogsaverroes.juntadeandalucia.es\/iesvcn\/files\/2023\/11\/imagen-logo-radio-320x320.jpg 320w\" sizes=\"(max-width: 150px) 100vw, 150px\" \/>\t\t\t\t\t\t\t\t\t\t\t\t\t\t\t<\/div>\n\t\t\t\t<\/div>\n\t\t\t\t<div class=\"elementor-element elementor-element-52095d8 elementor-widget elementor-widget-text-editor\" data-id=\"52095d8\" data-element_type=\"widget\" data-widget_type=\"text-editor.default\">\n\t\t\t\t<div class=\"elementor-widget-container\">\n\t\t\t\t\t\t\t\t\t<p>\u00bfAlguna vez has so\u00f1ado con ser locutor de radio, crear tus propios programas o contar tus historias al mundo? \u00a1El Taller de Radio es tu oportunidad para hacerlo realidad! Este proyecto de Innovaci\u00f3n Educativa te permitir\u00e1 sumergirte en el apasionante mundo de la radio desde el primer d\u00eda. A trav\u00e9s de este taller, aprender\u00e1s a crear contenidos, usar la tecnolog\u00eda de grabaci\u00f3n y edici\u00f3n y desarrollar tus habilidades comunicativas.<br \/>Trabajar\u00e1s en equipo, desarrollar\u00e1s tu capacidad de expresi\u00f3n y descubrir\u00e1s c\u00f3mo la radio puede ser una herramienta poderosa para compartir tus ideas, opiniones y proyectos. Este taller te ofrece la oportunidad de ser parte de un proyecto innovador, donde tu voz ser\u00e1 escuchada y tu creatividad ser\u00e1 la protagonista. <br \/>Formar\u00e1s parte de Vicente Radio, pudiendo escuchar tus propios podcast en el Blog de nuestro Centro.<\/p>\t\t\t\t\t\t\t\t<\/div>\n\t\t\t\t<\/div>\n\t\t\t\t<div class=\"elementor-element elementor-element-15ab7ed elementor-widget elementor-widget-heading\" data-id=\"15ab7ed\" data-element_type=\"widget\" data-widget_type=\"heading.default\">\n\t\t\t\t<div class=\"elementor-widget-container\">\n\t\t\t\t\t<h6 class=\"elementor-heading-title elementor-size-default\">TALLER DE RADIO 4\u00ba ESO<\/h6>\t\t\t\t<\/div>\n\t\t\t\t<\/div>\n\t\t\t\t<div class=\"elementor-element elementor-element-c943ddc elementor-widget elementor-widget-image\" data-id=\"c943ddc\" data-element_type=\"widget\" data-widget_type=\"image.default\">\n\t\t\t\t<div class=\"elementor-widget-container\">\n\t\t\t\t\t\t\t\t\t\t\t\t\t\t\t<img decoding=\"async\" width=\"150\" height=\"150\" src=\"https:\/\/blogsaverroes.juntadeandalucia.es\/iesvcn\/files\/2023\/11\/imagen-logo-radio-150x150.jpg\" class=\"attachment-thumbnail size-thumbnail wp-image-6035\" alt=\"\" srcset=\"https:\/\/blogsaverroes.juntadeandalucia.es\/iesvcn\/files\/2023\/11\/imagen-logo-radio-150x150.jpg 150w, https:\/\/blogsaverroes.juntadeandalucia.es\/iesvcn\/files\/2023\/11\/imagen-logo-radio-80x80.jpg 80w, https:\/\/blogsaverroes.juntadeandalucia.es\/iesvcn\/files\/2023\/11\/imagen-logo-radio-320x320.jpg 320w\" sizes=\"(max-width: 150px) 100vw, 150px\" \/>\t\t\t\t\t\t\t\t\t\t\t\t\t\t\t<\/div>\n\t\t\t\t<\/div>\n\t\t\t\t<div class=\"elementor-element elementor-element-8734757 elementor-widget elementor-widget-text-editor\" data-id=\"8734757\" data-element_type=\"widget\" data-widget_type=\"text-editor.default\">\n\t\t\t\t<div class=\"elementor-widget-container\">\n\t\t\t\t\t\t\t\t\t<p>\u00bfTe gustar\u00eda aprender a crear tu propio programa de radio o realizar entrevistas? El Taller de Radio de 4\u00ba de ESO es un proyecto de Innovaci\u00f3n Educativa dentro del Programa CIMA para los que tienen pasi\u00f3n por la comunicaci\u00f3n y las nuevas tecnolog\u00edas. A lo largo de este curso, tendr\u00e1s la oportunidad de explorar el mundo de los medios de comunicaci\u00f3n de manera innovadora, aprendiendo a grabar, editar y producir tus propios contenidos.<br \/>Adem\u00e1s, el Taller de Radio te permitir\u00e1 trabajar en equipo, desarrollar habilidades de expresi\u00f3n oral y escrita, y conocer los entresijos de la radio profesional. Es una experiencia pr\u00e1ctica y divertida que te ayuda a mejorar tu capacidad cr\u00edtica, creativa y tu forma de comunicarte de manera efectiva. Si te atraen la comunicaci\u00f3n y la creaci\u00f3n de contenidos, ser\u00e1s parte de un proyecto educativo innovador, donde tu voz podr\u00e1 llegar m\u00e1s all\u00e1 de las aulas. <br \/>Formar\u00e1s parte de Vicente Radio, pudiendo escuchar tus propios podcast en el Blog de nuestro Centro.<\/p>\t\t\t\t\t\t\t\t<\/div>\n\t\t\t\t<\/div>\n\t\t\t\t\t<\/div>\n\t\t<\/div>\n\t\t\t\t\t<\/div>\n\t\t<\/section>\n\t\t\t\t<section class=\"elementor-section elementor-top-section elementor-element elementor-element-21a8b1a elementor-section-boxed elementor-section-height-default elementor-section-height-default\" data-id=\"21a8b1a\" data-element_type=\"section\">\n\t\t\t\t\t\t<div class=\"elementor-container elementor-column-gap-default\">\n\t\t\t\t\t<div class=\"elementor-column elementor-col-100 elementor-top-column elementor-element elementor-element-7caa44a\" data-id=\"7caa44a\" data-element_type=\"column\">\n\t\t\t<div class=\"elementor-widget-wrap elementor-element-populated\">\n\t\t\t\t\t\t<div class=\"elementor-element elementor-element-8bd2edc elementor-widget elementor-widget-heading\" data-id=\"8bd2edc\" data-element_type=\"widget\" data-widget_type=\"heading.default\">\n\t\t\t\t<div class=\"elementor-widget-container\">\n\t\t\t\t\t<h2 class=\"elementor-heading-title elementor-size-default\">Libros de texto utilizados<\/h2>\t\t\t\t<\/div>\n\t\t\t\t<\/div>\n\t\t\t\t<div class=\"elementor-element elementor-element-151634f elementor-widget elementor-widget-text-editor\" data-id=\"151634f\" data-element_type=\"widget\" data-widget_type=\"text-editor.default\">\n\t\t\t\t<div class=\"elementor-widget-container\">\n\t\t\t\t\t\t\t\t\t<table style=\"border-collapse: collapse;width: 100%\"><tbody><tr><td style=\"width: 50%\">1\u00ba ESO M\u00daSICA EDITORIAL CASALS<\/td><td style=\"width: 50%\"><img decoding=\"async\" class=\"alignnone size-full wp-image-7401\" src=\"https:\/\/blogsaverroes.juntadeandalucia.es\/iesvcn\/files\/2025\/04\/1musica.jpg\" alt=\"\" width=\"109\" height=\"148\" \/><\/td><\/tr><tr><td style=\"width: 50%\">2\u00ba ESO M\u00daSICA EDITORIAL CASALS<\/td><td style=\"width: 50%\"><img decoding=\"async\" class=\"alignnone size-full wp-image-7400\" src=\"https:\/\/blogsaverroes.juntadeandalucia.es\/iesvcn\/files\/2025\/04\/2musica.jpg\" alt=\"\" width=\"108\" height=\"141\" \/><\/td><\/tr><tr><td style=\"width: 50%\">4\u00ba ESO M\u00daSICA EDITORIAL CASALS<\/td><td style=\"width: 50%\"><img loading=\"lazy\" decoding=\"async\" class=\"alignnone size-full wp-image-7399\" src=\"https:\/\/blogsaverroes.juntadeandalucia.es\/iesvcn\/files\/2025\/04\/3musica.jpg\" alt=\"\" width=\"111\" height=\"143\" \/><\/td><\/tr><\/tbody><\/table>\t\t\t\t\t\t\t\t<\/div>\n\t\t\t\t<\/div>\n\t\t\t\t\t<\/div>\n\t\t<\/div>\n\t\t\t\t\t<\/div>\n\t\t<\/section>\n\t\t\t\t<section class=\"elementor-section elementor-top-section elementor-element elementor-element-73bdcb7 elementor-section-boxed elementor-section-height-default elementor-section-height-default\" data-id=\"73bdcb7\" data-element_type=\"section\">\n\t\t\t\t\t\t<div class=\"elementor-container elementor-column-gap-default\">\n\t\t\t\t\t<div class=\"elementor-column elementor-col-100 elementor-top-column elementor-element elementor-element-9b05f59\" data-id=\"9b05f59\" data-element_type=\"column\">\n\t\t\t<div class=\"elementor-widget-wrap elementor-element-populated\">\n\t\t\t\t\t\t<div class=\"elementor-element elementor-element-1c5b867 elementor-widget elementor-widget-heading\" data-id=\"1c5b867\" data-element_type=\"widget\" data-widget_type=\"heading.default\">\n\t\t\t\t<div class=\"elementor-widget-container\">\n\t\t\t\t\t<h2 class=\"elementor-heading-title elementor-size-default\">Actividades destacables<\/h2>\t\t\t\t<\/div>\n\t\t\t\t<\/div>\n\t\t\t\t<div class=\"elementor-element elementor-element-45210eb elementor-widget elementor-widget-text-editor\" data-id=\"45210eb\" data-element_type=\"widget\" data-widget_type=\"text-editor.default\">\n\t\t\t\t<div class=\"elementor-widget-container\">\n\t\t\t\t\t\t\t\t\t<p><img loading=\"lazy\" decoding=\"async\" class=\"size-full wp-image-7406 aligncenter\" src=\"https:\/\/blogsaverroes.juntadeandalucia.es\/iesvcn\/files\/2025\/04\/1flamenco.jpg\" alt=\"\" width=\"149\" height=\"113\" \/><\/p><ul style=\"list-style-type: circle\"><li><a href=\"https:\/\/blogsaverroes.juntadeandalucia.es\/iesvcn\/dia-internacional-del-flamenco-una-celebracion-de-arte-y-cultura\/\">D\u00eda Internacional del Flamenco<\/a><\/li><\/ul><p><img loading=\"lazy\" decoding=\"async\" class=\"size-full wp-image-7405 aligncenter\" src=\"https:\/\/blogsaverroes.juntadeandalucia.es\/iesvcn\/files\/2025\/04\/2teatro.jpg\" alt=\"\" width=\"151\" height=\"86\" \/><\/p><ul style=\"list-style-type: circle\"><li><a href=\"https:\/\/blogsaverroes.juntadeandalucia.es\/iesvcn\/celebracion-del-dia-de-santa-cecilia-con-la-orquesta-de-cordoba\/\"> Concierto Teatro C\u00f3rdoba<\/a><\/li><\/ul><p><img loading=\"lazy\" decoding=\"async\" class=\"size-full wp-image-7404 aligncenter\" src=\"https:\/\/blogsaverroes.juntadeandalucia.es\/iesvcn\/files\/2025\/04\/3diadelaradio.jpg\" alt=\"\" width=\"151\" height=\"128\" \/><\/p><ul style=\"list-style-type: circle\"><li><a href=\"https:\/\/blogsaverroes.juntadeandalucia.es\/iesvcn\/dia-mundial-de-la-radio-2\/\">D\u00eda Mundial de la Radio<\/a><\/li><\/ul><p><img loading=\"lazy\" decoding=\"async\" class=\"size-full wp-image-7403 aligncenter\" src=\"https:\/\/blogsaverroes.juntadeandalucia.es\/iesvcn\/files\/2025\/04\/4palaciodepapel.png\" alt=\"\" width=\"152\" height=\"152\" srcset=\"https:\/\/blogsaverroes.juntadeandalucia.es\/iesvcn\/files\/2025\/04\/4palaciodepapel.png 152w, https:\/\/blogsaverroes.juntadeandalucia.es\/iesvcn\/files\/2025\/04\/4palaciodepapel-150x150.png 150w, https:\/\/blogsaverroes.juntadeandalucia.es\/iesvcn\/files\/2025\/04\/4palaciodepapel-80x80.png 80w\" sizes=\"(max-width: 152px) 100vw, 152px\" \/><\/p><ul style=\"list-style-type: circle\"><li><a href=\"https:\/\/blogsaverroes.juntadeandalucia.es\/iesvcn\/4o-eso-finalista-en-concurso-de-rne\/\"> Finalistas en Concurso RNE<\/a><\/li><\/ul><p><img loading=\"lazy\" decoding=\"async\" class=\"size-full wp-image-7402 aligncenter\" src=\"https:\/\/blogsaverroes.juntadeandalucia.es\/iesvcn\/files\/2025\/04\/5concurso.png\" alt=\"\" width=\"154\" height=\"154\" srcset=\"https:\/\/blogsaverroes.juntadeandalucia.es\/iesvcn\/files\/2025\/04\/5concurso.png 154w, https:\/\/blogsaverroes.juntadeandalucia.es\/iesvcn\/files\/2025\/04\/5concurso-150x150.png 150w, https:\/\/blogsaverroes.juntadeandalucia.es\/iesvcn\/files\/2025\/04\/5concurso-80x80.png 80w\" sizes=\"(max-width: 154px) 100vw, 154px\" \/><\/p><ul style=\"list-style-type: circle\"><li><a href=\"https:\/\/blogsaverroes.juntadeandalucia.es\/iesvcn\/v-concurso-podcast-rne\/\">V CONCURSO PODCAST RNE<\/a><\/li><\/ul>\t\t\t\t\t\t\t\t<\/div>\n\t\t\t\t<\/div>\n\t\t\t\t\t<\/div>\n\t\t<\/div>\n\t\t\t\t\t<\/div>\n\t\t<\/section>\n\t\t\t\t<section class=\"elementor-section elementor-top-section elementor-element elementor-element-a6fcf38 elementor-section-boxed elementor-section-height-default elementor-section-height-default\" data-id=\"a6fcf38\" data-element_type=\"section\">\n\t\t\t\t\t\t<div class=\"elementor-container elementor-column-gap-default\">\n\t\t\t\t\t<div class=\"elementor-column elementor-col-100 elementor-top-column elementor-element elementor-element-9ab9ff9\" data-id=\"9ab9ff9\" data-element_type=\"column\">\n\t\t\t<div class=\"elementor-widget-wrap elementor-element-populated\">\n\t\t\t\t\t\t<div class=\"elementor-element elementor-element-35ec32e elementor-widget elementor-widget-heading\" data-id=\"35ec32e\" data-element_type=\"widget\" data-widget_type=\"heading.default\">\n\t\t\t\t<div class=\"elementor-widget-container\">\n\t\t\t\t\t<h2 class=\"elementor-heading-title elementor-size-default\">Otras actividades<\/h2>\t\t\t\t<\/div>\n\t\t\t\t<\/div>\n\t\t\t\t<div class=\"elementor-element elementor-element-8448aca elementor-widget elementor-widget-text-editor\" data-id=\"8448aca\" data-element_type=\"widget\" data-widget_type=\"text-editor.default\">\n\t\t\t\t<div class=\"elementor-widget-container\">\n\t\t\t\t\t\t\t\t\t<p><a href=\"https:\/\/blogsaverroes.juntadeandalucia.es\/iesvcn\/category\/departamento-de-musica\/\">Actividades del Taller de Radio y M\u00fasica<\/a><\/p>\t\t\t\t\t\t\t\t<\/div>\n\t\t\t\t<\/div>\n\t\t\t\t\t<\/div>\n\t\t<\/div>\n\t\t\t\t\t<\/div>\n\t\t<\/section>\n\t\t\t\t<section class=\"elementor-section elementor-top-section elementor-element elementor-element-29e8b0f elementor-section-boxed elementor-section-height-default elementor-section-height-default\" data-id=\"29e8b0f\" data-element_type=\"section\">\n\t\t\t\t\t\t<div class=\"elementor-container elementor-column-gap-default\">\n\t\t\t\t\t<div class=\"elementor-column elementor-col-100 elementor-top-column elementor-element elementor-element-be81c11\" data-id=\"be81c11\" data-element_type=\"column\">\n\t\t\t<div class=\"elementor-widget-wrap elementor-element-populated\">\n\t\t\t\t\t\t<div class=\"elementor-element elementor-element-57bafad elementor-align-left elementor-widget elementor-widget-button\" data-id=\"57bafad\" data-element_type=\"widget\" data-widget_type=\"button.default\">\n\t\t\t\t<div class=\"elementor-widget-container\">\n\t\t\t\t\t\t\t\t\t<div class=\"elementor-button-wrapper\">\n\t\t\t\t\t<a class=\"elementor-button elementor-button-link elementor-size-sm\" href=\"https:\/\/blogsaverroes.juntadeandalucia.es\/iesvcn\/category\/departamento-de-musica\/\">\n\t\t\t\t\t\t<span class=\"elementor-button-content-wrapper\">\n\t\t\t\t\t\t\t\t\t<span class=\"elementor-button-text\">Noticias del Departamento de M\u00fasica<\/span>\n\t\t\t\t\t<\/span>\n\t\t\t\t\t<\/a>\n\t\t\t\t<\/div>\n\t\t\t\t\t\t\t\t<\/div>\n\t\t\t\t<\/div>\n\t\t\t\t<div class=\"elementor-element elementor-element-571d945 elementor-widget elementor-widget-image\" data-id=\"571d945\" data-element_type=\"widget\" data-widget_type=\"image.default\">\n\t\t\t\t<div class=\"elementor-widget-container\">\n\t\t\t\t\t\t\t\t\t\t\t\t\t\t\t\t<a href=\"https:\/\/blogsaverroes.juntadeandalucia.es\/iesvcn\/comunica\/\">\n\t\t\t\t\t\t\t<img loading=\"lazy\" decoding=\"async\" width=\"555\" height=\"584\" src=\"https:\/\/blogsaverroes.juntadeandalucia.es\/iesvcn\/files\/2023\/11\/imagen-logo-radio.jpg\" class=\"attachment-medium_large size-medium_large wp-image-6035\" alt=\"\" srcset=\"https:\/\/blogsaverroes.juntadeandalucia.es\/iesvcn\/files\/2023\/11\/imagen-logo-radio.jpg 555w, https:\/\/blogsaverroes.juntadeandalucia.es\/iesvcn\/files\/2023\/11\/imagen-logo-radio-285x300.jpg 285w\" sizes=\"(max-width: 555px) 100vw, 555px\" \/>\t\t\t\t\t\t\t\t<\/a>\n\t\t\t\t\t\t\t\t\t\t\t\t\t\t\t<\/div>\n\t\t\t\t<\/div>\n\t\t\t\t\t<\/div>\n\t\t<\/div>\n\t\t\t\t\t<\/div>\n\t\t<\/section>\n\t\t\t\t<\/div>\n\t\t","protected":false},"excerpt":{"rendered":"<p>Asignaturas 1\u00ba ESO M\u00fasica Taller de Radio (optativa) 2\u00ba ESO M\u00fasica 4\u00ba ESO M\u00fasica (optativa) Taller de Radio (optativa) Profesora y jefa de departamento Nuria Reyes Polo Breve descripci\u00f3n de la asignatura La asignatura de M\u00fasica en Secundaria tiene como&#46;&#46;&#46;<\/p>\n","protected":false},"author":14415,"featured_media":0,"parent":0,"menu_order":0,"comment_status":"closed","ping_status":"closed","template":"","meta":{"ngg_post_thumbnail":0,"footnotes":""},"aioseo_notices":[],"_links":{"self":[{"href":"https:\/\/blogsaverroes.juntadeandalucia.es\/iesvcn\/wp-json\/wp\/v2\/pages\/7398"}],"collection":[{"href":"https:\/\/blogsaverroes.juntadeandalucia.es\/iesvcn\/wp-json\/wp\/v2\/pages"}],"about":[{"href":"https:\/\/blogsaverroes.juntadeandalucia.es\/iesvcn\/wp-json\/wp\/v2\/types\/page"}],"author":[{"embeddable":true,"href":"https:\/\/blogsaverroes.juntadeandalucia.es\/iesvcn\/wp-json\/wp\/v2\/users\/14415"}],"replies":[{"embeddable":true,"href":"https:\/\/blogsaverroes.juntadeandalucia.es\/iesvcn\/wp-json\/wp\/v2\/comments?post=7398"}],"version-history":[{"count":12,"href":"https:\/\/blogsaverroes.juntadeandalucia.es\/iesvcn\/wp-json\/wp\/v2\/pages\/7398\/revisions"}],"predecessor-version":[{"id":7419,"href":"https:\/\/blogsaverroes.juntadeandalucia.es\/iesvcn\/wp-json\/wp\/v2\/pages\/7398\/revisions\/7419"}],"wp:attachment":[{"href":"https:\/\/blogsaverroes.juntadeandalucia.es\/iesvcn\/wp-json\/wp\/v2\/media?parent=7398"}],"curies":[{"name":"wp","href":"https:\/\/api.w.org\/{rel}","templated":true}]}}