{"id":2119,"date":"2020-05-22T12:42:30","date_gmt":"2020-05-22T10:42:30","guid":{"rendered":"https:\/\/blogsaverroes.juntadeandalucia.es\/iesvegadeatarfe\/?page_id=2119"},"modified":"2026-03-26T23:25:06","modified_gmt":"2026-03-26T22:25:06","slug":"documentos-del-centro-2","status":"publish","type":"page","link":"https:\/\/blogsaverroes.juntadeandalucia.es\/iesvegadeatarfe\/documentos-del-centro-2\/","title":{"rendered":"Documentos del Centro"},"content":{"rendered":"<p><img loading=\"lazy\" decoding=\"async\" class=\"size-full wp-image-2783 aligncenter\" src=\"https:\/\/blogsaverroes.juntadeandalucia.es\/iesvegadeatarfe\/files\/2020\/06\/Imagen-Documentos-de-Centro.png\" alt=\"\" width=\"589\" height=\"338\" srcset=\"https:\/\/blogsaverroes.juntadeandalucia.es\/iesvegadeatarfe\/files\/2020\/06\/Imagen-Documentos-de-Centro.png 589w, https:\/\/blogsaverroes.juntadeandalucia.es\/iesvegadeatarfe\/files\/2020\/06\/Imagen-Documentos-de-Centro-300x172.png 300w, https:\/\/blogsaverroes.juntadeandalucia.es\/iesvegadeatarfe\/files\/2020\/06\/Imagen-Documentos-de-Centro-332x191.png 332w, https:\/\/blogsaverroes.juntadeandalucia.es\/iesvegadeatarfe\/files\/2020\/06\/Imagen-Documentos-de-Centro-24x14.png 24w, https:\/\/blogsaverroes.juntadeandalucia.es\/iesvegadeatarfe\/files\/2020\/06\/Imagen-Documentos-de-Centro-36x21.png 36w, https:\/\/blogsaverroes.juntadeandalucia.es\/iesvegadeatarfe\/files\/2020\/06\/Imagen-Documentos-de-Centro-48x28.png 48w\" sizes=\"(max-width: 589px) 100vw, 589px\" \/><br \/>\n<span style=\"font-size: 30pt;color: #e80971\">Documentos del Plan de Centro<\/span><\/p>\n<p><a href=\"https:\/\/blogsaverroes.juntadeandalucia.es\/iesvegadeatarfe\/files\/2022\/05\/Doc-Centro-1-Coordinacion-y-concrecion-contenidos-curriculares-2022.pdf\" target=\"_blank\" rel=\"noopener noreferrer\"><span style=\"font-size: 14pt\">1.- Coordinaci\u00f3n y concreci\u00f3n de los contenidos curriculares 2022<\/span><\/a><\/p>\n<p><a href=\"https:\/\/blogsaverroes.juntadeandalucia.es\/iesvegadeatarfe\/files\/2025\/04\/Doc-Centro-Criterios-comunes-de-promocion-y-titulacion-enero-2024.pdf\" target=\"_blank\" rel=\"noopener\"><span style=\"font-size: 14pt\">2.- Criterios comunes de promoci\u00f3n y titulaci\u00f3n 2024<\/span><\/a><\/p>\n<p><a href=\"https:\/\/blogsaverroes.juntadeandalucia.es\/iesvegadeatarfe\/files\/2019\/11\/Doc-Centro-3-Criterios-elaboraci\u00f3n-horarios-2018.pdf\" target=\"_blank\" rel=\"noopener noreferrer\"><span style=\"font-size: 14pt\">3.- Criterios para la elaboraci\u00f3n de horarios 2018<\/span><\/a><\/p>\n<p><a href=\"https:\/\/blogsaverroes.juntadeandalucia.es\/iesvegadeatarfe\/files\/2019\/11\/Doc-Centro-4-Criterios-elaboracion-programaciones-2019.pdf\" target=\"_blank\" rel=\"noopener noreferrer\"><span style=\"font-size: 14pt\">4.- Criterios para la elaboraci\u00f3n de programaciones 2019<\/span><\/a><\/p>\n<p><a href=\"https:\/\/blogsaverroes.juntadeandalucia.es\/iesvegadeatarfe\/files\/2019\/11\/Doc-Centro-5-Criterios-para-asignar-grupos-y-tutorias-2019.pdf\" target=\"_blank\" rel=\"noopener noreferrer\"><span style=\"font-size: 14pt\">5.- Criterios para asignar grupos y tutor\u00edas 2019<\/span><\/a><\/p>\n<p><a href=\"https:\/\/blogsaverroes.juntadeandalucia.es\/iesvegadeatarfe\/files\/2021\/11\/Doc-Centro-6-Forma-de-Atenci\u00f3n-a-la-Diversidad-2021.pdf\" target=\"_blank\" rel=\"noopener noreferrer\"><span style=\"font-size: 14pt\">6.- Forma de atenci\u00f3n a la diversidad 2021<\/span><\/a><\/p>\n<p><a href=\"https:\/\/blogsaverroes.juntadeandalucia.es\/iesvegadeatarfe\/files\/2022\/05\/Doc-Centro-7-Lineas-generales-actuacion-pedagogica-2022.pdf\" target=\"_blank\" rel=\"noopener noreferrer\"><span style=\"font-size: 14pt\">7.- L\u00edneas generales de actuaci\u00f3n pedag\u00f3gica 2022<\/span><\/a><\/p>\n<p><a href=\"https:\/\/blogsaverroes.juntadeandalucia.es\/iesvegadeatarfe\/files\/2025\/03\/Doc-Centro-Modalidades-Bachillerato-2025-1.pdf\" target=\"_blank\" rel=\"noopener\"><span style=\"font-size: 14pt\">8.- Modalidades de Bachillerato 2025<\/span><\/a><\/p>\n<p><a href=\"https:\/\/blogsaverroes.juntadeandalucia.es\/iesvegadeatarfe\/files\/2025\/04\/Doc-Centro-Objetivos-generales-abril-2025.pdf\" target=\"_blank\" rel=\"noopener noreferrer\"><span style=\"font-size: 14pt\">9.- Objetivos generales 2025<\/span><\/a><\/p>\n<p><a href=\"https:\/\/blogsaverroes.juntadeandalucia.es\/iesvegadeatarfe\/files\/2023\/10\/Doc-Centro-Optativas-ESO-2023-24.pdf\" target=\"_blank\" rel=\"noopener noreferrer\"><span style=\"font-size: 14pt\">10.- Optativas ESO 2023<\/span><\/a><\/p>\n<p><a href=\"https:\/\/blogsaverroes.juntadeandalucia.es\/iesvegadeatarfe\/files\/2025\/10\/Plan-de-autoproteccion-2025.pdf\"><span style=\"font-size: 14pt\">11.- Plan de autoprotecci\u00f3n 2025\/26<\/span><\/a><\/p>\n<p><a href=\"https:\/\/blogsaverroes.juntadeandalucia.es\/iesvegadeatarfe\/files\/2025\/10\/12-Plan-de-convivencia-octubre-2025.pdf\" target=\"_blank\" rel=\"noopener\"><span style=\"font-size: 14pt\">12.- Plan de convivencia 2025<\/span><\/a><\/p>\n<p><a href=\"https:\/\/blogsaverroes.juntadeandalucia.es\/iesvegadeatarfe\/files\/2026\/03\/Plan-Desarrollo-Europeo-e-Internacionalizacion-13-05-23.pdf\"><span style=\"font-size: 14pt\">13.- Plan de desarrollo europeo e internacionalizaci\u00f3n<\/span><\/a><\/p>\n<p><a href=\"https:\/\/blogsaverroes.juntadeandalucia.es\/iesvegadeatarfe\/files\/2025\/10\/Plan-digitalizacion.pdf\" target=\"_blank\" rel=\"noopener noreferrer\"><span style=\"font-size: 14pt\">14.- Plan de digitalizaci\u00f3n<\/span><\/a><\/p>\n<p><a href=\"https:\/\/blogsaverroes.juntadeandalucia.es\/iesvegadeatarfe\/files\/2025\/11\/Plan-de-formacion-2023.pdf\" target=\"_blank\" rel=\"noopener noreferrer\"><span style=\"font-size: 14pt\">15.- Plan de formaci\u00f3n<\/span><\/a><\/p>\n<p><a href=\"https:\/\/blogsaverroes.juntadeandalucia.es\/iesvegadeatarfe\/files\/2025\/10\/Plan-Razonamiento-matematico.pdf\" target=\"_blank\" rel=\"noopener\"><span style=\"font-size: 14pt\">16.- Plan para el fomento del razonamiento matem\u00e1tico<\/span><\/a><\/p>\n<p><a href=\"https:\/\/blogsaverroes.juntadeandalucia.es\/iesvegadeatarfe\/files\/2025\/10\/Plan-de-mejora-competencia-comunicativa-25-26.pdf\" target=\"_blank\" rel=\"noopener noreferrer\"><span style=\"font-size: 14pt\">17.- Plan de mejora de la competencia en comunicaci\u00f3n ling\u00fc\u00edstica<\/span><\/a><\/p>\n<p><a href=\"https:\/\/blogsaverroes.juntadeandalucia.es\/iesvegadeatarfe\/files\/2025\/11\/Plan-de-lectura-2025-26.pdf\"><span style=\"font-size: 14pt\">18.- Plan de lectura 2025\/2026<\/span><\/a><\/p>\n<p><a href=\"https:\/\/blogsaverroes.juntadeandalucia.es\/iesvegadeatarfe\/files\/2025\/10\/24-POAT-25-26.pdf\" target=\"_blank\" rel=\"noopener\"><span style=\"font-size: 14pt\">19.- Plan de Orientaci\u00f3n y Acci\u00f3n Tutorial<\/span><\/a><\/p>\n<p><a href=\"https:\/\/blogsaverroes.juntadeandalucia.es\/iesvegadeatarfe\/sostenibilidad\/\"><span style=\"font-size: 14pt\">20.- Plan de sostenibilidad<\/span><\/a><\/p>\n<p><a href=\"https:\/\/blogsaverroes.juntadeandalucia.es\/iesvegadeatarfe\/files\/2025\/11\/Planes-programas-y-proyectos.pdf\"><span style=\"font-size: 14pt\">21.- Planes estrat\u00e9gicos 2024\/2026<\/span><\/a><\/p>\n<p><a href=\"https:\/\/blogsaverroes.juntadeandalucia.es\/iesvegadeatarfe\/files\/2021\/06\/Doc-Centro-25-Procedimientos-de-evaluaci\u00f3n-interna.pdf\" target=\"_blank\" rel=\"noopener noreferrer\"><span style=\"font-size: 14pt\">22.- Procedimientos de evaluaci\u00f3n interna<\/span><\/a><\/p>\n<p><a href=\"https:\/\/blogsaverroes.juntadeandalucia.es\/iesvegadeatarfe\/files\/2019\/11\/Doc-Centro-14-Procedimiento-para-suscribir-compromisos-educativos-y-de-convivencia.pdf\" target=\"_blank\" rel=\"noopener noreferrer\"><span style=\"font-size: 14pt\">23.- Procedimientos para suscribir compromisos educativos y de convivencia 2011<\/span><\/a><\/p>\n<p><a href=\"https:\/\/blogsaverroes.juntadeandalucia.es\/iesvegadeatarfe\/files\/2019\/11\/Doc-Centro-15-Procedimientos-y-criterios-comunes-evaluacion-Bachillerato-mayo-2019.pdf\" target=\"_blank\" rel=\"noopener noreferrer\"><span style=\"font-size: 14pt\">24.- Procedimientos y criterios comunes de evaluaci\u00f3n en Bachillerato 2019<\/span><\/a><\/p>\n<p><a href=\"https:\/\/blogsaverroes.juntadeandalucia.es\/iesvegadeatarfe\/files\/2019\/11\/Doc-Centro-16-Procedimientos-y-criterios-comunes-evaluacion-ESO-mayo-2019.pdf\" target=\"_blank\" rel=\"noopener noreferrer\"><span style=\"font-size: 14pt\">25.- Procedimientos y criterios comunes de evaluaci\u00f3n en ESO 2019<\/span><\/a><\/p>\n<p><a href=\"https:\/\/blogsaverroes.juntadeandalucia.es\/iesvegadeatarfe\/files\/2025\/10\/21-Propuestas-de-mejora-25-26.pdf\" target=\"_blank\" rel=\"noopener noreferrer\"><span style=\"font-size: 14pt\">26.- Propuestas de mejora &#8211; 2025\/26<\/span><\/a><\/p>\n<p><a href=\"https:\/\/blogsaverroes.juntadeandalucia.es\/iesvegadeatarfe\/files\/2019\/11\/Doc-Centro-17-Proyecto-de-gestion-2018.pdf\" target=\"_blank\" rel=\"noopener noreferrer\"><span style=\"font-size: 14pt\">27.- Proyecto de gesti\u00f3n 2018<\/span><\/a><\/p>\n<p><a href=\"https:\/\/blogsaverroes.juntadeandalucia.es\/iesvegadeatarfe\/files\/2020\/06\/Doc-Centro-18-Reducciones-horarias-coordinaciones-2020.pdf\" target=\"_blank\" rel=\"noopener noreferrer\"><span style=\"font-size: 14pt\">28.- Reducciones horarias coordinaciones 2020<\/span><\/a><\/p>\n<p><a href=\"https:\/\/blogsaverroes.juntadeandalucia.es\/iesvegadeatarfe\/files\/2024\/11\/Doc-Centro-ROF-noviembre-2024.pdf\" target=\"_blank\" rel=\"noopener\"><span style=\"font-size: 14pt\">29.- ROF 2024<\/span><\/a><\/p>\n","protected":false},"excerpt":{"rendered":"<p>Documentos del Plan de Centro 1.- Coordinaci\u00f3n y concreci\u00f3n de los contenidos curriculares 2022 2.- Criterios comunes de promoci\u00f3n y titulaci\u00f3n 2024 3.- Criterios para la elaboraci\u00f3n de horarios 2018 4.- Criterios para la elaboraci\u00f3n de programaciones 2019 5.- Criterios para asignar grupos y tutor\u00edas 2019 6.- Forma de atenci\u00f3n a la diversidad 2021 7.- &hellip; <\/p>\n<p><a class=\"more-link btn\" href=\"https:\/\/blogsaverroes.juntadeandalucia.es\/iesvegadeatarfe\/documentos-del-centro-2\/\">Seguir leyendo<\/a><\/p>\n","protected":false},"author":7647,"featured_media":0,"parent":0,"menu_order":0,"comment_status":"closed","ping_status":"closed","template":"","meta":{"ngg_post_thumbnail":0,"footnotes":""},"aioseo_notices":[],"_links":{"self":[{"href":"https:\/\/blogsaverroes.juntadeandalucia.es\/iesvegadeatarfe\/wp-json\/wp\/v2\/pages\/2119"}],"collection":[{"href":"https:\/\/blogsaverroes.juntadeandalucia.es\/iesvegadeatarfe\/wp-json\/wp\/v2\/pages"}],"about":[{"href":"https:\/\/blogsaverroes.juntadeandalucia.es\/iesvegadeatarfe\/wp-json\/wp\/v2\/types\/page"}],"author":[{"embeddable":true,"href":"https:\/\/blogsaverroes.juntadeandalucia.es\/iesvegadeatarfe\/wp-json\/wp\/v2\/users\/7647"}],"replies":[{"embeddable":true,"href":"https:\/\/blogsaverroes.juntadeandalucia.es\/iesvegadeatarfe\/wp-json\/wp\/v2\/comments?post=2119"}],"version-history":[{"count":77,"href":"https:\/\/blogsaverroes.juntadeandalucia.es\/iesvegadeatarfe\/wp-json\/wp\/v2\/pages\/2119\/revisions"}],"predecessor-version":[{"id":6544,"href":"https:\/\/blogsaverroes.juntadeandalucia.es\/iesvegadeatarfe\/wp-json\/wp\/v2\/pages\/2119\/revisions\/6544"}],"wp:attachment":[{"href":"https:\/\/blogsaverroes.juntadeandalucia.es\/iesvegadeatarfe\/wp-json\/wp\/v2\/media?parent=2119"}],"curies":[{"name":"wp","href":"https:\/\/api.w.org\/{rel}","templated":true}]}}