{"id":2141,"date":"2020-05-22T18:34:37","date_gmt":"2020-05-22T16:34:37","guid":{"rendered":"https:\/\/blogsaverroes.juntadeandalucia.es\/iesvegadeatarfe\/?page_id=2141"},"modified":"2024-06-07T20:26:54","modified_gmt":"2024-06-07T18:26:54","slug":"solicitudes-2","status":"publish","type":"page","link":"https:\/\/blogsaverroes.juntadeandalucia.es\/iesvegadeatarfe\/solicitudes-2\/","title":{"rendered":"Solicitudes"},"content":{"rendered":"<p style=\"text-align: center\"><span style=\"font-size: 30pt;color: #79a1c9\">Presentaci\u00f3n de solicitudes<\/span><\/p>\n<p><span style=\"font-size: 24pt\">Preferentemente, los tr\u00e1mites administrativos se llevar\u00e1n a cabo en la <a href=\"https:\/\/www.juntadeandalucia.es\/educacion\/secretariavirtual\/accesoTramite\/462\/\" target=\"_blank\" rel=\"noopener noreferrer\">Secretar\u00eda Virtual de los Centros Educativos<\/a> (accediendo mediante autenticaci\u00f3n con Pasen, @clave o certificado digital).<\/span><br \/>\n&nbsp;<\/p>\n<p style=\"text-align: center\"><span style=\"font-size: 18pt\">Formularios para presentar una instancia o solicitar un certificado presencialmente<\/span><\/p>\n<p style=\"text-align: center\"><a href=\"https:\/\/blogsaverroes.juntadeandalucia.es\/iesvegadeatarfe\/files\/2022\/06\/Solicitud-Baja-en-Bachillerato-1.pdf\" target=\"_blank\" rel=\"noopener noreferrer\"><img loading=\"lazy\" decoding=\"async\" class=\"alignnone wp-image-3175\" src=\"https:\/\/blogsaverroes.juntadeandalucia.es\/iesvegadeatarfe\/files\/2020\/12\/Solicitud-Baja-Bachillerato-dic-20.png\" alt=\"\" width=\"149\" height=\"240\"><\/a> <a href=\"https:\/\/blogsaverroes.juntadeandalucia.es\/iesvegadeatarfe\/files\/2022\/06\/Solicitud-Baja-en-CF.pdf\" target=\"_blank\" rel=\"noopener noreferrer\"><img loading=\"lazy\" decoding=\"async\" class=\"alignnone wp-image-3176\" src=\"https:\/\/blogsaverroes.juntadeandalucia.es\/iesvegadeatarfe\/files\/2020\/12\/Solicitud-Baja-CF-dic-20.png\" alt=\"\" width=\"149\" height=\"240\"><\/a> <a href=\"https:\/\/blogsaverroes.juntadeandalucia.es\/iesvegadeatarfe\/files\/2022\/06\/Solicitud-Certificado.pdf\" target=\"_blank\" rel=\"noopener noreferrer\"><img loading=\"lazy\" decoding=\"async\" class=\"alignnone wp-image-3177\" src=\"https:\/\/blogsaverroes.juntadeandalucia.es\/iesvegadeatarfe\/files\/2020\/12\/Solicitud-Certificado-dic-20.png\" alt=\"\" width=\"149\" height=\"240\"><\/a> <a href=\"https:\/\/blogsaverroes.juntadeandalucia.es\/iesvegadeatarfe\/files\/2022\/06\/Solicitud-Instancia-del-centro.pdf\" target=\"_blank\" rel=\"noopener noreferrer\"><img loading=\"lazy\" decoding=\"async\" class=\"alignnone wp-image-3178\" src=\"https:\/\/blogsaverroes.juntadeandalucia.es\/iesvegadeatarfe\/files\/2020\/12\/Solicitud-Instancia-del-Centro-dic-20.png\" alt=\"\" width=\"149\" height=\"240\"><\/a><\/p>\n","protected":false},"excerpt":{"rendered":"<p>Presentaci\u00f3n de solicitudes Preferentemente, los tr\u00e1mites administrativos se llevar\u00e1n a cabo en la Secretar\u00eda Virtual de los Centros Educativos (accediendo mediante autenticaci\u00f3n con Pasen, @clave o certificado digital). &nbsp; Formularios para presentar una instancia o solicitar un certificado presencialmente<\/p>\n","protected":false},"author":7647,"featured_media":0,"parent":0,"menu_order":0,"comment_status":"closed","ping_status":"closed","template":"","meta":{"ngg_post_thumbnail":0,"footnotes":""},"aioseo_notices":[],"_links":{"self":[{"href":"https:\/\/blogsaverroes.juntadeandalucia.es\/iesvegadeatarfe\/wp-json\/wp\/v2\/pages\/2141"}],"collection":[{"href":"https:\/\/blogsaverroes.juntadeandalucia.es\/iesvegadeatarfe\/wp-json\/wp\/v2\/pages"}],"about":[{"href":"https:\/\/blogsaverroes.juntadeandalucia.es\/iesvegadeatarfe\/wp-json\/wp\/v2\/types\/page"}],"author":[{"embeddable":true,"href":"https:\/\/blogsaverroes.juntadeandalucia.es\/iesvegadeatarfe\/wp-json\/wp\/v2\/users\/7647"}],"replies":[{"embeddable":true,"href":"https:\/\/blogsaverroes.juntadeandalucia.es\/iesvegadeatarfe\/wp-json\/wp\/v2\/comments?post=2141"}],"version-history":[{"count":44,"href":"https:\/\/blogsaverroes.juntadeandalucia.es\/iesvegadeatarfe\/wp-json\/wp\/v2\/pages\/2141\/revisions"}],"predecessor-version":[{"id":4709,"href":"https:\/\/blogsaverroes.juntadeandalucia.es\/iesvegadeatarfe\/wp-json\/wp\/v2\/pages\/2141\/revisions\/4709"}],"wp:attachment":[{"href":"https:\/\/blogsaverroes.juntadeandalucia.es\/iesvegadeatarfe\/wp-json\/wp\/v2\/media?parent=2141"}],"curies":[{"name":"wp","href":"https:\/\/api.w.org\/{rel}","templated":true}]}}

<p style="text-align: center"><span style="font-size: 30pt;color: #79a1c9">Presentación de solicitudes</span></p>
<p><span style="font-size: 24pt">Preferentemente, los trámites administrativos se llevarán a cabo en la <a href="https://www.juntadeandalucia.es/educacion/secretariavirtual/accesoTramite/462/" target="_blank" rel="noopener noreferrer">Secretaría Virtual de los Centros Educativos</a> (accediendo mediante autenticación con Pasen, @clave o certificado digital).</span><br />
&nbsp;</p>
<p style="text-align: center"><span style="font-size: 18pt">Formularios para presentar una instancia o solicitar un certificado presencialmente</span></p>
<p style="text-align: center"><a href="https://blogsaverroes.juntadeandalucia.es/iesvegadeatarfe/files/2022/06/Solicitud-Baja-en-Bachillerato-1.pdf" target="_blank" rel="noopener noreferrer"><img loading="lazy" decoding="async" class="alignnone wp-image-3175" src="https://blogsaverroes.juntadeandalucia.es/iesvegadeatarfe/files/2020/12/Solicitud-Baja-Bachillerato-dic-20.png" alt="" width="149" height="240"></a> <a href="https://blogsaverroes.juntadeandalucia.es/iesvegadeatarfe/files/2022/06/Solicitud-Baja-en-CF.pdf" target="_blank" rel="noopener noreferrer"><img loading="lazy" decoding="async" class="alignnone wp-image-3176" src="https://blogsaverroes.juntadeandalucia.es/iesvegadeatarfe/files/2020/12/Solicitud-Baja-CF-dic-20.png" alt="" width="149" height="240"></a> <a href="https://blogsaverroes.juntadeandalucia.es/iesvegadeatarfe/files/2022/06/Solicitud-Certificado.pdf" target="_blank" rel="noopener noreferrer"><img loading="lazy" decoding="async" class="alignnone wp-image-3177" src="https://blogsaverroes.juntadeandalucia.es/iesvegadeatarfe/files/2020/12/Solicitud-Certificado-dic-20.png" alt="" width="149" height="240"></a> <a href="https://blogsaverroes.juntadeandalucia.es/iesvegadeatarfe/files/2022/06/Solicitud-Instancia-del-centro.pdf" target="_blank" rel="noopener noreferrer"><img loading="lazy" decoding="async" class="alignnone wp-image-3178" src="https://blogsaverroes.juntadeandalucia.es/iesvegadeatarfe/files/2020/12/Solicitud-Instancia-del-Centro-dic-20.png" alt="" width="149" height="240"></a></p>

<p>Presentación de solicitudes Preferentemente, los trámites administrativos se llevarán a cabo en la Secretaría Virtual de los Centros Educativos (accediendo mediante autenticación con Pasen, @clave o certificado digital). &nbsp; Formularios para presentar una instancia o solicitar un certificado presencialmente</p>
