{"id":2734,"date":"2020-06-29T19:10:20","date_gmt":"2020-06-29T17:10:20","guid":{"rendered":"https:\/\/blogsaverroes.juntadeandalucia.es\/iesvegadeatarfe\/?page_id=2734"},"modified":"2025-04-26T22:09:34","modified_gmt":"2025-04-26T20:09:34","slug":"informacion-relevante","status":"publish","type":"page","link":"https:\/\/blogsaverroes.juntadeandalucia.es\/iesvegadeatarfe\/informacion-relevante\/","title":{"rendered":"Informaci\u00f3n Relevante"},"content":{"rendered":"<p><img loading=\"lazy\" decoding=\"async\" class=\"aligncenter wp-image-2770 size-medium\" src=\"https:\/\/blogsaverroes.juntadeandalucia.es\/iesvegadeatarfe\/files\/2020\/06\/Matr\u00edcula-Normativa-300x219.png\" alt=\"\" width=\"300\" height=\"219\" srcset=\"https:\/\/blogsaverroes.juntadeandalucia.es\/iesvegadeatarfe\/files\/2020\/06\/Matr\u00edcula-Normativa-300x219.png 300w, https:\/\/blogsaverroes.juntadeandalucia.es\/iesvegadeatarfe\/files\/2020\/06\/Matr\u00edcula-Normativa-768x560.png 768w, https:\/\/blogsaverroes.juntadeandalucia.es\/iesvegadeatarfe\/files\/2020\/06\/Matr\u00edcula-Normativa-700x510.png 700w, https:\/\/blogsaverroes.juntadeandalucia.es\/iesvegadeatarfe\/files\/2020\/06\/Matr\u00edcula-Normativa-332x242.png 332w, https:\/\/blogsaverroes.juntadeandalucia.es\/iesvegadeatarfe\/files\/2020\/06\/Matr\u00edcula-Normativa-24x17.png 24w, https:\/\/blogsaverroes.juntadeandalucia.es\/iesvegadeatarfe\/files\/2020\/06\/Matr\u00edcula-Normativa-36x26.png 36w, https:\/\/blogsaverroes.juntadeandalucia.es\/iesvegadeatarfe\/files\/2020\/06\/Matr\u00edcula-Normativa-48x35.png 48w, https:\/\/blogsaverroes.juntadeandalucia.es\/iesvegadeatarfe\/files\/2020\/06\/Matr\u00edcula-Normativa.png 962w\" sizes=\"(max-width: 300px) 100vw, 300px\" \/><br \/>\n<span style=\"font-size: 30pt;color: #000080\">1.- Admisi\u00f3n y Matriculaci\u00f3n de <a href=\"https:\/\/www.juntadeandalucia.es\/temas\/estudiar\/primaria-eso\/matriculacion.html\" target=\"_blank\" rel=\"noopener noreferrer\"><span style=\"font-size: 30pt;color: #2e64fe\">ESO<\/span><\/a><\/span><\/p>\n<p><span style=\"font-size: 30pt;color: #000080\">2.- Admisi\u00f3n y Matriculaci\u00f3n de <a style=\"font-size: 30pt;color: #2e64fe\" href=\"https:\/\/www.juntadeandalucia.es\/temas\/estudiar\/bachillerato\/matriculacion.html\" target=\"_blank\" rel=\"noopener noreferrer\">Bachillerato<\/a><\/span><\/p>\n<p><span style=\"font-size: 30pt;color: #000080\">3.- Admisi\u00f3n y Matriculaci\u00f3n de <a href=\"https:\/\/www.juntadeandalucia.es\/temas\/estudiar\/fp\/matriculacion.html\" target=\"_blank\" rel=\"noopener noreferrer\"><span style=\"font-size: 30pt;color: #2e64fe\">Formaci\u00f3n Profesional<\/span><\/a><\/span><\/p>\n<p><span style=\"font-size: 30pt;color: #000080\">4.- Admisi\u00f3n y Matriculaci\u00f3n de <a href=\"https:\/\/www.juntadeandalucia.es\/temas\/estudiar\/adultos.html\" target=\"_blank\" rel=\"noopener\"><span style=\"font-size: 30pt;color: #2e64fe\">ESPA<\/span><\/a><\/span><\/p>\n<p><span style=\"font-size: 30pt;color: #000080\">5.- Admisi\u00f3n y Matriculaci\u00f3n de <a href=\"https:\/\/www.juntadeandalucia.es\/temas\/estudiar\/adultos.html\" target=\"_blank\" rel=\"noopener\"><span style=\"font-size: 30pt;color: #2e64fe\">Bachillerato de Adultos<\/span><\/a><\/span><\/p>\n<p><span style=\"font-size: 24pt;color: #000080\">C\u00f3digo de centro: 18009407<\/span><\/p>\n","protected":false},"excerpt":{"rendered":"<p>1.- Admisi\u00f3n y Matriculaci\u00f3n de ESO 2.- Admisi\u00f3n y Matriculaci\u00f3n de Bachillerato 3.- Admisi\u00f3n y Matriculaci\u00f3n de Formaci\u00f3n Profesional 4.- Admisi\u00f3n y Matriculaci\u00f3n de ESPA 5.- Admisi\u00f3n y Matriculaci\u00f3n de Bachillerato de Adultos C\u00f3digo de centro: 18009407<\/p>\n","protected":false},"author":7647,"featured_media":0,"parent":0,"menu_order":0,"comment_status":"closed","ping_status":"closed","template":"","meta":{"ngg_post_thumbnail":0,"footnotes":""},"aioseo_notices":[],"_links":{"self":[{"href":"https:\/\/blogsaverroes.juntadeandalucia.es\/iesvegadeatarfe\/wp-json\/wp\/v2\/pages\/2734"}],"collection":[{"href":"https:\/\/blogsaverroes.juntadeandalucia.es\/iesvegadeatarfe\/wp-json\/wp\/v2\/pages"}],"about":[{"href":"https:\/\/blogsaverroes.juntadeandalucia.es\/iesvegadeatarfe\/wp-json\/wp\/v2\/types\/page"}],"author":[{"embeddable":true,"href":"https:\/\/blogsaverroes.juntadeandalucia.es\/iesvegadeatarfe\/wp-json\/wp\/v2\/users\/7647"}],"replies":[{"embeddable":true,"href":"https:\/\/blogsaverroes.juntadeandalucia.es\/iesvegadeatarfe\/wp-json\/wp\/v2\/comments?post=2734"}],"version-history":[{"count":12,"href":"https:\/\/blogsaverroes.juntadeandalucia.es\/iesvegadeatarfe\/wp-json\/wp\/v2\/pages\/2734\/revisions"}],"predecessor-version":[{"id":6179,"href":"https:\/\/blogsaverroes.juntadeandalucia.es\/iesvegadeatarfe\/wp-json\/wp\/v2\/pages\/2734\/revisions\/6179"}],"wp:attachment":[{"href":"https:\/\/blogsaverroes.juntadeandalucia.es\/iesvegadeatarfe\/wp-json\/wp\/v2\/media?parent=2734"}],"curies":[{"name":"wp","href":"https:\/\/api.w.org\/{rel}","templated":true}]}}

Información Relevante

<p><img loading="lazy" decoding="async" class="aligncenter wp-image-2770 size-medium" src="https://blogsaverroes.juntadeandalucia.es/iesvegadeatarfe/files/2020/06/Matrícula-Normativa-300x219.png" alt="" width="300" height="219" srcset="https://blogsaverroes.juntadeandalucia.es/iesvegadeatarfe/files/2020/06/Matrícula-Normativa-300x219.png 300w, https://blogsaverroes.juntadeandalucia.es/iesvegadeatarfe/files/2020/06/Matrícula-Normativa-768x560.png 768w, https://blogsaverroes.juntadeandalucia.es/iesvegadeatarfe/files/2020/06/Matrícula-Normativa-700x510.png 700w, https://blogsaverroes.juntadeandalucia.es/iesvegadeatarfe/files/2020/06/Matrícula-Normativa-332x242.png 332w, https://blogsaverroes.juntadeandalucia.es/iesvegadeatarfe/files/2020/06/Matrícula-Normativa-24x17.png 24w, https://blogsaverroes.juntadeandalucia.es/iesvegadeatarfe/files/2020/06/Matrícula-Normativa-36x26.png 36w, https://blogsaverroes.juntadeandalucia.es/iesvegadeatarfe/files/2020/06/Matrícula-Normativa-48x35.png 48w, https://blogsaverroes.juntadeandalucia.es/iesvegadeatarfe/files/2020/06/Matrícula-Normativa.png 962w" sizes="(max-width: 300px) 100vw, 300px" /><br />
<span style="font-size: 30pt;color: #000080">1.- Admisión y Matriculación de <a href="https://www.juntadeandalucia.es/temas/estudiar/primaria-eso/matriculacion.html" target="_blank" rel="noopener noreferrer"><span style="font-size: 30pt;color: #2e64fe">ESO</span></a></span></p>
<p><span style="font-size: 30pt;color: #000080">2.- Admisión y Matriculación de <a style="font-size: 30pt;color: #2e64fe" href="https://www.juntadeandalucia.es/temas/estudiar/bachillerato/matriculacion.html" target="_blank" rel="noopener noreferrer">Bachillerato</a></span></p>
<p><span style="font-size: 30pt;color: #000080">3.- Admisión y Matriculación de <a href="https://www.juntadeandalucia.es/temas/estudiar/fp/matriculacion.html" target="_blank" rel="noopener noreferrer"><span style="font-size: 30pt;color: #2e64fe">Formación Profesional</span></a></span></p>
<p><span style="font-size: 30pt;color: #000080">4.- Admisión y Matriculación de <a href="https://www.juntadeandalucia.es/temas/estudiar/adultos.html" target="_blank" rel="noopener"><span style="font-size: 30pt;color: #2e64fe">ESPA</span></a></span></p>
<p><span style="font-size: 30pt;color: #000080">5.- Admisión y Matriculación de <a href="https://www.juntadeandalucia.es/temas/estudiar/adultos.html" target="_blank" rel="noopener"><span style="font-size: 30pt;color: #2e64fe">Bachillerato de Adultos</span></a></span></p>
<p><span style="font-size: 24pt;color: #000080">Código de centro: 18009407</span></p>

<p>1.- Admisión y Matriculación de ESO 2.- Admisión y Matriculación de Bachillerato 3.- Admisión y Matriculación de Formación Profesional 4.- Admisión y Matriculación de ESPA 5.- Admisión y Matriculación de Bachillerato de Adultos Código de centro: 18009407</p>
