{"id":3147,"date":"2020-09-23T13:31:10","date_gmt":"2020-09-23T11:31:10","guid":{"rendered":"https:\/\/blogsaverroes.juntadeandalucia.es\/iesvegadeatarfe\/?page_id=3147"},"modified":"2024-06-07T20:24:51","modified_gmt":"2024-06-07T18:24:51","slug":"documentos-especificos-de-ciclos-formativos","status":"publish","type":"page","link":"https:\/\/blogsaverroes.juntadeandalucia.es\/iesvegadeatarfe\/documentos-especificos-de-ciclos-formativos\/","title":{"rendered":"Documentos espec\u00edficos de Ciclos Formativos"},"content":{"rendered":"<p>&nbsp;<br \/>\n<span style=\"font-size: 24pt;color: #333333\">1.-<\/span><span style=\"font-size: 24pt\"><a style=\"color: #af0000\" href=\"https:\/\/blogsaverroes.juntadeandalucia.es\/iesvegadeatarfe\/files\/2020\/10\/Ciclos-Exenci\u00f3n-y-renuncia-FCT.pdf-COLOCAR-EN-CICLOS.pdf\" target=\"_blank\" rel=\"noopener noreferrer\"><span style=\"color: #ff6600\">Informaci\u00f3n sobre Renuncia o Exenci\u00f3n de FCT<\/span><\/a><\/span><\/p>\n<p><span style=\"font-size: 24pt;color: #333333\">2.-<\/span><span style=\"font-size: 24pt\"><a style=\"color: #af0000\" href=\"https:\/\/blogsaverroes.juntadeandalucia.es\/iesvegadeatarfe\/files\/2020\/10\/Ciclos-Anexo-II-Renuncia-convocatoria.pdf-para-colocar-en-CCFF.pdf\" target=\"_blank\" rel=\"noopener noreferrer\"><span style=\"color: #ff6600\">Renuncia a Convocatoria de M\u00f3dulos profesionales (Anexo II)<\/span><\/a><\/span><\/p>\n<p><span style=\"font-size: 24pt;color: #333333\">3.-<\/span><span style=\"font-size: 24pt\"><a style=\"color: #af0000\" href=\"https:\/\/blogsaverroes.juntadeandalucia.es\/iesvegadeatarfe\/files\/2020\/09\/Ciclos-Solicitud-Anulaci\u00f3n-de-Matr\u00edcula.pdf\" target=\"_blank\" rel=\"noopener noreferrer\"><span style=\"color: #ff6600\">Solicitud de Anulaci\u00f3n de matr\u00edcula (Anexo III)<\/span><\/a><\/span><\/p>\n<p><span style=\"font-size: 24pt;color: #333333\">4.-<\/span><span style=\"font-size: 24pt\"><a style=\"color: #af0000\" href=\"https:\/\/blogsaverroes.juntadeandalucia.es\/iesvegadeatarfe\/files\/2022\/06\/Solicitud-Baja-en-CF.pdf\" target=\"_blank\" rel=\"noopener noreferrer\"><span style=\"color: #ff6600\">Solicitud de Baja en Ciclo Formativo<\/span><\/a><\/span><\/p>\n<p><span style=\"font-size: 24pt;color: #333333\">5.-<\/span><span style=\"font-size: 24pt\"><a style=\"color: #af0000\" href=\"https:\/\/blogsaverroes.juntadeandalucia.es\/iesvegadeatarfe\/files\/2020\/09\/Ciclos-Solicitud-Convalidacion-Anexo-XII.pdf\" target=\"_blank\" rel=\"noopener noreferrer\"><span style=\"color: #ff6600\">Solicitud de Convalidaci\u00f3n de Estudios (Anexo XII)<\/span><\/a><\/span><\/p>\n<p><span style=\"font-size: 24pt;color: #333333\">6.-<\/span><span style=\"font-size: 24pt\"><a style=\"color: #af0000\" href=\"https:\/\/blogsaverroes.juntadeandalucia.es\/iesvegadeatarfe\/files\/2021\/10\/Ciclos-Solicitud-ANEXO-V-Convalidaci\u00f3n-de-M\u00f3dulos.pdf\" target=\"_blank\" rel=\"noopener noreferrer\"><span style=\"color: #ff6600\">Solicitud de Convalidaci\u00f3n de M\u00f3dulos de Formaci\u00f3n Profesional (Anexo IV)<\/span><\/a><\/span><\/p>\n<p><span style=\"font-size: 24pt;color: #333333\">7.-<\/span><span style=\"font-size: 24pt\"><a style=\"color: #af0000\" href=\"https:\/\/blogsaverroes.juntadeandalucia.es\/iesvegadeatarfe\/files\/2020\/09\/Ciclos-Solicitud-Extensi\u00f3n-de-matr\u00edcula.pdf\" target=\"_blank\" rel=\"noopener noreferrer\"><span style=\"color: #ff6600\">Solicitud de Extensi\u00f3n de matr\u00edcula (Anexo IV)<\/span><\/a><\/span><\/p>\n","protected":false},"excerpt":{"rendered":"<p>&nbsp; 1.-Informaci\u00f3n sobre Renuncia o Exenci\u00f3n de FCT 2.-Renuncia a Convocatoria de M\u00f3dulos profesionales (Anexo II) 3.-Solicitud de Anulaci\u00f3n de matr\u00edcula (Anexo III) 4.-Solicitud de Baja en Ciclo Formativo 5.-Solicitud de Convalidaci\u00f3n de Estudios (Anexo XII) 6.-Solicitud de Convalidaci\u00f3n de M\u00f3dulos de Formaci\u00f3n Profesional (Anexo IV) 7.-Solicitud de Extensi\u00f3n de matr\u00edcula (Anexo IV)<\/p>\n","protected":false},"author":7647,"featured_media":0,"parent":0,"menu_order":0,"comment_status":"closed","ping_status":"closed","template":"","meta":{"ngg_post_thumbnail":0,"footnotes":""},"aioseo_notices":[],"_links":{"self":[{"href":"https:\/\/blogsaverroes.juntadeandalucia.es\/iesvegadeatarfe\/wp-json\/wp\/v2\/pages\/3147"}],"collection":[{"href":"https:\/\/blogsaverroes.juntadeandalucia.es\/iesvegadeatarfe\/wp-json\/wp\/v2\/pages"}],"about":[{"href":"https:\/\/blogsaverroes.juntadeandalucia.es\/iesvegadeatarfe\/wp-json\/wp\/v2\/types\/page"}],"author":[{"embeddable":true,"href":"https:\/\/blogsaverroes.juntadeandalucia.es\/iesvegadeatarfe\/wp-json\/wp\/v2\/users\/7647"}],"replies":[{"embeddable":true,"href":"https:\/\/blogsaverroes.juntadeandalucia.es\/iesvegadeatarfe\/wp-json\/wp\/v2\/comments?post=3147"}],"version-history":[{"count":8,"href":"https:\/\/blogsaverroes.juntadeandalucia.es\/iesvegadeatarfe\/wp-json\/wp\/v2\/pages\/3147\/revisions"}],"predecessor-version":[{"id":5265,"href":"https:\/\/blogsaverroes.juntadeandalucia.es\/iesvegadeatarfe\/wp-json\/wp\/v2\/pages\/3147\/revisions\/5265"}],"wp:attachment":[{"href":"https:\/\/blogsaverroes.juntadeandalucia.es\/iesvegadeatarfe\/wp-json\/wp\/v2\/media?parent=3147"}],"curies":[{"name":"wp","href":"https:\/\/api.w.org\/{rel}","templated":true}]}}