{"id":3183,"date":"2020-09-25T08:19:46","date_gmt":"2020-09-25T06:19:46","guid":{"rendered":"https:\/\/blogsaverroes.juntadeandalucia.es\/iesvegadeatarfe\/?page_id=3183"},"modified":"2025-04-28T08:20:22","modified_gmt":"2025-04-28T06:20:22","slug":"codigos-de-escolarizacion-ciclos-formativos","status":"publish","type":"page","link":"https:\/\/blogsaverroes.juntadeandalucia.es\/iesvegadeatarfe\/codigos-de-escolarizacion-ciclos-formativos\/","title":{"rendered":"C\u00f3digos de escolarizaci\u00f3n &#8211; Ciclos Formativos"},"content":{"rendered":"<p><span style=\"font-size: 24pt;color: #916ab8\">1.- C\u00f3digos de escolarizaci\u00f3n<\/span>&nbsp;<\/p>\n<p><span style=\"color: #0bde02;font-size: 18pt\"><span style=\"color: #9d7dbd\"><a style=\"color: #9d7dbd\" href=\"https:\/\/blogsaverroes.juntadeandalucia.es\/iesvegadeatarfe\/files\/2020\/06\/codigos-de-CFGS-AF.pdf\" target=\"_blank\" rel=\"noopener noreferrer\">Enlace a c\u00f3digos de m\u00f3dulos Grado Superior Administraci\u00f3n y Finanzas<\/a><\/span> <span style=\"color: #000000\">(C\u00f3digo de Ciclo 04302)<\/span><\/span><\/p>\n<p><span style=\"font-size: 18pt;color: #0bde02\"><a style=\"color: #0bde02\" href=\"https:\/\/blogsaverroes.juntadeandalucia.es\/iesvegadeatarfe\/files\/2020\/06\/Codigos-de-CFGM-GA.pdf\" target=\"_blank\" rel=\"noopener noreferrer\"><span style=\"color: #9d7dbd\">Enlace a c\u00f3digos de m\u00f3dulos Grado Medio Gesti\u00f3n Administrativa<\/span><\/a><span style=\"color: #000000\"> (C\u00f3digo de Ciclo 04201)<\/span><\/span><\/p>\n<p>&nbsp;<br \/>\n<span style=\"font-size: 24pt;color: #916ab8\">2.- Convalidaciones, Equivalencias y Homologaciones<\/span>&nbsp;<br \/>\n<a href=\"https:\/\/www.todofp.es\/convalidaciones-equivalencias-homologaciones.html\" target=\"_blank\" rel=\"noopener noreferrer\"><img loading=\"lazy\" decoding=\"async\" class=\"aligncenter wp-image-4662 size-full\" src=\"https:\/\/blogsaverroes.juntadeandalucia.es\/iesvegadeatarfe\/files\/2022\/06\/FP-Convalidaciones-Equivalencias-y-Homologaciones.png\" alt=\"\" width=\"943\" height=\"312\" srcset=\"https:\/\/blogsaverroes.juntadeandalucia.es\/iesvegadeatarfe\/files\/2022\/06\/FP-Convalidaciones-Equivalencias-y-Homologaciones.png 943w, https:\/\/blogsaverroes.juntadeandalucia.es\/iesvegadeatarfe\/files\/2022\/06\/FP-Convalidaciones-Equivalencias-y-Homologaciones-300x99.png 300w, https:\/\/blogsaverroes.juntadeandalucia.es\/iesvegadeatarfe\/files\/2022\/06\/FP-Convalidaciones-Equivalencias-y-Homologaciones-768x254.png 768w, https:\/\/blogsaverroes.juntadeandalucia.es\/iesvegadeatarfe\/files\/2022\/06\/FP-Convalidaciones-Equivalencias-y-Homologaciones-700x232.png 700w, https:\/\/blogsaverroes.juntadeandalucia.es\/iesvegadeatarfe\/files\/2022\/06\/FP-Convalidaciones-Equivalencias-y-Homologaciones-332x110.png 332w\" sizes=\"(max-width: 943px) 100vw, 943px\" \/><\/a><\/p>\n<p>&nbsp;<br \/>\n<span style=\"font-size: 24pt;color: #916ab8\">3.- Formaci\u00f3n Profesional andaluza<\/span>&nbsp;<br \/>\n<a href=\"https:\/\/www.juntadeandalucia.es\/educacion\/portals\/web\/formacion-profesional-andaluza\" target=\"_blank\" rel=\"noopener noreferrer\"><img loading=\"lazy\" decoding=\"async\" class=\"aligncenter wp-image-4663 size-full\" src=\"https:\/\/blogsaverroes.juntadeandalucia.es\/iesvegadeatarfe\/files\/2025\/04\/FP-Andaluza.png\" alt=\"\" width=\"1396\" height=\"619\"><\/a><\/p>\n","protected":false},"excerpt":{"rendered":"<p>1.- C\u00f3digos de escolarizaci\u00f3n&nbsp; Enlace a c\u00f3digos de m\u00f3dulos Grado Superior Administraci\u00f3n y Finanzas (C\u00f3digo de Ciclo 04302) Enlace a c\u00f3digos de m\u00f3dulos Grado Medio Gesti\u00f3n Administrativa (C\u00f3digo de Ciclo 04201) &nbsp; 2.- Convalidaciones, Equivalencias y Homologaciones&nbsp; &nbsp; 3.- Formaci\u00f3n Profesional andaluza&nbsp;<\/p>\n","protected":false},"author":7646,"featured_media":0,"parent":0,"menu_order":0,"comment_status":"closed","ping_status":"closed","template":"","meta":{"ngg_post_thumbnail":0,"footnotes":""},"aioseo_notices":[],"_links":{"self":[{"href":"https:\/\/blogsaverroes.juntadeandalucia.es\/iesvegadeatarfe\/wp-json\/wp\/v2\/pages\/3183"}],"collection":[{"href":"https:\/\/blogsaverroes.juntadeandalucia.es\/iesvegadeatarfe\/wp-json\/wp\/v2\/pages"}],"about":[{"href":"https:\/\/blogsaverroes.juntadeandalucia.es\/iesvegadeatarfe\/wp-json\/wp\/v2\/types\/page"}],"author":[{"embeddable":true,"href":"https:\/\/blogsaverroes.juntadeandalucia.es\/iesvegadeatarfe\/wp-json\/wp\/v2\/users\/7646"}],"replies":[{"embeddable":true,"href":"https:\/\/blogsaverroes.juntadeandalucia.es\/iesvegadeatarfe\/wp-json\/wp\/v2\/comments?post=3183"}],"version-history":[{"count":10,"href":"https:\/\/blogsaverroes.juntadeandalucia.es\/iesvegadeatarfe\/wp-json\/wp\/v2\/pages\/3183\/revisions"}],"predecessor-version":[{"id":6241,"href":"https:\/\/blogsaverroes.juntadeandalucia.es\/iesvegadeatarfe\/wp-json\/wp\/v2\/pages\/3183\/revisions\/6241"}],"wp:attachment":[{"href":"https:\/\/blogsaverroes.juntadeandalucia.es\/iesvegadeatarfe\/wp-json\/wp\/v2\/media?parent=3183"}],"curies":[{"name":"wp","href":"https:\/\/api.w.org\/{rel}","templated":true}]}}

Códigos de escolarización &#8211; Ciclos Formativos

<p><span style="font-size: 24pt;color: #916ab8">1.- Códigos de escolarización</span>&nbsp;</p>
<p><span style="color: #0bde02;font-size: 18pt"><span style="color: #9d7dbd"><a style="color: #9d7dbd" href="https://blogsaverroes.juntadeandalucia.es/iesvegadeatarfe/files/2020/06/codigos-de-CFGS-AF.pdf" target="_blank" rel="noopener noreferrer">Enlace a códigos de módulos Grado Superior Administración y Finanzas</a></span> <span style="color: #000000">(Código de Ciclo 04302)</span></span></p>
<p><span style="font-size: 18pt;color: #0bde02"><a style="color: #0bde02" href="https://blogsaverroes.juntadeandalucia.es/iesvegadeatarfe/files/2020/06/Codigos-de-CFGM-GA.pdf" target="_blank" rel="noopener noreferrer"><span style="color: #9d7dbd">Enlace a códigos de módulos Grado Medio Gestión Administrativa</span></a><span style="color: #000000"> (Código de Ciclo 04201)</span></span></p>
<p>&nbsp;<br />
<span style="font-size: 24pt;color: #916ab8">2.- Convalidaciones, Equivalencias y Homologaciones</span>&nbsp;<br />
<a href="https://www.todofp.es/convalidaciones-equivalencias-homologaciones.html" target="_blank" rel="noopener noreferrer"><img loading="lazy" decoding="async" class="aligncenter wp-image-4662 size-full" src="https://blogsaverroes.juntadeandalucia.es/iesvegadeatarfe/files/2022/06/FP-Convalidaciones-Equivalencias-y-Homologaciones.png" alt="" width="943" height="312" srcset="https://blogsaverroes.juntadeandalucia.es/iesvegadeatarfe/files/2022/06/FP-Convalidaciones-Equivalencias-y-Homologaciones.png 943w, https://blogsaverroes.juntadeandalucia.es/iesvegadeatarfe/files/2022/06/FP-Convalidaciones-Equivalencias-y-Homologaciones-300x99.png 300w, https://blogsaverroes.juntadeandalucia.es/iesvegadeatarfe/files/2022/06/FP-Convalidaciones-Equivalencias-y-Homologaciones-768x254.png 768w, https://blogsaverroes.juntadeandalucia.es/iesvegadeatarfe/files/2022/06/FP-Convalidaciones-Equivalencias-y-Homologaciones-700x232.png 700w, https://blogsaverroes.juntadeandalucia.es/iesvegadeatarfe/files/2022/06/FP-Convalidaciones-Equivalencias-y-Homologaciones-332x110.png 332w" sizes="(max-width: 943px) 100vw, 943px" /></a></p>
<p>&nbsp;<br />
<span style="font-size: 24pt;color: #916ab8">3.- Formación Profesional andaluza</span>&nbsp;<br />
<a href="https://www.juntadeandalucia.es/educacion/portals/web/formacion-profesional-andaluza" target="_blank" rel="noopener noreferrer"><img loading="lazy" decoding="async" class="aligncenter wp-image-4663 size-full" src="https://blogsaverroes.juntadeandalucia.es/iesvegadeatarfe/files/2025/04/FP-Andaluza.png" alt="" width="1396" height="619"></a></p>

<p>1.- Códigos de escolarización&nbsp; Enlace a códigos de módulos Grado Superior Administración y Finanzas (Código de Ciclo 04302) Enlace a códigos de módulos Grado Medio Gestión Administrativa (Código de Ciclo 04201) &nbsp; 2.- Convalidaciones, Equivalencias y Homologaciones&nbsp; &nbsp; 3.- Formación Profesional andaluza&nbsp;</p>
