{"id":1171,"date":"2021-03-29T21:43:40","date_gmt":"2021-03-29T20:43:40","guid":{"rendered":"https:\/\/blogsaverroes.juntadeandalucia.es\/iesvegademar\/?page_id=1171"},"modified":"2021-03-31T12:05:09","modified_gmt":"2021-03-31T11:05:09","slug":"secundaria","status":"publish","type":"page","link":"https:\/\/blogsaverroes.juntadeandalucia.es\/iesvegademar\/secundaria\/","title":{"rendered":"Secundaria"},"content":{"rendered":"<p>[et_pb_section fb_built=&#8221;1&#8243; _builder_version=&#8221;3.23.3&#8243; custom_padding=&#8221;0px||0px|&#8221; z_index_tablet=&#8221;500&#8243; box_shadow_horizontal_tablet=&#8221;0px&#8221; box_shadow_vertical_tablet=&#8221;0px&#8221; box_shadow_blur_tablet=&#8221;40px&#8221; box_shadow_spread_tablet=&#8221;0px&#8221;][et_pb_row _builder_version=&#8221;3.25&#8243; background_size=&#8221;initial&#8221; background_position=&#8221;top_left&#8221; background_repeat=&#8221;repeat&#8221;][et_pb_column type=&#8221;4_4&#8243; _builder_version=&#8221;3.25&#8243; custom_padding=&#8221;|||&#8221; custom_padding__hover=&#8221;|||&#8221;][et_pb_image src=&#8221;https:\/\/blogsaverroes.juntadeandalucia.es\/iesvegademar\/files\/2020\/01\/cabecera-interior-3.jpg&#8221; title_text=&#8221;cabecera-interior-3&#8243; admin_label=&#8221;Imagen de la portada&#8221; _builder_version=&#8221;4.5.0&#8243; z_index_tablet=&#8221;500&#8243; box_shadow_horizontal_tablet=&#8221;0px&#8221; box_shadow_vertical_tablet=&#8221;0px&#8221; box_shadow_blur_tablet=&#8221;40px&#8221; box_shadow_spread_tablet=&#8221;0px&#8221;][\/et_pb_image][et_pb_text admin_label=&#8221;Texto descriptivo&#8221; _builder_version=&#8221;4.5.0&#8243; hover_enabled=&#8221;0&#8243; z_index_tablet=&#8221;500&#8243; text_text_shadow_horizontal_length_tablet=&#8221;0px&#8221; text_text_shadow_vertical_length_tablet=&#8221;0px&#8221; text_text_shadow_blur_strength_tablet=&#8221;1px&#8221; link_text_shadow_horizontal_length_tablet=&#8221;0px&#8221; link_text_shadow_vertical_length_tablet=&#8221;0px&#8221; link_text_shadow_blur_strength_tablet=&#8221;1px&#8221; ul_text_shadow_horizontal_length_tablet=&#8221;0px&#8221; ul_text_shadow_vertical_length_tablet=&#8221;0px&#8221; ul_text_shadow_blur_strength_tablet=&#8221;1px&#8221; ol_text_shadow_horizontal_length_tablet=&#8221;0px&#8221; ol_text_shadow_vertical_length_tablet=&#8221;0px&#8221; ol_text_shadow_blur_strength_tablet=&#8221;1px&#8221; quote_text_shadow_horizontal_length_tablet=&#8221;0px&#8221; quote_text_shadow_vertical_length_tablet=&#8221;0px&#8221; quote_text_shadow_blur_strength_tablet=&#8221;1px&#8221; header_text_shadow_horizontal_length_tablet=&#8221;0px&#8221; header_text_shadow_vertical_length_tablet=&#8221;0px&#8221; header_text_shadow_blur_strength_tablet=&#8221;1px&#8221; header_2_text_shadow_horizontal_length_tablet=&#8221;0px&#8221; header_2_text_shadow_vertical_length_tablet=&#8221;0px&#8221; header_2_text_shadow_blur_strength_tablet=&#8221;1px&#8221; header_3_text_shadow_horizontal_length_tablet=&#8221;0px&#8221; header_3_text_shadow_vertical_length_tablet=&#8221;0px&#8221; header_3_text_shadow_blur_strength_tablet=&#8221;1px&#8221; header_4_text_shadow_horizontal_length_tablet=&#8221;0px&#8221; header_4_text_shadow_vertical_length_tablet=&#8221;0px&#8221; header_4_text_shadow_blur_strength_tablet=&#8221;1px&#8221; header_5_text_shadow_horizontal_length_tablet=&#8221;0px&#8221; header_5_text_shadow_vertical_length_tablet=&#8221;0px&#8221; header_5_text_shadow_blur_strength_tablet=&#8221;1px&#8221; header_6_text_shadow_horizontal_length_tablet=&#8221;0px&#8221; header_6_text_shadow_vertical_length_tablet=&#8221;0px&#8221; header_6_text_shadow_blur_strength_tablet=&#8221;1px&#8221; box_shadow_horizontal_tablet=&#8221;0px&#8221; box_shadow_vertical_tablet=&#8221;0px&#8221; box_shadow_blur_tablet=&#8221;40px&#8221; box_shadow_spread_tablet=&#8221;0px&#8221;]<\/p>\n<h2>ESO<\/h2>\n<p align=\"justify\">La&nbsp;<strong><span class=\"bold\">Educaci\u00f3n Secundaria Obligatoria<\/span><\/strong>, tras la Educaci\u00f3n Primaria, concluye un primer paso com\u00fan para todos los alumnos en su proceso educativo.<\/p>\n<p align=\"justify\">Tiene una duraci\u00f3n de 4 cursos acad\u00e9micos que se cursan ordinariamente entre los 12 y los 16 a\u00f1os de edad. Est\u00e1 dividida en dos ciclos de 2 a\u00f1os cada uno, un Primer Ciclo, al que corresponden los cursos 1\u00ba y 2\u00ba y un Segundo Ciclo, con los cursos 3\u00ba y 4\u00ba.<\/p>\n<p align=\"justify\">La ESO ampl\u00eda la obligatoriedad y gratuidad hasta los diecis\u00e9is a\u00f1os, adapta la formaci\u00f3n que reciben los alumnos a los cambios que se han producido en nuestra sociedad en los \u00faltimos a\u00f1os y proporciona la formaci\u00f3n necesaria para que los alumnos y alumnas puedan proseguir sus estudios en: Bachillerato (en todas sus modalidades) y Formaci\u00f3n Profesional (Ciclos Formativos).<\/p>\n<p align=\"justify\">En los tres primeros cursos existen asignaturas obligatorias y algunas optativas, pero es en el 4\u00ba curso donde el alumnado tiene que decidirse por un itinerario seg\u00fan sus intereses. &nbsp;<\/p>\n<h3>Titulaci\u00f3n:<\/h3>\n<p align=\"justify\">Al finalizar el 4\u00ba curso los alumnos y las alumnas que hayan alcanzado las competencias b\u00e1sicas y los objetivos de la etapa, obtendr\u00e1n el&nbsp;<strong>T\u00edtulo de Graduado en Educaci\u00f3n Secundaria Obligatoria.<\/strong><\/p>\n<p>El alumnado que curse la educaci\u00f3n secundaria obligatoria pero no obtenga el t\u00edtulo, recibir\u00e1 un certificado de escolaridad en el que consten los a\u00f1os cursados.<\/p>\n<h3>Salidas acad\u00e9micas:<\/h3>\n<p align=\"justify\">El t\u00edtulo de Graduado en Educaci\u00f3n Secundaria Obligatoria permitir\u00e1 acceder al Bachillerato, a la Formaci\u00f3n Profesional de grado medio y al mundo laboral.<\/p>\n<p align=\"LEFT\"><b>Plazos<\/b><b>:<\/b>&nbsp;podemos encontrarlos en la p\u00e1gina de la Consejer\u00eda de Educaci\u00f3n:&nbsp;<\/p>\n<p align=\"LEFT\"><a href=\"http:\/\/www.juntadeandalucia.es\/educacion\/portals\/web\/escolarizacion\/infantil-a-bachillerato\/calendario\" target=\"_blank\" rel=\"noopener noreferrer\">http:\/\/www.juntadeandalucia.es\/educacion\/portals\/web\/escolarizacion<\/a><\/p>\n<p align=\"LEFT\"><b>Horario de las clases:<\/b>&nbsp;de 8:15 a 14:45 de lunes a viernes.&nbsp;<\/p>\n<p>[\/et_pb_text][\/et_pb_column][\/et_pb_row][\/et_pb_section]<\/p>\n","protected":false},"excerpt":{"rendered":"<p>[et_pb_section fb_built=&#8221;1&#8243; _builder_version=&#8221;3.23.3&#8243; custom_padding=&#8221;0px||0px|&#8221; z_index_tablet=&#8221;500&#8243; box_shadow_horizontal_tablet=&#8221;0px&#8221; box_shadow_vertical_tablet=&#8221;0px&#8221; box_shadow_blur_tablet=&#8221;40px&#8221; box_shadow_spread_tablet=&#8221;0px&#8221;][et_pb_row _builder_version=&#8221;3.25&#8243; background_size=&#8221;initial&#8221; background_position=&#8221;top_left&#8221; background_repeat=&#8221;repeat&#8221;][et_pb_column type=&#8221;4_4&#8243; _builder_version=&#8221;3.25&#8243; custom_padding=&#8221;|||&#8221; custom_padding__hover=&#8221;|||&#8221;][et_pb_image src=&#8221;https:\/\/blogsaverroes.juntadeandalucia.es\/iesvegademar\/files\/2020\/01\/cabecera-interior-3.jpg&#8221; title_text=&#8221;cabecera-interior-3&#8243; admin_label=&#8221;Imagen de la portada&#8221; _builder_version=&#8221;4.5.0&#8243; z_index_tablet=&#8221;500&#8243; box_shadow_horizontal_tablet=&#8221;0px&#8221; box_shadow_vertical_tablet=&#8221;0px&#8221; box_shadow_blur_tablet=&#8221;40px&#8221; box_shadow_spread_tablet=&#8221;0px&#8221;][\/et_pb_image][et_pb_text admin_label=&#8221;Texto descriptivo&#8221; _builder_version=&#8221;4.5.0&#8243; hover_enabled=&#8221;0&#8243; z_index_tablet=&#8221;500&#8243;&#46;&#46;&#46;<\/p>\n","protected":false},"author":12386,"featured_media":0,"parent":0,"menu_order":0,"comment_status":"closed","ping_status":"closed","template":"","meta":{"ngg_post_thumbnail":0,"footnotes":""},"aioseo_notices":[],"_links":{"self":[{"href":"https:\/\/blogsaverroes.juntadeandalucia.es\/iesvegademar\/wp-json\/wp\/v2\/pages\/1171"}],"collection":[{"href":"https:\/\/blogsaverroes.juntadeandalucia.es\/iesvegademar\/wp-json\/wp\/v2\/pages"}],"about":[{"href":"https:\/\/blogsaverroes.juntadeandalucia.es\/iesvegademar\/wp-json\/wp\/v2\/types\/page"}],"author":[{"embeddable":true,"href":"https:\/\/blogsaverroes.juntadeandalucia.es\/iesvegademar\/wp-json\/wp\/v2\/users\/12386"}],"replies":[{"embeddable":true,"href":"https:\/\/blogsaverroes.juntadeandalucia.es\/iesvegademar\/wp-json\/wp\/v2\/comments?post=1171"}],"version-history":[{"count":10,"href":"https:\/\/blogsaverroes.juntadeandalucia.es\/iesvegademar\/wp-json\/wp\/v2\/pages\/1171\/revisions"}],"predecessor-version":[{"id":1189,"href":"https:\/\/blogsaverroes.juntadeandalucia.es\/iesvegademar\/wp-json\/wp\/v2\/pages\/1171\/revisions\/1189"}],"wp:attachment":[{"href":"https:\/\/blogsaverroes.juntadeandalucia.es\/iesvegademar\/wp-json\/wp\/v2\/media?parent=1171"}],"curies":[{"name":"wp","href":"https:\/\/api.w.org\/{rel}","templated":true}]}}

<p>[et_pb_section fb_built=&#8221;1&#8243; _builder_version=&#8221;3.23.3&#8243; custom_padding=&#8221;0px||0px|&#8221; z_index_tablet=&#8221;500&#8243; box_shadow_horizontal_tablet=&#8221;0px&#8221; box_shadow_vertical_tablet=&#8221;0px&#8221; box_shadow_blur_tablet=&#8221;40px&#8221; box_shadow_spread_tablet=&#8221;0px&#8221;][et_pb_row _builder_version=&#8221;3.25&#8243; background_size=&#8221;initial&#8221; background_position=&#8221;top_left&#8221; background_repeat=&#8221;repeat&#8221;][et_pb_column type=&#8221;4_4&#8243; _builder_version=&#8221;3.25&#8243; custom_padding=&#8221;|||&#8221; custom_padding__hover=&#8221;|||&#8221;][et_pb_image src=&#8221;https://blogsaverroes.juntadeandalucia.es/iesvegademar/files/2020/01/cabecera-interior-3.jpg&#8221; title_text=&#8221;cabecera-interior-3&#8243; admin_label=&#8221;Imagen de la portada&#8221; _builder_version=&#8221;4.5.0&#8243; z_index_tablet=&#8221;500&#8243; box_shadow_horizontal_tablet=&#8221;0px&#8221; box_shadow_vertical_tablet=&#8221;0px&#8221; box_shadow_blur_tablet=&#8221;40px&#8221; box_shadow_spread_tablet=&#8221;0px&#8221;][/et_pb_image][et_pb_text admin_label=&#8221;Texto descriptivo&#8221; _builder_version=&#8221;4.5.0&#8243; hover_enabled=&#8221;0&#8243; z_index_tablet=&#8221;500&#8243; text_text_shadow_horizontal_length_tablet=&#8221;0px&#8221; text_text_shadow_vertical_length_tablet=&#8221;0px&#8221; text_text_shadow_blur_strength_tablet=&#8221;1px&#8221; link_text_shadow_horizontal_length_tablet=&#8221;0px&#8221; link_text_shadow_vertical_length_tablet=&#8221;0px&#8221; link_text_shadow_blur_strength_tablet=&#8221;1px&#8221; ul_text_shadow_horizontal_length_tablet=&#8221;0px&#8221; ul_text_shadow_vertical_length_tablet=&#8221;0px&#8221; ul_text_shadow_blur_strength_tablet=&#8221;1px&#8221; ol_text_shadow_horizontal_length_tablet=&#8221;0px&#8221; ol_text_shadow_vertical_length_tablet=&#8221;0px&#8221; ol_text_shadow_blur_strength_tablet=&#8221;1px&#8221; quote_text_shadow_horizontal_length_tablet=&#8221;0px&#8221; quote_text_shadow_vertical_length_tablet=&#8221;0px&#8221; quote_text_shadow_blur_strength_tablet=&#8221;1px&#8221; header_text_shadow_horizontal_length_tablet=&#8221;0px&#8221; header_text_shadow_vertical_length_tablet=&#8221;0px&#8221; header_text_shadow_blur_strength_tablet=&#8221;1px&#8221; header_2_text_shadow_horizontal_length_tablet=&#8221;0px&#8221; header_2_text_shadow_vertical_length_tablet=&#8221;0px&#8221; header_2_text_shadow_blur_strength_tablet=&#8221;1px&#8221; header_3_text_shadow_horizontal_length_tablet=&#8221;0px&#8221; header_3_text_shadow_vertical_length_tablet=&#8221;0px&#8221; header_3_text_shadow_blur_strength_tablet=&#8221;1px&#8221; header_4_text_shadow_horizontal_length_tablet=&#8221;0px&#8221; header_4_text_shadow_vertical_length_tablet=&#8221;0px&#8221; header_4_text_shadow_blur_strength_tablet=&#8221;1px&#8221; header_5_text_shadow_horizontal_length_tablet=&#8221;0px&#8221; header_5_text_shadow_vertical_length_tablet=&#8221;0px&#8221; header_5_text_shadow_blur_strength_tablet=&#8221;1px&#8221; header_6_text_shadow_horizontal_length_tablet=&#8221;0px&#8221; header_6_text_shadow_vertical_length_tablet=&#8221;0px&#8221; header_6_text_shadow_blur_strength_tablet=&#8221;1px&#8221; box_shadow_horizontal_tablet=&#8221;0px&#8221; box_shadow_vertical_tablet=&#8221;0px&#8221; box_shadow_blur_tablet=&#8221;40px&#8221; box_shadow_spread_tablet=&#8221;0px&#8221;]</p>
<h2>ESO</h2>
<p align="justify">La&nbsp;<strong><span class="bold">Educación Secundaria Obligatoria</span></strong>, tras la Educación Primaria, concluye un primer paso común para todos los alumnos en su proceso educativo.</p>
<p align="justify">Tiene una duración de 4 cursos académicos que se cursan ordinariamente entre los 12 y los 16 años de edad. Está dividida en dos ciclos de 2 años cada uno, un Primer Ciclo, al que corresponden los cursos 1º y 2º y un Segundo Ciclo, con los cursos 3º y 4º.</p>
<p align="justify">La ESO amplía la obligatoriedad y gratuidad hasta los dieciséis años, adapta la formación que reciben los alumnos a los cambios que se han producido en nuestra sociedad en los últimos años y proporciona la formación necesaria para que los alumnos y alumnas puedan proseguir sus estudios en: Bachillerato (en todas sus modalidades) y Formación Profesional (Ciclos Formativos).</p>
<p align="justify">En los tres primeros cursos existen asignaturas obligatorias y algunas optativas, pero es en el 4º curso donde el alumnado tiene que decidirse por un itinerario según sus intereses. &nbsp;</p>
<h3>Titulación:</h3>
<p align="justify">Al finalizar el 4º curso los alumnos y las alumnas que hayan alcanzado las competencias básicas y los objetivos de la etapa, obtendrán el&nbsp;<strong>Título de Graduado en Educación Secundaria Obligatoria.</strong></p>
<p>El alumnado que curse la educación secundaria obligatoria pero no obtenga el título, recibirá un certificado de escolaridad en el que consten los años cursados.</p>
<h3>Salidas académicas:</h3>
<p align="justify">El título de Graduado en Educación Secundaria Obligatoria permitirá acceder al Bachillerato, a la Formación Profesional de grado medio y al mundo laboral.</p>
<p align="LEFT"><b>Plazos</b><b>:</b>&nbsp;podemos encontrarlos en la página de la Consejería de Educación:&nbsp;</p>
<p align="LEFT"><a href="http://www.juntadeandalucia.es/educacion/portals/web/escolarizacion/infantil-a-bachillerato/calendario" target="_blank" rel="noopener noreferrer">http://www.juntadeandalucia.es/educacion/portals/web/escolarizacion</a></p>
<p align="LEFT"><b>Horario de las clases:</b>&nbsp;de 8:15 a 14:45 de lunes a viernes.&nbsp;</p>
<p>[/et_pb_text][/et_pb_column][/et_pb_row][/et_pb_section]</p>
