{"id":352,"date":"2020-02-13T10:51:34","date_gmt":"2020-02-13T09:51:34","guid":{"rendered":"http:\/\/blogsaverroes.juntadeandalucia.es\/pre\/nuevoiesv2\/?page_id=352"},"modified":"2025-11-17T19:48:57","modified_gmt":"2025-11-17T18:48:57","slug":"planes-y-proyectos","status":"publish","type":"page","link":"https:\/\/blogsaverroes.juntadeandalucia.es\/iesvegademijas\/planes-y-proyectos\/","title":{"rendered":"Planes y Proyectos"},"content":{"rendered":"<p>[et_pb_section fb_built=&#8221;1&#8243; _builder_version=&#8221;4.24.2&#8243; global_colors_info=&#8221;{}&#8221;][et_pb_row _builder_version=&#8221;4.16&#8243; custom_margin=&#8221;-20px|||&#8221; z_index_tablet=&#8221;500&#8243; box_shadow_horizontal_tablet=&#8221;0px&#8221; box_shadow_vertical_tablet=&#8221;0px&#8221; box_shadow_blur_tablet=&#8221;40px&#8221; box_shadow_spread_tablet=&#8221;0px&#8221; global_colors_info=&#8221;{}&#8221;][et_pb_column type=&#8221;4_4&#8243; _builder_version=&#8221;4.16&#8243; custom_padding=&#8221;|||&#8221; global_colors_info=&#8221;{}&#8221; custom_padding__hover=&#8221;|||&#8221;][et_pb_image src=&#8221;https:\/\/blogsaverroes.juntadeandalucia.es\/iesvegademijas\/files\/2020\/02\/cabecera-interior-ies-3.png&#8221; admin_label=&#8221;Imagen de la portada&#8221; _builder_version=&#8221;4.16&#8243; vertical_offset_tablet=&#8221;0&#8243; horizontal_offset_tablet=&#8221;0&#8243; z_index_tablet=&#8221;500&#8243; box_shadow_horizontal_tablet=&#8221;0px&#8221; box_shadow_vertical_tablet=&#8221;0px&#8221; box_shadow_blur_tablet=&#8221;40px&#8221; box_shadow_spread_tablet=&#8221;0px&#8221; global_colors_info=&#8221;{}&#8221;][\/et_pb_image][et_pb_text admin_label=&#8221;Texto descriptivo&#8221; _builder_version=&#8221;4.24.2&#8243; hover_enabled=&#8221;0&#8243; z_index_tablet=&#8221;500&#8243; text_text_shadow_horizontal_length_tablet=&#8221;0px&#8221; text_text_shadow_vertical_length_tablet=&#8221;0px&#8221; text_text_shadow_blur_strength_tablet=&#8221;1px&#8221; link_text_shadow_horizontal_length_tablet=&#8221;0px&#8221; link_text_shadow_vertical_length_tablet=&#8221;0px&#8221; link_text_shadow_blur_strength_tablet=&#8221;1px&#8221; ul_text_shadow_horizontal_length_tablet=&#8221;0px&#8221; ul_text_shadow_vertical_length_tablet=&#8221;0px&#8221; ul_text_shadow_blur_strength_tablet=&#8221;1px&#8221; ol_text_shadow_horizontal_length_tablet=&#8221;0px&#8221; ol_text_shadow_vertical_length_tablet=&#8221;0px&#8221; ol_text_shadow_blur_strength_tablet=&#8221;1px&#8221; quote_text_shadow_horizontal_length_tablet=&#8221;0px&#8221; quote_text_shadow_vertical_length_tablet=&#8221;0px&#8221; quote_text_shadow_blur_strength_tablet=&#8221;1px&#8221; header_text_shadow_horizontal_length_tablet=&#8221;0px&#8221; header_text_shadow_vertical_length_tablet=&#8221;0px&#8221; header_text_shadow_blur_strength_tablet=&#8221;1px&#8221; header_2_text_shadow_horizontal_length_tablet=&#8221;0px&#8221; header_2_text_shadow_vertical_length_tablet=&#8221;0px&#8221; header_2_text_shadow_blur_strength_tablet=&#8221;1px&#8221; header_3_text_shadow_horizontal_length_tablet=&#8221;0px&#8221; header_3_text_shadow_vertical_length_tablet=&#8221;0px&#8221; header_3_text_shadow_blur_strength_tablet=&#8221;1px&#8221; header_4_text_shadow_horizontal_length_tablet=&#8221;0px&#8221; header_4_text_shadow_vertical_length_tablet=&#8221;0px&#8221; header_4_text_shadow_blur_strength_tablet=&#8221;1px&#8221; header_5_text_shadow_horizontal_length_tablet=&#8221;0px&#8221; header_5_text_shadow_vertical_length_tablet=&#8221;0px&#8221; header_5_text_shadow_blur_strength_tablet=&#8221;1px&#8221; header_6_text_shadow_horizontal_length_tablet=&#8221;0px&#8221; header_6_text_shadow_vertical_length_tablet=&#8221;0px&#8221; header_6_text_shadow_blur_strength_tablet=&#8221;1px&#8221; box_shadow_horizontal_tablet=&#8221;0px&#8221; box_shadow_vertical_tablet=&#8221;0px&#8221; box_shadow_blur_tablet=&#8221;40px&#8221; box_shadow_spread_tablet=&#8221;0px&#8221; global_colors_info=&#8221;{}&#8221; sticky_enabled=&#8221;0&#8243;]<\/p>\n<h2>Planes y Proyectos<\/h2>\n<p style=\"text-align: justify\">La principal caracter\u00edstica de nuestro centro es la implicaci\u00f3n del profesorado en los distintos Planes y Programas que ofrece la administraci\u00f3n a trav\u00e9s de su <a href=\"https:\/\/www.juntadeandalucia.es\/educacion\/portals\/web\/ced\/planesyprogramas\">Plan Estrat\u00e9gico de Innovaci\u00f3n Educativa<\/a>, tambi\u00e9n de organismos y empresas que a trav\u00e9s de Actividades Extraescolares o desarrollo de Pr\u00e1cticas en Empresa en Formaci\u00f3n Profesional, ayudan a complementar el nuevo enfoque educativo basado en Situaciones de Aprendizaje.<\/p>\n<p style=\"text-align: justify\">Conviene indicar, que todos estos planes se vertebran a partir del planteamiento indicado en el Plan de Centro, en el que&nbsp;encontrar\u00e1n todos los&nbsp; detalles sobre el funcionamiento del centro.<\/p>\n<p style=\"text-align: justify\"><span style=\"color: #0c71c3\"><strong><a style=\"color: #0c71c3\" href=\"https:\/\/blogsaverroes.juntadeandalucia.es\/iesvegademijas\/files\/2025\/11\/PLAN-DE-CENTRO-CON-ANEXOS.pdf\">Plan de Centro <\/a><\/strong>y <\/span><span style=\"color: #3366ff\"><strong><a style=\"color: #3366ff\" href=\"https:\/\/blogsaverroes.juntadeandalucia.es\/iesvegademijas\/files\/2025\/11\/POAT-2025-26.pdf\">POAT<\/a><\/strong><\/span><\/p>\n<p>A continuaci\u00f3n dejamos la relaci\u00f3n de los principales junto a sus responsables, vinculados al Plan Estrat\u00e9gico:<\/p>\n<ul>\n<li>Biling\u00fcismo. Jos\u00e9 Juan Herrer\u00edas.<\/li>\n<li>Erasmus+ Educaci\u00f3n Escolar. Jos\u00e9 Juan Herrer\u00edas.<\/li>\n<li>Erasmus+ Formaci\u00f3n Profesional. Inmaculada Jim\u00e9nez.<\/li>\n<li>Prevenci\u00f3n de Riesgos Laborales. Javier de la Rosa.<\/li>\n<li>Plan de Igualdad de G\u00e9nero en Educaci\u00f3n. Irene Barroso<\/li>\n<li>Prevenci\u00f3n de Violencia de G\u00e9nero. Irene Barroso.<\/li>\n<li>Transformaci\u00f3n Digital Educativa. Juan Carlos Aznar.<\/li>\n<li>Pr\u00e1cticum M\u00e1ster Secundaria y Psicolog\u00eda. Cristina Gonz\u00e1lez.<\/li>\n<\/ul>\n<p>[\/et_pb_text][et_pb_button button_url=&#8221;https:\/\/blogsaverroes.juntadeandalucia.es\/vegademijasbiblioteca\/&#8221; button_text=&#8221;Biblioteca Escolar, BiblioImagine. Manuela Caler&#8221; _builder_version=&#8221;4.24.2&#8243; _module_preset=&#8221;default&#8221; animation_style=&#8221;fade&#8221; hover_enabled=&#8221;0&#8243; global_colors_info=&#8221;{}&#8221; admin_label=&#8221;Button&#8221; sticky_enabled=&#8221;0&#8243;][\/et_pb_button][\/et_pb_column][\/et_pb_row][\/et_pb_section]<\/p>\n","protected":false},"excerpt":{"rendered":"<p>Planes y Proyectos La principal caracter\u00edstica de nuestro centro es la implicaci\u00f3n del profesorado en los distintos Planes y Programas que ofrece la administraci\u00f3n a trav\u00e9s de su Plan Estrat\u00e9gico de Innovaci\u00f3n Educativa, tambi\u00e9n de organismos y empresas que a trav\u00e9s de Actividades Extraescolares o desarrollo de Pr\u00e1cticas en Empresa en Formaci\u00f3n Profesional, ayudan a [&hellip;]<\/p>\n","protected":false},"author":17188,"featured_media":0,"parent":0,"menu_order":0,"comment_status":"closed","ping_status":"closed","template":"","meta":{"_et_pb_use_builder":"on","_et_pb_old_content":"","_et_gb_content_width":"","ngg_post_thumbnail":0,"footnotes":""},"aioseo_notices":[],"_links":{"self":[{"href":"https:\/\/blogsaverroes.juntadeandalucia.es\/iesvegademijas\/wp-json\/wp\/v2\/pages\/352"}],"collection":[{"href":"https:\/\/blogsaverroes.juntadeandalucia.es\/iesvegademijas\/wp-json\/wp\/v2\/pages"}],"about":[{"href":"https:\/\/blogsaverroes.juntadeandalucia.es\/iesvegademijas\/wp-json\/wp\/v2\/types\/page"}],"author":[{"embeddable":true,"href":"https:\/\/blogsaverroes.juntadeandalucia.es\/iesvegademijas\/wp-json\/wp\/v2\/users\/17188"}],"replies":[{"embeddable":true,"href":"https:\/\/blogsaverroes.juntadeandalucia.es\/iesvegademijas\/wp-json\/wp\/v2\/comments?post=352"}],"version-history":[{"count":31,"href":"https:\/\/blogsaverroes.juntadeandalucia.es\/iesvegademijas\/wp-json\/wp\/v2\/pages\/352\/revisions"}],"predecessor-version":[{"id":1312,"href":"https:\/\/blogsaverroes.juntadeandalucia.es\/iesvegademijas\/wp-json\/wp\/v2\/pages\/352\/revisions\/1312"}],"wp:attachment":[{"href":"https:\/\/blogsaverroes.juntadeandalucia.es\/iesvegademijas\/wp-json\/wp\/v2\/media?parent=352"}],"curies":[{"name":"wp","href":"https:\/\/api.w.org\/{rel}","templated":true}]}}

<p>[et_pb_section fb_built=&#8221;1&#8243; _builder_version=&#8221;4.24.2&#8243; global_colors_info=&#8221;{}&#8221;][et_pb_row _builder_version=&#8221;4.16&#8243; custom_margin=&#8221;-20px|||&#8221; z_index_tablet=&#8221;500&#8243; box_shadow_horizontal_tablet=&#8221;0px&#8221; box_shadow_vertical_tablet=&#8221;0px&#8221; box_shadow_blur_tablet=&#8221;40px&#8221; box_shadow_spread_tablet=&#8221;0px&#8221; global_colors_info=&#8221;{}&#8221;][et_pb_column type=&#8221;4_4&#8243; _builder_version=&#8221;4.16&#8243; custom_padding=&#8221;|||&#8221; global_colors_info=&#8221;{}&#8221; custom_padding__hover=&#8221;|||&#8221;][et_pb_image src=&#8221;https://blogsaverroes.juntadeandalucia.es/iesvegademijas/files/2020/02/cabecera-interior-ies-3.png&#8221; admin_label=&#8221;Imagen de la portada&#8221; _builder_version=&#8221;4.16&#8243; vertical_offset_tablet=&#8221;0&#8243; horizontal_offset_tablet=&#8221;0&#8243; z_index_tablet=&#8221;500&#8243; box_shadow_horizontal_tablet=&#8221;0px&#8221; box_shadow_vertical_tablet=&#8221;0px&#8221; box_shadow_blur_tablet=&#8221;40px&#8221; box_shadow_spread_tablet=&#8221;0px&#8221; global_colors_info=&#8221;{}&#8221;][/et_pb_image][et_pb_text admin_label=&#8221;Texto descriptivo&#8221; _builder_version=&#8221;4.24.2&#8243; hover_enabled=&#8221;0&#8243; z_index_tablet=&#8221;500&#8243; text_text_shadow_horizontal_length_tablet=&#8221;0px&#8221; text_text_shadow_vertical_length_tablet=&#8221;0px&#8221; text_text_shadow_blur_strength_tablet=&#8221;1px&#8221; link_text_shadow_horizontal_length_tablet=&#8221;0px&#8221; link_text_shadow_vertical_length_tablet=&#8221;0px&#8221; link_text_shadow_blur_strength_tablet=&#8221;1px&#8221; ul_text_shadow_horizontal_length_tablet=&#8221;0px&#8221; ul_text_shadow_vertical_length_tablet=&#8221;0px&#8221; ul_text_shadow_blur_strength_tablet=&#8221;1px&#8221; ol_text_shadow_horizontal_length_tablet=&#8221;0px&#8221; ol_text_shadow_vertical_length_tablet=&#8221;0px&#8221; ol_text_shadow_blur_strength_tablet=&#8221;1px&#8221; quote_text_shadow_horizontal_length_tablet=&#8221;0px&#8221; quote_text_shadow_vertical_length_tablet=&#8221;0px&#8221; quote_text_shadow_blur_strength_tablet=&#8221;1px&#8221; header_text_shadow_horizontal_length_tablet=&#8221;0px&#8221; header_text_shadow_vertical_length_tablet=&#8221;0px&#8221; header_text_shadow_blur_strength_tablet=&#8221;1px&#8221; header_2_text_shadow_horizontal_length_tablet=&#8221;0px&#8221; header_2_text_shadow_vertical_length_tablet=&#8221;0px&#8221; header_2_text_shadow_blur_strength_tablet=&#8221;1px&#8221; header_3_text_shadow_horizontal_length_tablet=&#8221;0px&#8221; header_3_text_shadow_vertical_length_tablet=&#8221;0px&#8221; header_3_text_shadow_blur_strength_tablet=&#8221;1px&#8221; header_4_text_shadow_horizontal_length_tablet=&#8221;0px&#8221; header_4_text_shadow_vertical_length_tablet=&#8221;0px&#8221; header_4_text_shadow_blur_strength_tablet=&#8221;1px&#8221; header_5_text_shadow_horizontal_length_tablet=&#8221;0px&#8221; header_5_text_shadow_vertical_length_tablet=&#8221;0px&#8221; header_5_text_shadow_blur_strength_tablet=&#8221;1px&#8221; header_6_text_shadow_horizontal_length_tablet=&#8221;0px&#8221; header_6_text_shadow_vertical_length_tablet=&#8221;0px&#8221; header_6_text_shadow_blur_strength_tablet=&#8221;1px&#8221; box_shadow_horizontal_tablet=&#8221;0px&#8221; box_shadow_vertical_tablet=&#8221;0px&#8221; box_shadow_blur_tablet=&#8221;40px&#8221; box_shadow_spread_tablet=&#8221;0px&#8221; global_colors_info=&#8221;{}&#8221; sticky_enabled=&#8221;0&#8243;]</p>
<h2>Planes y Proyectos</h2>
<p style="text-align: justify">La principal característica de nuestro centro es la implicación del profesorado en los distintos Planes y Programas que ofrece la administración a través de su <a href="https://www.juntadeandalucia.es/educacion/portals/web/ced/planesyprogramas">Plan Estratégico de Innovación Educativa</a>, también de organismos y empresas que a través de Actividades Extraescolares o desarrollo de Prácticas en Empresa en Formación Profesional, ayudan a complementar el nuevo enfoque educativo basado en Situaciones de Aprendizaje.</p>
<p style="text-align: justify">Conviene indicar, que todos estos planes se vertebran a partir del planteamiento indicado en el Plan de Centro, en el que&nbsp;encontrarán todos los&nbsp; detalles sobre el funcionamiento del centro.</p>
<p style="text-align: justify"><span style="color: #0c71c3"><strong><a style="color: #0c71c3" href="https://blogsaverroes.juntadeandalucia.es/iesvegademijas/files/2025/11/PLAN-DE-CENTRO-CON-ANEXOS.pdf">Plan de Centro </a></strong>y </span><span style="color: #3366ff"><strong><a style="color: #3366ff" href="https://blogsaverroes.juntadeandalucia.es/iesvegademijas/files/2025/11/POAT-2025-26.pdf">POAT</a></strong></span></p>
<p>A continuación dejamos la relación de los principales junto a sus responsables, vinculados al Plan Estratégico:</p>
<ul>
<li>Bilingüismo. José Juan Herrerías.</li>
<li>Erasmus+ Educación Escolar. José Juan Herrerías.</li>
<li>Erasmus+ Formación Profesional. Inmaculada Jiménez.</li>
<li>Prevención de Riesgos Laborales. Javier de la Rosa.</li>
<li>Plan de Igualdad de Género en Educación. Irene Barroso</li>
<li>Prevención de Violencia de Género. Irene Barroso.</li>
<li>Transformación Digital Educativa. Juan Carlos Aznar.</li>
<li>Prácticum Máster Secundaria y Psicología. Cristina González.</li>
</ul>
<p>[/et_pb_text][et_pb_button button_url=&#8221;https://blogsaverroes.juntadeandalucia.es/vegademijasbiblioteca/&#8221; button_text=&#8221;Biblioteca Escolar, BiblioImagine. Manuela Caler&#8221; _builder_version=&#8221;4.24.2&#8243; _module_preset=&#8221;default&#8221; animation_style=&#8221;fade&#8221; hover_enabled=&#8221;0&#8243; global_colors_info=&#8221;{}&#8221; admin_label=&#8221;Button&#8221; sticky_enabled=&#8221;0&#8243;][/et_pb_button][/et_pb_column][/et_pb_row][/et_pb_section]</p>

<p>Planes y Proyectos La principal característica de nuestro centro es la implicación del profesorado en los distintos Planes y Programas que ofrece la administración a través de su Plan Estratégico de Innovación Educativa, también de organismos y empresas que a través de Actividades Extraescolares o desarrollo de Prácticas en Empresa en Formación Profesional, ayudan a [&hellip;]</p>
