{"id":40,"date":"2023-05-02T11:26:27","date_gmt":"2023-05-02T11:26:27","guid":{"rendered":"https:\/\/blogsaverroes.juntadeandalucia.es\/iesvegademijaserasmusplus\/?page_id=40"},"modified":"2023-05-02T11:26:27","modified_gmt":"2023-05-02T11:26:27","slug":"educacion-superior","status":"publish","type":"page","link":"https:\/\/blogsaverroes.juntadeandalucia.es\/iesvegademijaserasmusplus\/educacion-superior\/","title":{"rendered":"Educaci\u00f3n Superior"},"content":{"rendered":"<ul>\n<li><span style=\"color: #000000\">Educaci\u00f3n Superior, s\u00f3lo para alumnado de ciclos formativos de Grado Superior (coordina&nbsp;Inmaculada Jim\u00e9nez).<\/span><\/li>\n<\/ul>\n","protected":false},"excerpt":{"rendered":"<p>Educaci\u00f3n Superior, s\u00f3lo para alumnado de ciclos formativos de Grado Superior (coordina&nbsp;Inmaculada Jim\u00e9nez).<\/p>\n","protected":false},"author":16445,"featured_media":0,"parent":0,"menu_order":0,"comment_status":"closed","ping_status":"closed","template":"","meta":{"ngg_post_thumbnail":0,"footnotes":""},"aioseo_notices":[],"_links":{"self":[{"href":"https:\/\/blogsaverroes.juntadeandalucia.es\/iesvegademijaserasmusplus\/wp-json\/wp\/v2\/pages\/40"}],"collection":[{"href":"https:\/\/blogsaverroes.juntadeandalucia.es\/iesvegademijaserasmusplus\/wp-json\/wp\/v2\/pages"}],"about":[{"href":"https:\/\/blogsaverroes.juntadeandalucia.es\/iesvegademijaserasmusplus\/wp-json\/wp\/v2\/types\/page"}],"author":[{"embeddable":true,"href":"https:\/\/blogsaverroes.juntadeandalucia.es\/iesvegademijaserasmusplus\/wp-json\/wp\/v2\/users\/16445"}],"replies":[{"embeddable":true,"href":"https:\/\/blogsaverroes.juntadeandalucia.es\/iesvegademijaserasmusplus\/wp-json\/wp\/v2\/comments?post=40"}],"version-history":[{"count":1,"href":"https:\/\/blogsaverroes.juntadeandalucia.es\/iesvegademijaserasmusplus\/wp-json\/wp\/v2\/pages\/40\/revisions"}],"predecessor-version":[{"id":41,"href":"https:\/\/blogsaverroes.juntadeandalucia.es\/iesvegademijaserasmusplus\/wp-json\/wp\/v2\/pages\/40\/revisions\/41"}],"wp:attachment":[{"href":"https:\/\/blogsaverroes.juntadeandalucia.es\/iesvegademijaserasmusplus\/wp-json\/wp\/v2\/media?parent=40"}],"curies":[{"name":"wp","href":"https:\/\/api.w.org\/{rel}","templated":true}]}}

Educación Superior

<ul>
<li><span style="color: #000000">Educación Superior, sólo para alumnado de ciclos formativos de Grado Superior (coordina&nbsp;Inmaculada Jiménez).</span></li>
</ul>

<p>Educación Superior, sólo para alumnado de ciclos formativos de Grado Superior (coordina&nbsp;Inmaculada Jiménez).</p>
