{"id":5198,"date":"2025-06-10T08:09:16","date_gmt":"2025-06-10T08:09:16","guid":{"rendered":"https:\/\/blogsaverroes.juntadeandalucia.es\/iesveladalhamar\/?page_id=5198"},"modified":"2025-11-05T23:11:11","modified_gmt":"2025-11-05T23:11:11","slug":"principal","status":"publish","type":"page","link":"https:\/\/blogsaverroes.juntadeandalucia.es\/iesveladalhamar\/","title":{"rendered":"Novedades"},"content":{"rendered":"<p style=\"text-align: justify\"><a href=\"https:\/\/blogsaverroes.juntadeandalucia.es\/iesveladalhamar\/files\/2025\/06\/Logo-Horizontal-Positivo-Consejeria.png\"><img loading=\"lazy\" decoding=\"async\" class=\"wp-image-5245\" src=\"https:\/\/blogsaverroes.juntadeandalucia.es\/iesveladalhamar\/files\/2025\/06\/Logo-Horizontal-Positivo-Consejeria.png\" alt=\"\" width=\"222\" height=\"63\"><\/a><\/p>\r\n\r\n<p><img loading=\"lazy\" decoding=\"async\" class=\"aligncenter  wp-image-5213\" src=\"https:\/\/blogsaverroes.juntadeandalucia.es\/iesveladalhamar\/files\/2025\/06\/letras-ies-trans.png\" alt=\"\" width=\"439\" height=\"99\"><br><span style=\"color: #000000\"><div class='et-learn-more clearfix'>\n\t\t\t\t\t<h3 class='heading-more'>Matriculaci\u00f3n: Curso 2025-2026<span class='et_learnmore_arrow'><span><\/span><\/span><\/h3>\n\t\t\t\t\t<div class='learn-more-content'><strong>Acceso a la Secretar\u00eda Virtual<\/strong><\/span><\/p>\r\n<p style=\"text-align: justify\"><span style=\"color: #000000\">Una vez que se inicien los plazos administrativos&nbsp;<strong>(1 al 10 de julio)<\/strong>&nbsp;se establecer\u00e1 desde la web de la&nbsp;<a style=\"color: #000000\" href=\"https:\/\/www.juntadeandalucia.es\/educacion\/secretariavirtual\/solicitudes\/\" target=\"_blank\" rel=\"noopener noreferrer\"><strong>Secretar\u00eda<\/strong> <strong>Virtual<\/strong><\/a> un enlace al sobre electr\u00f3nico de matr\u00edcula.<\/span><\/p>\r\n<p><span style=\"color: #000000\"><strong>Cumplimentaci\u00f3n de la matr\u00edcula<\/strong><\/span><\/p>\r\n<p style=\"text-align: justify\"><span style=\"color: #000000\">Se realizar\u00e1 preferentemente de forma telem\u00e1tica: para aquellas familias que tengan dificultades t\u00e9cnicas se&nbsp; habilitar\u00e1n puntos de acceso en la sala de Convivencia del Centro. Estos son los tipos de acceso para su cumplimentaci\u00f3n:<\/span><\/p>\r\n<p style=\"text-align: justify\"><span style=\"color: #000000\">\n\t\t\t<div class='et-tabs-container et_sliderfx_fade et_sliderauto_false et_sliderauto_speed_5000 et_slidertype_top_tabs'>\n\t\t\t\t<ul class='et-tabs-control'>\n\t\t\t<li><a href='#'>\n\t\t\tClave iANDE\n\t\t<\/a><\/li>\n\t\t<li><a href='#'>\n\t\t\tAutenticaci\u00f3n Cl@ve\n\t\t<\/a><\/li> \n\t\t<li><a href='#'>\n\t\t\tCertificado Digital\n\t\t<\/a><\/li>\n\t\t<\/ul> \n\t\t<div class='et-tabs-content'>\n\t\t\t<div class='et-tabs-content-main-wrap'>\n\t\t\t\t<div class='et-tabs-content-wrapper'>\n\t\t\t\t\t<div class='et_slidecontent'>\n\t\t\tPara facilitar telem\u00e1ticamente los procedimientos relacionados con el centro (admisi\u00f3n, matriculaci\u00f3n y otros tr\u00e1mites) y as\u00ed evitar que las familias tengan que desplazarse a las instalaciones de los mismos, se ha habilitado el Identificador Andaluz Educativo (iANDE), una clave que les permitir\u00e1 autenticarse en la Secretar\u00eda Virtual de forma \u00e1gil y r\u00e1pida. Las claves iANDE se han difundido a las familias a trav\u00e9s de la app iPasen, en un mensaje anclado en la bandeja de entrada de Comunicaciones. En este mensaje los tutores legales tienen las claves iANDE de cada uno de sus hijos o hijas as\u00ed como para ellos mismos si fueran a su vez alumnos. Este mensaje permanece fijo y no se puede borrar.<iframe loading=\"lazy\" src=\"https:\/\/www.youtube.com\/embed\/5b0TRhYDrOM?si=JDZaQFhuWUMgEcsR\" width=\"560\" height=\"315\" frameborder=\"0\"><\/iframe>&nbsp;\n\t\t<\/div> \n\t\t<div class='et_slidecontent'>\n\t\t\tEs una forma de realizar tr\u00e1mites por Internet con una validez limitada en el tiempo y que se puede renovar cada vez que necesitemos. Este sistema de identificaci\u00f3n electr\u00f3nica est\u00e1 basado en el uso de un c\u00f3digo elegido por el usuario y un PIN comunicado al tel\u00e9fono mediante la app Cl@ve PIN o con un mensaje SMS.\n\t\t<\/div> \n\t\t<div class='et_slidecontent'>\n\t\t\tEs, principalmente, un documento digital que contiene nuestros datos identificativos que est\u00e1n autentificados por un organismo oficial. El certificado digital es un documento que confirma nuestra identidad en internet como Persona F\u00edsica y es obligatorio para poder consultar y realizar tr\u00e1mites con la Administraci\u00f3n P\u00fablica.\n\t\t<\/div>\n\t\t\t\t<\/div>\n\t\t\t<\/div>\n\t\t<\/div>\n\t\t\t<\/div><\/span><\/p>\r\n<p><span style=\"color: #000000\"><div class='et-box et-info'>\n\t\t\t\t\t<div class='et-box-content'>El pago del Seguro Escolar ser\u00e1 obligatorio a trav\u00e9s de la Secretar\u00eda Virtual. El importe es de 1.12\u20ac. El alumnado desde 3\u00ba ESO deber\u00e1 pagar obligatoriamente el seguro escolar. En ESPA, el alumnado mayor de 28 a\u00f1os no paga seguro escolar.<\/div><\/div><\/span><\/p>\r\n<p style=\"text-align: justify\"><span style=\"color: #000000\"><strong>Solicitud de cita previa<\/strong><\/span><\/p>\r\n<p style=\"text-align: justify\"><span style=\"color: #000000\"><span class=\"OYPEnA font-feature-liga-off font-feature-clig-off font-feature-calt-off text-decoration-none text-strikethrough-none\">Si encuentra dificultades para realizar alguno de los pasos o si por motivos t\u00e9cnicos o de cualquier otra naturaleza le fuera imposible realizar la matriculaci\u00f3n de forma telem\u00e1tica, solicite cita previa llamando al tel\u00e9fono 600141540.<\/span><\/div>\n\t\t\t\t<\/div><\/span><\/p>\r\n<div class='pt-cv-wrapper et_smooth_scroll_disabled'> <h3 class='pt-cv-heading-container heading1' data-blockid='8v2bjnwy'><span class='pt-cv-heading'>  <\/span><\/h3><div class=\"pt-cv-view pt-cv-overlaygrid iscvblock iscvreal overlay3 layout1\" id=\"pt-cv-view-8v2bjnwy\"><div data-id=\"pt-cv-page-1\" class=\"pt-cv-page\" data-cvc=\"4\"><div class=\" pt-cv-content-item pt-cv-1-col cv-main-post\" ><div class=\"pt-cv-thumb-wrapper  \"><a href=\"https:\/\/blogsaverroes.juntadeandalucia.es\/iesveladalhamar\/2026\/04\/13\/pruebas-de-obtencion-del-titulo-de-graduado-en-eso-para-mayores-de-18-anos-2a-convocatoria\/\" class=\"_self pt-cv-href-thumbnail pt-cv-thumb-default\" target=\"_self\" ><\/a><\/div>\n<div class=\"pt-cv-overlay-wrapper\"><div class=\"pt-cv-taxoterm above_title\"><a href='https:\/\/blogsaverroes.juntadeandalucia.es\/iesveladalhamar\/category\/espa\/' title='ESPA' class='pt-cv-tax-espa'>ESPA<\/a><a href='https:\/\/blogsaverroes.juntadeandalucia.es\/iesveladalhamar\/category\/educacion-secundaria-para-personas-adultas-espa\/' title='Novedades' class='pt-cv-tax-educacion-secundaria-para-personas-adultas-espa'>Novedades<\/a><\/div><h4 class=\"pt-cv-title\"><a href=\"https:\/\/blogsaverroes.juntadeandalucia.es\/iesveladalhamar\/2026\/04\/13\/pruebas-de-obtencion-del-titulo-de-graduado-en-eso-para-mayores-de-18-anos-2a-convocatoria\/\" class=\"_self\" target=\"_self\" >Pruebas de obtenci\u00f3n del t\u00edtulo de Graduado en ESO para mayores de 18 a\u00f1os (2\u00aa convocatoria)<\/a><\/h4><div class=\"pt-cv-meta-fields\"><span class=\"entry-date\"> <time datetime=\"2026-04-13T15:02:32+00:00\">13 abril, 2026<\/time><\/span><span> \/ <\/span><span class=\"author\"> <a href=\"https:\/\/blogsaverroes.juntadeandalucia.es\/iesveladalhamar\/author\/04700491edu\/\" rel=\"author\">04700491edu<\/a><\/span><\/div><\/div><\/div>\n<div class=\" pt-cv-content-item pt-cv-1-col\" ><div class=\"pt-cv-thumb-wrapper  miniwrap\"><a href=\"https:\/\/blogsaverroes.juntadeandalucia.es\/iesveladalhamar\/2026\/03\/23\/v-concurso-de-fotografia-con-movil\/\" class=\"_self pt-cv-href-thumbnail pt-cv-thumb-default\" target=\"_self\" ><\/a><\/div>\n<div class=\"pt-cv-overlay-wrapper\"><div class=\"pt-cv-taxoterm above_title\"><a href='https:\/\/blogsaverroes.juntadeandalucia.es\/iesveladalhamar\/category\/educacion-secundaria-para-personas-adultas-espa\/' title='Novedades' class='pt-cv-tax-educacion-secundaria-para-personas-adultas-espa'>Novedades<\/a><\/div><h4 class=\"pt-cv-title pt-cv-titlesm\"><a href=\"https:\/\/blogsaverroes.juntadeandalucia.es\/iesveladalhamar\/2026\/03\/23\/v-concurso-de-fotografia-con-movil\/\" class=\"_self\" target=\"_self\" >VI Concurso de fotograf\u00eda con m\u00f3vil: Mi rinc\u00f3n favorito de Los V\u00e9lez<\/a><\/h4><div class=\"pt-cv-meta-fields\"><span class=\"entry-date\"> <time datetime=\"2026-03-23T12:20:01+00:00\">23 marzo, 2026<\/time><\/span><span> \/ <\/span><span class=\"author\"> <a href=\"https:\/\/blogsaverroes.juntadeandalucia.es\/iesveladalhamar\/author\/04700491edu\/\" rel=\"author\">04700491edu<\/a><\/span><\/div><\/div><\/div>\n<div class=\" pt-cv-content-item pt-cv-1-col\" ><div class=\"pt-cv-thumb-wrapper  miniwrap\"><a href=\"https:\/\/blogsaverroes.juntadeandalucia.es\/iesveladalhamar\/2026\/03\/09\/presentacion-telematica-de-la-solicitud-de-admision\/\" class=\"_self pt-cv-href-thumbnail pt-cv-thumb-default\" target=\"_self\" ><\/a><\/div>\n<div class=\"pt-cv-overlay-wrapper\"><div class=\"pt-cv-taxoterm above_title\"><a href='https:\/\/blogsaverroes.juntadeandalucia.es\/iesveladalhamar\/category\/centro\/' title='Centro' class='pt-cv-tax-centro'>Centro<\/a><\/div><h4 class=\"pt-cv-title pt-cv-titlesm\"><a href=\"https:\/\/blogsaverroes.juntadeandalucia.es\/iesveladalhamar\/2026\/03\/09\/presentacion-telematica-de-la-solicitud-de-admision\/\" class=\"_self\" target=\"_self\" >Presentaci\u00f3n telem\u00e1tica de la solicitud de admisi\u00f3n<\/a><\/h4><div class=\"pt-cv-meta-fields\"><span class=\"entry-date\"> <time datetime=\"2026-03-09T12:07:42+00:00\">9 marzo, 2026<\/time><\/span><span> \/ <\/span><span class=\"author\"> <a href=\"https:\/\/blogsaverroes.juntadeandalucia.es\/iesveladalhamar\/author\/04700491edu\/\" rel=\"author\">04700491edu<\/a><\/span><\/div><\/div><\/div>\n<div class=\" pt-cv-content-item pt-cv-1-col\" ><div class=\"pt-cv-thumb-wrapper  miniwrap\"><a href=\"https:\/\/blogsaverroes.juntadeandalucia.es\/iesveladalhamar\/2026\/02\/20\/calendario-de-pendientes-2025-2026-febrero\/\" class=\"_self pt-cv-href-thumbnail pt-cv-thumb-default\" target=\"_self\" ><\/a><\/div>\n<div class=\"pt-cv-overlay-wrapper\"><div class=\"pt-cv-taxoterm above_title\"><a href='https:\/\/blogsaverroes.juntadeandalucia.es\/iesveladalhamar\/category\/centro\/' title='Centro' class='pt-cv-tax-centro'>Centro<\/a><\/div><h4 class=\"pt-cv-title pt-cv-titlesm\"><a href=\"https:\/\/blogsaverroes.juntadeandalucia.es\/iesveladalhamar\/2026\/02\/20\/calendario-de-pendientes-2025-2026-febrero\/\" class=\"_self\" target=\"_self\" >Calendario de pendientes 2025\/2026: FEBRERO<\/a><\/h4><div class=\"pt-cv-meta-fields\"><span class=\"entry-date\"> <time datetime=\"2026-02-20T13:40:19+00:00\">20 febrero, 2026<\/time><\/span><span> \/ <\/span><span class=\"author\"> <a href=\"https:\/\/blogsaverroes.juntadeandalucia.es\/iesveladalhamar\/author\/04700491edu\/\" rel=\"author\">04700491edu<\/a><\/span><\/div><\/div><\/div><\/div><\/div> <\/div> <style>\n#pt-cv-view-8v2bjnwy .pt-cv-thumb-wrapper::before {background: #68aa9866; opacity: 0.8;}#pt-cv-view-8v2bjnwy .pt-cv-overlay-wrapper {justify-content: center;}\n#pt-cv-view-8v2bjnwy { border-color: #ffffff;border-style: dashed; }#pt-cv-view-8v2bjnwy .pt-cv-meta-fields {  }#pt-cv-view-8v2bjnwy .pt-cv-meta-fields * { font-size: 13px; }#pt-cv-view-8v2bjnwy .pt-cv-title a { display: block; }#pt-cv-view-8v2bjnwy .pt-cv-title:not(.pt-cv-titlesm) a { font-weight: 600;text-decoration: none;font-size: 26px; }#pt-cv-view-8v2bjnwy .pt-cv-titlesm a { font-weight: 600;font-size: 20px; }#pt-cv-view-8v2bjnwy .pt-cv-content { font-size: 15px; }#pt-cv-view-8v2bjnwy .pt-cv-rmwrap {  }#pt-cv-view-8v2bjnwy .pt-cv-readmore { color: #fff;background-color: #0075ff;font-size: 14px; }#pt-cv-view-8v2bjnwy .pt-cv-taxoterm { margin: 0px 0px 20px 0px; }#pt-cv-view-8v2bjnwy .pt-cv-taxoterm * { color: #222;background-color: #fff6f6;font-size: 14px; }#pt-cv-view-8v2bjnwy + .pt-cv-pagination-wrapper {  }#pt-cv-view-8v2bjnwy + .pt-cv-pagination-wrapper a { font-size: 14px; }#pt-cv-view-8v2bjnwy > .pt-cv-page {grid-template-columns: repeat(4, 1fr);grid-auto-rows: 250px;grid-gap: 10px;}\n@media all and (max-width: 1024px) { \n#pt-cv-view-8v2bjnwy > .pt-cv-page {grid-template-columns: repeat(4, 1fr);}\n} \n@media all and (max-width: 767px) { \n#pt-cv-view-8v2bjnwy > .pt-cv-page {grid-template-columns: repeat(1, 1fr);}\n} <\/style>","protected":false},"excerpt":{"rendered":"","protected":false},"author":6686,"featured_media":0,"parent":0,"menu_order":0,"comment_status":"closed","ping_status":"closed","template":"","meta":{"_et_pb_use_builder":"","_et_pb_old_content":"","_et_gb_content_width":"","ngg_post_thumbnail":0,"footnotes":"","_mc_calendar":[]},"aioseo_notices":[],"_links":{"self":[{"href":"https:\/\/blogsaverroes.juntadeandalucia.es\/iesveladalhamar\/wp-json\/wp\/v2\/pages\/5198"}],"collection":[{"href":"https:\/\/blogsaverroes.juntadeandalucia.es\/iesveladalhamar\/wp-json\/wp\/v2\/pages"}],"about":[{"href":"https:\/\/blogsaverroes.juntadeandalucia.es\/iesveladalhamar\/wp-json\/wp\/v2\/types\/page"}],"author":[{"embeddable":true,"href":"https:\/\/blogsaverroes.juntadeandalucia.es\/iesveladalhamar\/wp-json\/wp\/v2\/users\/6686"}],"replies":[{"embeddable":true,"href":"https:\/\/blogsaverroes.juntadeandalucia.es\/iesveladalhamar\/wp-json\/wp\/v2\/comments?post=5198"}],"version-history":[{"count":23,"href":"https:\/\/blogsaverroes.juntadeandalucia.es\/iesveladalhamar\/wp-json\/wp\/v2\/pages\/5198\/revisions"}],"predecessor-version":[{"id":5345,"href":"https:\/\/blogsaverroes.juntadeandalucia.es\/iesveladalhamar\/wp-json\/wp\/v2\/pages\/5198\/revisions\/5345"}],"wp:attachment":[{"href":"https:\/\/blogsaverroes.juntadeandalucia.es\/iesveladalhamar\/wp-json\/wp\/v2\/media?parent=5198"}],"curies":[{"name":"wp","href":"https:\/\/api.w.org\/{rel}","templated":true}]}}