{"id":2817,"date":"2021-03-18T08:59:47","date_gmt":"2021-03-18T07:59:47","guid":{"rendered":"https:\/\/blogsaverroes.juntadeandalucia.es\/iesventuramoron\/?page_id=2817"},"modified":"2022-01-20T09:14:00","modified_gmt":"2022-01-20T08:14:00","slug":"impulsa","status":"publish","type":"page","link":"https:\/\/blogsaverroes.juntadeandalucia.es\/iesventuramoron\/impulsa\/","title":{"rendered":"IMPULSA"},"content":{"rendered":"<p><strong><em>El Programa Impulsa Ventura<\/em><\/strong>, pretende ser un espacio de aprendizaje continuo con una metodolog\u00eda activa y participativa del alumnado perteneciente a todos los niveles de secundaria con el objetivo prioritario de reducir el abandono escolar y favorecer el \u00e9xito educativo.<\/p>\n<p>Se integrar\u00e1n en todas las \u00e1reas relacionadas con educaci\u00f3n ambiental, comunicaci\u00f3n ling\u00fc\u00edstica y el \u00e1mbito de h\u00e1bitos de vida saludables.&nbsp;<\/p>\n<p>En el curso 2021-2022 desarrollamos el Impulsa 3 y lo hacemos, de nuevo, junto a la asociaci\u00f3n Aires.<\/p>\n<p><a href=\"https:\/\/blogsaverroes.juntadeandalucia.es\/iesventuramoron\/files\/2021\/03\/Aires.jpg\"><img loading=\"lazy\" decoding=\"async\" class=\"wp-image-2818 alignleft\" src=\"https:\/\/blogsaverroes.juntadeandalucia.es\/iesventuramoron\/files\/2021\/03\/Aires-300x264.jpg\" alt=\"\" width=\"87\" height=\"75\">Esta<\/a> cuenta con la experiencia en cursos anteriores en el centro llevando a cabo actuaciones de control, tratamiento y prevenci\u00f3n del absentismo escolar, as\u00ed como diversos proyectos relacionados con la convivencia escolar.<\/p>\n<p>&nbsp;<\/p>\n<p><strong>Actividad 1: Aula de convivencia escolar.<\/strong><\/p>\n<p><u>Objetivo General<\/u><strong>: <\/strong>crear un aula como espacio socioeducativo y motivador para prevenir conductas disruptivas que se producen en las aulas.&nbsp;&nbsp;<\/p>\n<p>Se establecer\u00e1 un aula de convivencia donde el alumnado que haya sido sancionado sin poder asistir a clases por un periodo no inferior a 4 d\u00edas reciba un tratamiento socioeducativo individualizado que evite el agravamiento de su conducta en el instituto.&nbsp; Ser\u00e1 la jefatura de estudios la que, semanalmente, comunicar\u00e1 al monitor\/a los alumnos\/as que deben asistir a esta aula que prestar\u00e1 los servicios 3 d\u00edas a la semana en horario de 09:00h a 11:00h. En esta aula, se trabajar\u00e1n dos aspectos fundamentales: control y realizaci\u00f3n de las tareas acad\u00e9micas asignadas para el tiempo que dure la medida correctora, y an\u00e1lisis de las conductas que han motivado esta sanci\u00f3n mediante t\u00e9cnicas de gesti\u00f3n emocional, control de impulsos, habilidades sociales y resoluci\u00f3n pac\u00edfica de los conflictos.<\/p>\n<p><strong>Actividad: Impulsa tu comunicaci\u00f3n ling\u00fc\u00edstica<\/strong><\/p>\n<p><u>Objetivo espec\u00edfico:<\/u> Crear un taller peri\u00f3dico para la mejora de comprensi\u00f3n lectora, expresi\u00f3n e interacci\u00f3n oral y escrita de textos audiovisuales dirigida al alumnado que presenta dificultades en estas competencias.<\/p>\n<p>Para la consecuci\u00f3n de dicho objetivo se creara un Blog digital en el que se publicar\u00e1n de forma regular las actuaciones de dicho taller que tendr\u00e1n como tem\u00e1tica los temas m\u00e1s significativos que se acontezcan en este periodo tales como el d\u00eda de la mujer&nbsp; ( 8 de marzo), d\u00eda contra el racismo (21 de marzo), d\u00eda internacional de la literatura infantil y juvenil&nbsp; ( 2 de abril) ,d\u00eda del libro ( 23 de abril) d\u00eda del trabajador ( 1 de mayo), d\u00eda internacional de la familia (&nbsp; 15 de mayo) y d\u00eda del Medioambiente ( 5 de junio).<\/p>\n<p>Este taller se realizar\u00e1 dos veces en semana con diversos grupos programados de forma coordinada con el centro.<\/p>\n<p><strong>Actividad: Educaci\u00f3n Ambiental Ventura<\/strong><\/p>\n<p><strong>&nbsp;<\/strong><u>Objetivo General:<\/u> Realizaci\u00f3n de diversas actuaciones dentro del Proyecto Aldea de educaci\u00f3n ambiental para la comunidad educativa. Las actuaciones ser\u00e1n las siguientes:<\/p>\n<p>&#8211; Concurso de reciclaje por curso donde, a trav\u00e9s de los \u201cecodelagados\u201d de nivel, se motivar\u00e1 el trabajo en cada clase (creaci\u00f3n de contenedores por clase, reciclado diario, utilizaci\u00f3n de elementos que favorezcan la disminuci\u00f3n de producci\u00f3n de recursos). Esta actuaci\u00f3n se llevar\u00e1 a cabo en los meses de marzo, abril y mayo.<\/p>\n<p>&#8211; Jornadas de Educaci\u00f3n ambiental con actividades l\u00fadicas (ecogyncana) y coloquios sobre el entorno natural de la comarca. Esta actuaci\u00f3n se encuadrar\u00e1 en el mes de mayo.<\/p>\n","protected":false},"excerpt":{"rendered":"<p>El Programa Impulsa Ventura, pretende ser un espacio de aprendizaje continuo con una metodolog\u00eda activa y participativa del alumnado perteneciente a todos los niveles de secundaria con el objetivo prioritario de reducir el abandono escolar y favorecer el \u00e9xito educativo. Se integrar\u00e1n en todas las \u00e1reas relacionadas con educaci\u00f3n ambiental, comunicaci\u00f3n ling\u00fc\u00edstica y el \u00e1mbito [&hellip;]<\/p>\n","protected":false},"author":11139,"featured_media":2819,"parent":0,"menu_order":0,"comment_status":"closed","ping_status":"closed","template":"","meta":{"ngg_post_thumbnail":0,"footnotes":"","_mc_calendar":[]},"aioseo_notices":[],"_links":{"self":[{"href":"https:\/\/blogsaverroes.juntadeandalucia.es\/iesventuramoron\/wp-json\/wp\/v2\/pages\/2817"}],"collection":[{"href":"https:\/\/blogsaverroes.juntadeandalucia.es\/iesventuramoron\/wp-json\/wp\/v2\/pages"}],"about":[{"href":"https:\/\/blogsaverroes.juntadeandalucia.es\/iesventuramoron\/wp-json\/wp\/v2\/types\/page"}],"author":[{"embeddable":true,"href":"https:\/\/blogsaverroes.juntadeandalucia.es\/iesventuramoron\/wp-json\/wp\/v2\/users\/11139"}],"replies":[{"embeddable":true,"href":"https:\/\/blogsaverroes.juntadeandalucia.es\/iesventuramoron\/wp-json\/wp\/v2\/comments?post=2817"}],"version-history":[{"count":3,"href":"https:\/\/blogsaverroes.juntadeandalucia.es\/iesventuramoron\/wp-json\/wp\/v2\/pages\/2817\/revisions"}],"predecessor-version":[{"id":3075,"href":"https:\/\/blogsaverroes.juntadeandalucia.es\/iesventuramoron\/wp-json\/wp\/v2\/pages\/2817\/revisions\/3075"}],"wp:featuredmedia":[{"embeddable":true,"href":"https:\/\/blogsaverroes.juntadeandalucia.es\/iesventuramoron\/wp-json\/wp\/v2\/media\/2819"}],"wp:attachment":[{"href":"https:\/\/blogsaverroes.juntadeandalucia.es\/iesventuramoron\/wp-json\/wp\/v2\/media?parent=2817"}],"curies":[{"name":"wp","href":"https:\/\/api.w.org\/{rel}","templated":true}]}}

<p><strong><em>El Programa Impulsa Ventura</em></strong>, pretende ser un espacio de aprendizaje continuo con una metodología activa y participativa del alumnado perteneciente a todos los niveles de secundaria con el objetivo prioritario de reducir el abandono escolar y favorecer el éxito educativo.</p>
<p>Se integrarán en todas las áreas relacionadas con educación ambiental, comunicación lingüística y el ámbito de hábitos de vida saludables.&nbsp;</p>
<p>En el curso 2021-2022 desarrollamos el Impulsa 3 y lo hacemos, de nuevo, junto a la asociación Aires.</p>
<p><a href="https://blogsaverroes.juntadeandalucia.es/iesventuramoron/files/2021/03/Aires.jpg"><img loading="lazy" decoding="async" class="wp-image-2818 alignleft" src="https://blogsaverroes.juntadeandalucia.es/iesventuramoron/files/2021/03/Aires-300x264.jpg" alt="" width="87" height="75">Esta</a> cuenta con la experiencia en cursos anteriores en el centro llevando a cabo actuaciones de control, tratamiento y prevención del absentismo escolar, así como diversos proyectos relacionados con la convivencia escolar.</p>
<p>&nbsp;</p>
<p><strong>Actividad 1: Aula de convivencia escolar.</strong></p>
<p><u>Objetivo General</u><strong>: </strong>crear un aula como espacio socioeducativo y motivador para prevenir conductas disruptivas que se producen en las aulas.&nbsp;&nbsp;</p>
<p>Se establecerá un aula de convivencia donde el alumnado que haya sido sancionado sin poder asistir a clases por un periodo no inferior a 4 días reciba un tratamiento socioeducativo individualizado que evite el agravamiento de su conducta en el instituto.&nbsp; Será la jefatura de estudios la que, semanalmente, comunicará al monitor/a los alumnos/as que deben asistir a esta aula que prestará los servicios 3 días a la semana en horario de 09:00h a 11:00h. En esta aula, se trabajarán dos aspectos fundamentales: control y realización de las tareas académicas asignadas para el tiempo que dure la medida correctora, y análisis de las conductas que han motivado esta sanción mediante técnicas de gestión emocional, control de impulsos, habilidades sociales y resolución pacífica de los conflictos.</p>
<p><strong>Actividad: Impulsa tu comunicación lingüística</strong></p>
<p><u>Objetivo específico:</u> Crear un taller periódico para la mejora de comprensión lectora, expresión e interacción oral y escrita de textos audiovisuales dirigida al alumnado que presenta dificultades en estas competencias.</p>
<p>Para la consecución de dicho objetivo se creara un Blog digital en el que se publicarán de forma regular las actuaciones de dicho taller que tendrán como temática los temas más significativos que se acontezcan en este periodo tales como el día de la mujer&nbsp; ( 8 de marzo), día contra el racismo (21 de marzo), día internacional de la literatura infantil y juvenil&nbsp; ( 2 de abril) ,día del libro ( 23 de abril) día del trabajador ( 1 de mayo), día internacional de la familia (&nbsp; 15 de mayo) y día del Medioambiente ( 5 de junio).</p>
<p>Este taller se realizará dos veces en semana con diversos grupos programados de forma coordinada con el centro.</p>
<p><strong>Actividad: Educación Ambiental Ventura</strong></p>
<p><strong>&nbsp;</strong><u>Objetivo General:</u> Realización de diversas actuaciones dentro del Proyecto Aldea de educación ambiental para la comunidad educativa. Las actuaciones serán las siguientes:</p>
<p>&#8211; Concurso de reciclaje por curso donde, a través de los “ecodelagados” de nivel, se motivará el trabajo en cada clase (creación de contenedores por clase, reciclado diario, utilización de elementos que favorezcan la disminución de producción de recursos). Esta actuación se llevará a cabo en los meses de marzo, abril y mayo.</p>
<p>&#8211; Jornadas de Educación ambiental con actividades lúdicas (ecogyncana) y coloquios sobre el entorno natural de la comarca. Esta actuación se encuadrará en el mes de mayo.</p>

<p>El Programa Impulsa Ventura, pretende ser un espacio de aprendizaje continuo con una metodología activa y participativa del alumnado perteneciente a todos los niveles de secundaria con el objetivo prioritario de reducir el abandono escolar y favorecer el éxito educativo. Se integrarán en todas las áreas relacionadas con educación ambiental, comunicación lingüística y el ámbito [&hellip;]</p>
