{"id":2862,"date":"2021-04-22T08:56:45","date_gmt":"2021-04-22T06:56:45","guid":{"rendered":"https:\/\/blogsaverroes.juntadeandalucia.es\/iesventuramoron\/?page_id=2862"},"modified":"2021-04-22T08:56:45","modified_gmt":"2021-04-22T06:56:45","slug":"proyecto-recapacicla","status":"publish","type":"page","link":"https:\/\/blogsaverroes.juntadeandalucia.es\/iesventuramoron\/proyecto-recapacicla\/","title":{"rendered":"Proyecto Recapacicla"},"content":{"rendered":"<p><strong>Objetivos del proyecto Recapacicla.<\/strong><\/p>\n<p>\u2013 Informar e implicar a la comunidad educativa en la disminuci\u00f3n de la generaci\u00f3n de todo tipo de residuos, y en especial de envases y vidrios, as\u00ed como en su adecuada separaci\u00f3n en origen y reflexionar sobre las implicaciones ambientales de consumo.<\/p>\n<p>\u2013 Concienciar a nuestro alumnado para una gesti\u00f3n inteligente de los residuos que ellos mismos generan junto con la recogida efectiva de los mismos en el centro.<\/p>\n<p>\u2013 Promover el uso de envases y la recogida diferenciada de contenedores. Proporcionar informaci\u00f3n en los diferentes edificios de los lugares usados para la recogida de material reciclado.<\/p>\n<p>\u2013 Analizar la problem\u00e1tica medioambiental en nuestro entorno m\u00e1s cercano, relacionada con la gesti\u00f3n de residuos y el cuidado de la naturaleza.<\/p>\n<p><strong>Actividades PROYECTO RECAPACICLA:<\/strong><\/p>\n<ul>\n<li><strong>Investigando los residuos.<\/strong> Actividad que promueve la b\u00fasqueda de informaci\u00f3n por parte del alumnado acerca de los residuos y su reciclaje.<a href=\"https:\/\/blogsaverroes.juntadeandalucia.es\/iesventuramoron\/files\/2021\/04\/WhatsApp-Image-2021-04-20-at-20.50.22.jpeg\"><img loading=\"lazy\" decoding=\"async\" class=\"size-medium wp-image-2864 alignright\" src=\"https:\/\/blogsaverroes.juntadeandalucia.es\/iesventuramoron\/files\/2021\/04\/WhatsApp-Image-2021-04-20-at-20.50.22-300x225.jpeg\" alt=\"\" width=\"300\" height=\"225\" srcset=\"https:\/\/blogsaverroes.juntadeandalucia.es\/iesventuramoron\/files\/2021\/04\/WhatsApp-Image-2021-04-20-at-20.50.22-300x225.jpeg 300w, https:\/\/blogsaverroes.juntadeandalucia.es\/iesventuramoron\/files\/2021\/04\/WhatsApp-Image-2021-04-20-at-20.50.22-1024x768.jpeg 1024w, https:\/\/blogsaverroes.juntadeandalucia.es\/iesventuramoron\/files\/2021\/04\/WhatsApp-Image-2021-04-20-at-20.50.22-768x576.jpeg 768w, https:\/\/blogsaverroes.juntadeandalucia.es\/iesventuramoron\/files\/2021\/04\/WhatsApp-Image-2021-04-20-at-20.50.22-1536x1152.jpeg 1536w, https:\/\/blogsaverroes.juntadeandalucia.es\/iesventuramoron\/files\/2021\/04\/WhatsApp-Image-2021-04-20-at-20.50.22.jpeg 1600w\" sizes=\"(max-width: 300px) 100vw, 300px\" \/><\/a><\/li>\n<li><strong>Minimizando los residuos del centro.<\/strong> Se plantean actividades que faciliten el reciclaje de materiales producidos por el centro escolar durante el curso en la creaci\u00f3n de diversos proyectos que utilicen dichos recursos y as\u00ed minimizar nuestro impacto, como centro, en el medio ambiente.<\/li>\n<li>Creaci\u00f3n de contenedores para la reducci\u00f3n por adecuada separaci\u00f3n de residuos y cuantificar, de esta manera, la bajada en la emisi\u00f3n de estos.<\/li>\n<li><strong>D\u00eda del Reciclaje.<\/strong> Proyecci\u00f3n de pel\u00edculas, montaje de exposici\u00f3n, talleres de reciclaje, actividades l\u00fadicas (Yincana, creaci\u00f3n art\u00edstica, aplicaci\u00f3n tecnol\u00f3gica\u2026),<\/li>\n<\/ul>\n<p>El pasado trimestre, como parte del proyecto RECAPACICLA y dentro del programa ALDEA, llevamos a cabo entre nuestro alumnado una encuesta con el objetivo de investigar sobre los residuos generados en casa y el reciclaje de estos.<\/p>\n","protected":false},"excerpt":{"rendered":"<p>Objetivos del proyecto Recapacicla. \u2013 Informar e implicar a la comunidad educativa en la disminuci\u00f3n de la generaci\u00f3n de todo tipo de residuos, y en especial de envases y vidrios, as\u00ed como en su adecuada separaci\u00f3n en origen y reflexionar sobre las implicaciones ambientales de consumo. \u2013 Concienciar a nuestro alumnado para una gesti\u00f3n inteligente [&hellip;]<\/p>\n","protected":false},"author":11139,"featured_media":2863,"parent":0,"menu_order":0,"comment_status":"closed","ping_status":"closed","template":"","meta":{"ngg_post_thumbnail":0,"footnotes":"","_mc_calendar":[]},"aioseo_notices":[],"_links":{"self":[{"href":"https:\/\/blogsaverroes.juntadeandalucia.es\/iesventuramoron\/wp-json\/wp\/v2\/pages\/2862"}],"collection":[{"href":"https:\/\/blogsaverroes.juntadeandalucia.es\/iesventuramoron\/wp-json\/wp\/v2\/pages"}],"about":[{"href":"https:\/\/blogsaverroes.juntadeandalucia.es\/iesventuramoron\/wp-json\/wp\/v2\/types\/page"}],"author":[{"embeddable":true,"href":"https:\/\/blogsaverroes.juntadeandalucia.es\/iesventuramoron\/wp-json\/wp\/v2\/users\/11139"}],"replies":[{"embeddable":true,"href":"https:\/\/blogsaverroes.juntadeandalucia.es\/iesventuramoron\/wp-json\/wp\/v2\/comments?post=2862"}],"version-history":[{"count":1,"href":"https:\/\/blogsaverroes.juntadeandalucia.es\/iesventuramoron\/wp-json\/wp\/v2\/pages\/2862\/revisions"}],"predecessor-version":[{"id":2866,"href":"https:\/\/blogsaverroes.juntadeandalucia.es\/iesventuramoron\/wp-json\/wp\/v2\/pages\/2862\/revisions\/2866"}],"wp:featuredmedia":[{"embeddable":true,"href":"https:\/\/blogsaverroes.juntadeandalucia.es\/iesventuramoron\/wp-json\/wp\/v2\/media\/2863"}],"wp:attachment":[{"href":"https:\/\/blogsaverroes.juntadeandalucia.es\/iesventuramoron\/wp-json\/wp\/v2\/media?parent=2862"}],"curies":[{"name":"wp","href":"https:\/\/api.w.org\/{rel}","templated":true}]}}