{"id":35,"date":"2015-03-13T08:21:43","date_gmt":"2015-03-13T08:21:43","guid":{"rendered":"http:\/\/blogsaverroes.juntadeandalucia.es\/pre\/ceip\/?page_id=35"},"modified":"2023-04-26T09:27:28","modified_gmt":"2023-04-26T07:27:28","slug":"el-centro-2","status":"publish","type":"page","link":"https:\/\/blogsaverroes.juntadeandalucia.es\/iesventuramoron\/el-centro-2\/","title":{"rendered":"Datos del centro"},"content":{"rendered":"<p style=\"padding-left: 40px\"><strong>Direcci\u00f3n:<\/strong> Plaza Joaqu\u00edn Ib\u00e1\u00f1ez, 3, 11203 Algeciras, C\u00e1diz<\/p>\n<p style=\"padding-left: 40px\"><strong>Tel\u00e9fono \/ FAX:&nbsp; <\/strong>956663200\/ 671530350<\/p>\n<p style=\"padding-left: 40px\"><strong>Email:<\/strong> 11000381.edu@juntadeandalucia.es<\/p>\n<p style=\"padding-left: 40px\"><strong>Horarios<\/strong><\/p>\n<p style=\"padding-left: 40px\">&nbsp; &nbsp; &nbsp; &nbsp; Ma\u00f1ana :&nbsp; de 8:15 a 14:45.<\/p>\n<p style=\"padding-left: 40px\">&nbsp; &nbsp; &nbsp; &nbsp; Tarde: de 15:00 a 21:15.&nbsp;<\/p>\n<p style=\"padding-left: 80px\">[googlemaps https:\/\/www.google.com\/maps\/embed?pb=!1m18!1m12!1m3!1d3222.619939901807!2d-5.450690684728885!3d36.12711598009267!2m3!1f0!2f0!3f0!3m2!1i1024!2i768!4f13.1!3m3!1m2!1s0xd0c94c57294f2b9%3A0xf970f90e32a75c1f!2sIES%20Ventura%20Mor%C3%B3n!5e0!3m2!1ses!2ses!4v1605167906909!5m2!1ses!2ses&amp;w=500&amp;h=375]<\/p>\n<p>Para <strong>contactar con Secretar\u00eda<\/strong>, escriban al correo electr\u00f3nico: 11000381.secretaria.edu@juntadeandalucia.es<\/p>\n<p>&nbsp;<\/p>\n","protected":false},"excerpt":{"rendered":"<p>Direcci\u00f3n: Plaza Joaqu\u00edn Ib\u00e1\u00f1ez, 3, 11203 Algeciras, C\u00e1diz Tel\u00e9fono \/ FAX:&nbsp; 956663200\/ 671530350 Email: 11000381.edu@juntadeandalucia.es Horarios &nbsp; &nbsp; &nbsp; &nbsp; Ma\u00f1ana :&nbsp; de 8:15 a 14:45. &nbsp; &nbsp; &nbsp; &nbsp; Tarde: de 15:00 a 21:15.&nbsp; [googlemaps https:\/\/www.google.com\/maps\/embed?pb=!1m18!1m12!1m3!1d3222.619939901807!2d-5.450690684728885!3d36.12711598009267!2m3!1f0!2f0!3f0!3m2!1i1024!2i768!4f13.1!3m3!1m2!1s0xd0c94c57294f2b9%3A0xf970f90e32a75c1f!2sIES%20Ventura%20Mor%C3%B3n!5e0!3m2!1ses!2ses!4v1605167906909!5m2!1ses!2ses&amp;w=500&amp;h=375] Para contactar con Secretar\u00eda, escriban al correo electr\u00f3nico: 11000381.secretaria.edu@juntadeandalucia.es &nbsp;<\/p>\n","protected":false},"author":1,"featured_media":0,"parent":0,"menu_order":0,"comment_status":"open","ping_status":"open","template":"","meta":{"ngg_post_thumbnail":0,"footnotes":"","_mc_calendar":[]},"aioseo_notices":[],"_links":{"self":[{"href":"https:\/\/blogsaverroes.juntadeandalucia.es\/iesventuramoron\/wp-json\/wp\/v2\/pages\/35"}],"collection":[{"href":"https:\/\/blogsaverroes.juntadeandalucia.es\/iesventuramoron\/wp-json\/wp\/v2\/pages"}],"about":[{"href":"https:\/\/blogsaverroes.juntadeandalucia.es\/iesventuramoron\/wp-json\/wp\/v2\/types\/page"}],"author":[{"embeddable":true,"href":"https:\/\/blogsaverroes.juntadeandalucia.es\/iesventuramoron\/wp-json\/wp\/v2\/users\/1"}],"replies":[{"embeddable":true,"href":"https:\/\/blogsaverroes.juntadeandalucia.es\/iesventuramoron\/wp-json\/wp\/v2\/comments?post=35"}],"version-history":[{"count":36,"href":"https:\/\/blogsaverroes.juntadeandalucia.es\/iesventuramoron\/wp-json\/wp\/v2\/pages\/35\/revisions"}],"predecessor-version":[{"id":3709,"href":"https:\/\/blogsaverroes.juntadeandalucia.es\/iesventuramoron\/wp-json\/wp\/v2\/pages\/35\/revisions\/3709"}],"wp:attachment":[{"href":"https:\/\/blogsaverroes.juntadeandalucia.es\/iesventuramoron\/wp-json\/wp\/v2\/media?parent=35"}],"curies":[{"name":"wp","href":"https:\/\/api.w.org\/{rel}","templated":true}]}}