{"id":49,"date":"2015-03-13T08:47:05","date_gmt":"2015-03-13T08:47:05","guid":{"rendered":"http:\/\/blogsaverroes.juntadeandalucia.es\/pre\/ceip\/?page_id=49"},"modified":"2026-02-20T10:41:25","modified_gmt":"2026-02-20T09:41:25","slug":"plan-de-centro","status":"publish","type":"page","link":"https:\/\/blogsaverroes.juntadeandalucia.es\/iesventuramoron\/plan-de-centro\/","title":{"rendered":"Plan de Centro"},"content":{"rendered":"<p>&nbsp;<\/p>\n<figure id=\"attachment_3941\" aria-describedby=\"caption-attachment-3941\" style=\"width: 399px\" class=\"wp-caption aligncenter\"><img loading=\"lazy\" decoding=\"async\" class=\"wp-image-3941\" src=\"https:\/\/blogsaverroes.juntadeandalucia.es\/iesventuramoron\/files\/2023\/10\/istockphoto-1130023029-1024x1024-1-300x196.jpg\" alt=\"\" width=\"399\" height=\"261\" srcset=\"https:\/\/blogsaverroes.juntadeandalucia.es\/iesventuramoron\/files\/2023\/10\/istockphoto-1130023029-1024x1024-1-300x196.jpg 300w, https:\/\/blogsaverroes.juntadeandalucia.es\/iesventuramoron\/files\/2023\/10\/istockphoto-1130023029-1024x1024-1-768x503.jpg 768w, https:\/\/blogsaverroes.juntadeandalucia.es\/iesventuramoron\/files\/2023\/10\/istockphoto-1130023029-1024x1024-1.jpg 1024w\" sizes=\"(max-width: 399px) 100vw, 399px\" \/><figcaption id=\"caption-attachment-3941\" class=\"wp-caption-text\">&nbsp;<\/figcaption><\/figure>\n<p>El Plan de Centro se compone de tres documentos diferentes: El Proyecto Educativo, el Reglamento de Organizaci\u00f3n y Funcionamiento, y el Proyecto de Gesti\u00f3n Econ\u00f3mica.&nbsp;<span id=\"more-509\"><\/span>Adem\u00e1s, en \u00e9ste enlace se a\u00f1aden los documentos referentes al R\u00e9gimen de trabajo no presencial del profesorado, y al Protocolo ante olas de calor excepcionales.&nbsp;Por todo ello, estos documentos contienen mucha informaci\u00f3n de inter\u00e9s para la comunidad educativa.&nbsp;<\/p>\n<p>Pueden consultarse separadamente en cada uno de los siguientes enlaces:&nbsp;<\/p>\n<ul style=\"list-style-type: square\">\n<li><a href=\"https:\/\/blogsaverroes.juntadeandalucia.es\/iesventuramoron\/files\/2026\/02\/Proyecto-Educativo-2025-26-Actualizado-19-02-2026.pdf\" target=\"_blank\" rel=\"noopener\">Proyecto Educativo 2025-26<\/a>&nbsp;<\/li>\n<li><a title=\"Protocolo ante olas de calor excepcionales.\" href=\"https:\/\/blogsaverroes.juntadeandalucia.es\/iesventuramoron\/files\/2024\/12\/Protocolo-olas-de-calor-excepcionales.pdf\">Protocolo olas de calor excepcionales<\/a>&nbsp;<\/li>\n<li><a href=\"https:\/\/blogsaverroes.juntadeandalucia.es\/iesventuramoron\/files\/2026\/02\/ROF-2025-actualizado-a-27-de-noviembre.pdf\">Reglamento de Organizaci\u00f3n y Funcionamiento 2025\/26<\/a>&nbsp;<\/li>\n<li><a title=\"Proyecto de Gesti\u00f3n Econ\u00f3mica\" href=\"https:\/\/blogsaverroes.juntadeandalucia.es\/iesventuramoron\/files\/2025\/11\/Proyecto-de-Gestion-2025-26.pdf\" target=\"_blank\" rel=\"noopener\">Proyecto de Gesti\u00f3n Econ\u00f3mica 2025\/26<\/a>&nbsp;<\/li>\n<li><a href=\"https:\/\/blogsaverroes.juntadeandalucia.es\/iesventuramoron\/files\/2025\/11\/Protocolo-retirada-y-custodia-de-los-moviles-del-alumnado.pdf\">Protocolo de retirada y custodia de m\u00f3viles del alumnado<\/a><\/li>\n<\/ul>\n","protected":false},"excerpt":{"rendered":"<p>&nbsp; El Plan de Centro se compone de tres documentos diferentes: El Proyecto Educativo, el Reglamento de Organizaci\u00f3n y Funcionamiento, y el Proyecto de Gesti\u00f3n Econ\u00f3mica.&nbsp;Adem\u00e1s, en \u00e9ste enlace se a\u00f1aden los documentos referentes al R\u00e9gimen de trabajo no presencial del profesorado, y al Protocolo ante olas de calor excepcionales.&nbsp;Por todo ello, estos documentos contienen [&hellip;]<\/p>\n","protected":false},"author":1,"featured_media":0,"parent":0,"menu_order":0,"comment_status":"open","ping_status":"open","template":"","meta":{"ngg_post_thumbnail":0,"footnotes":"","_mc_calendar":[]},"aioseo_notices":[],"_links":{"self":[{"href":"https:\/\/blogsaverroes.juntadeandalucia.es\/iesventuramoron\/wp-json\/wp\/v2\/pages\/49"}],"collection":[{"href":"https:\/\/blogsaverroes.juntadeandalucia.es\/iesventuramoron\/wp-json\/wp\/v2\/pages"}],"about":[{"href":"https:\/\/blogsaverroes.juntadeandalucia.es\/iesventuramoron\/wp-json\/wp\/v2\/types\/page"}],"author":[{"embeddable":true,"href":"https:\/\/blogsaverroes.juntadeandalucia.es\/iesventuramoron\/wp-json\/wp\/v2\/users\/1"}],"replies":[{"embeddable":true,"href":"https:\/\/blogsaverroes.juntadeandalucia.es\/iesventuramoron\/wp-json\/wp\/v2\/comments?post=49"}],"version-history":[{"count":35,"href":"https:\/\/blogsaverroes.juntadeandalucia.es\/iesventuramoron\/wp-json\/wp\/v2\/pages\/49\/revisions"}],"predecessor-version":[{"id":4424,"href":"https:\/\/blogsaverroes.juntadeandalucia.es\/iesventuramoron\/wp-json\/wp\/v2\/pages\/49\/revisions\/4424"}],"wp:attachment":[{"href":"https:\/\/blogsaverroes.juntadeandalucia.es\/iesventuramoron\/wp-json\/wp\/v2\/media?parent=49"}],"curies":[{"name":"wp","href":"https:\/\/api.w.org\/{rel}","templated":true}]}}