{"id":3858,"date":"2026-02-23T08:52:52","date_gmt":"2026-02-23T08:52:52","guid":{"rendered":"https:\/\/blogsaverroes.juntadeandalucia.es\/iesveracruz\/?page_id=3858"},"modified":"2026-02-23T08:56:43","modified_gmt":"2026-02-23T08:56:43","slug":"plan-de-igualdad","status":"publish","type":"page","link":"https:\/\/blogsaverroes.juntadeandalucia.es\/iesveracruz\/plan-de-igualdad\/","title":{"rendered":"Plan de Igualdad"},"content":{"rendered":"<p data-path-to-node=\"3\"><span data-path-to-node=\"3,1\"><span class=\"citation-30\">En el <\/span><b data-path-to-node=\"3,1\" data-index-in-node=\"6\"><span class=\"citation-30\">IES&nbsp; Vera Cruz<\/span><\/b><span class=\"citation-30\">, nos sumamos al compromiso de la Consejer\u00eda de Desarrollo Educativo y Formaci\u00f3n Profesional mediante la implementaci\u00f3n del <\/span><b data-path-to-node=\"3,1\" data-index-in-node=\"155\"><span class=\"citation-30\">III Plan de Igualdad de G\u00e9nero en Educaci\u00f3n (2024-2028)<\/span><\/b><\/span><span data-path-to-node=\"3,3\">. <\/span><span data-path-to-node=\"3,5\"><span class=\"citation-29\">Este plan constituye nuestro marco de referencia para integrar de forma transversal la igualdad entre mujeres y hombres, eliminar las desigualdades y mejorar la convivencia escolar en todas nuestras etapas educativas<\/span><\/span><span data-path-to-node=\"3,7\">.<\/span><\/p>\n<p data-path-to-node=\"3\"><span data-path-to-node=\"4,1\"><span class=\"citation-28\">Entendemos que la equidad educativa es inseparable de la calidad<\/span><\/span><span data-path-to-node=\"4,3\">. <\/span><span data-path-to-node=\"4,5\"><span class=\"citation-27\">Por ello, trabajamos para construir una ciudadan\u00eda igualitaria y justa, dotando a nuestro alumnado de herramientas que le permitan superar los estereotipos de g\u00e9nero y desarrollar plenamente sus capacidades individuales en un entorno seguro y libre de discriminaci\u00f3n<\/span><\/span><span data-path-to-node=\"4,7\">.<\/span><\/p>\n<p data-path-to-node=\"3\"><span data-path-to-node=\"5,1\"><span class=\"citation-26\">A trav\u00e9s de nuestro Plan de Igualdad de Centro, articulamos medidas coherentes que involucran a toda la comunidad educativa: alumnado, profesorado y familias<\/span><\/span><span data-path-to-node=\"5,3\">. <\/span><span data-path-to-node=\"5,5\"><span class=\"citation-25\">Nuestro objetivo es alcanzar la excelencia del sistema educativo andaluz vincul\u00e1ndola a una mayor cohesi\u00f3n social y al respeto por la diversidad y las diferencias individuales<\/span><\/span><span data-path-to-node=\"5,7\">.<\/span><\/p>\n<p data-path-to-node=\"3\"><img fetchpriority=\"high\" decoding=\"async\" class=\"wp-image-3816 aligncenter\" src=\"https:\/\/blogsaverroes.juntadeandalucia.es\/iesveracruz\/files\/2026\/02\/1000106411-300x225.jpg\" alt=\"\" width=\"495\" height=\"371\" srcset=\"https:\/\/blogsaverroes.juntadeandalucia.es\/iesveracruz\/files\/2026\/02\/1000106411-300x225.jpg 300w, https:\/\/blogsaverroes.juntadeandalucia.es\/iesveracruz\/files\/2026\/02\/1000106411-1024x768.jpg 1024w, https:\/\/blogsaverroes.juntadeandalucia.es\/iesveracruz\/files\/2026\/02\/1000106411-768x576.jpg 768w, https:\/\/blogsaverroes.juntadeandalucia.es\/iesveracruz\/files\/2026\/02\/1000106411-1536x1152.jpg 1536w, https:\/\/blogsaverroes.juntadeandalucia.es\/iesveracruz\/files\/2026\/02\/1000106411-2048x1536.jpg 2048w\" sizes=\"(max-width: 495px) 100vw, 495px\" \/><\/p>\n","protected":false},"excerpt":{"rendered":"<p>En el IES&nbsp; Vera Cruz, nos sumamos al compromiso de la Consejer\u00eda de Desarrollo Educativo y Formaci\u00f3n Profesional mediante la implementaci\u00f3n del III Plan de Igualdad de G\u00e9nero en Educaci\u00f3n (2024-2028). Este plan constituye&#46;&#46;&#46;<\/p>\n","protected":false},"author":6657,"featured_media":0,"parent":0,"menu_order":0,"comment_status":"closed","ping_status":"closed","template":"","meta":{"ngg_post_thumbnail":0,"footnotes":"","_mc_calendar":[]},"aioseo_notices":[],"_links":{"self":[{"href":"https:\/\/blogsaverroes.juntadeandalucia.es\/iesveracruz\/wp-json\/wp\/v2\/pages\/3858"}],"collection":[{"href":"https:\/\/blogsaverroes.juntadeandalucia.es\/iesveracruz\/wp-json\/wp\/v2\/pages"}],"about":[{"href":"https:\/\/blogsaverroes.juntadeandalucia.es\/iesveracruz\/wp-json\/wp\/v2\/types\/page"}],"author":[{"embeddable":true,"href":"https:\/\/blogsaverroes.juntadeandalucia.es\/iesveracruz\/wp-json\/wp\/v2\/users\/6657"}],"replies":[{"embeddable":true,"href":"https:\/\/blogsaverroes.juntadeandalucia.es\/iesveracruz\/wp-json\/wp\/v2\/comments?post=3858"}],"version-history":[{"count":1,"href":"https:\/\/blogsaverroes.juntadeandalucia.es\/iesveracruz\/wp-json\/wp\/v2\/pages\/3858\/revisions"}],"predecessor-version":[{"id":3860,"href":"https:\/\/blogsaverroes.juntadeandalucia.es\/iesveracruz\/wp-json\/wp\/v2\/pages\/3858\/revisions\/3860"}],"wp:attachment":[{"href":"https:\/\/blogsaverroes.juntadeandalucia.es\/iesveracruz\/wp-json\/wp\/v2\/media?parent=3858"}],"curies":[{"name":"wp","href":"https:\/\/api.w.org\/{rel}","templated":true}]}}