{"id":3861,"date":"2026-02-23T08:56:19","date_gmt":"2026-02-23T08:56:19","guid":{"rendered":"https:\/\/blogsaverroes.juntadeandalucia.es\/iesveracruz\/?page_id=3861"},"modified":"2026-02-23T08:56:19","modified_gmt":"2026-02-23T08:56:19","slug":"escuela-espacio-de-paz","status":"publish","type":"page","link":"https:\/\/blogsaverroes.juntadeandalucia.es\/iesveracruz\/escuela-espacio-de-paz\/","title":{"rendered":"Escuela Espacio de Paz"},"content":{"rendered":"<p data-path-to-node=\"3\">Nuestro centro forma parte de la <b data-path-to-node=\"3\" data-index-in-node=\"33\">Red Andaluza \u00abEscuela: Espacio de Paz\u00bb<\/b>, una iniciativa de la Junta de Andaluc\u00eda que agrupa a centros educativos comprometidos con la mejora de la convivencia escolar y la difusi\u00f3n de la Cultura de Paz. Participar en esta red supone para nuestro instituto un compromiso firme de profundizar en los valores democr\u00e1ticos, el respeto mutuo, la solidaridad y la resoluci\u00f3n pac\u00edfica de los conflictos en el d\u00eda a d\u00eda del aula.<\/p>\n<p data-path-to-node=\"4\">El objetivo principal de este programa es transformar el centro en un espacio donde el di\u00e1logo sea la herramienta fundamental para la gesti\u00f3n de la convivencia. Para ello, trabajamos en red compartiendo recursos, estrategias y experiencias con otros centros educativos, impulsando una cultura de evaluaci\u00f3n y mejora continua que nos permita visibilizar las buenas pr\u00e1cticas y fortalecer los lazos entre toda la comunidad educativa: alumnado, profesorado y familias.<\/p>\n<p data-path-to-node=\"5\">A trav\u00e9s de la Red \u00abEscuela: Espacio de Paz\u00bb, nuestro instituto se enfoca en diversos \u00e1mbitos de actuaci\u00f3n, que van desde la mejora de la gesti\u00f3n y organizaci\u00f3n del centro hasta el desarrollo de actitudes, habilidades y h\u00e1bitos que promuevan la convivencia positiva. Este esfuerzo colectivo nos permite optar anualmente al reconocimiento como \u00abCentro Promotor de Convivencia Positiva\u00bb, reafirmando nuestra voluntad de construir un entorno escolar seguro, acogedor e inclusivo para todos.<\/p>\n<p data-path-to-node=\"5\">&nbsp;<\/p>\n<p data-path-to-node=\"5\"><img fetchpriority=\"high\" decoding=\"async\" class=\"wp-image-3817 aligncenter\" src=\"https:\/\/blogsaverroes.juntadeandalucia.es\/iesveracruz\/files\/2026\/02\/1000106413-300x225.jpg\" alt=\"\" width=\"480\" height=\"360\" srcset=\"https:\/\/blogsaverroes.juntadeandalucia.es\/iesveracruz\/files\/2026\/02\/1000106413-300x225.jpg 300w, https:\/\/blogsaverroes.juntadeandalucia.es\/iesveracruz\/files\/2026\/02\/1000106413-1024x768.jpg 1024w, https:\/\/blogsaverroes.juntadeandalucia.es\/iesveracruz\/files\/2026\/02\/1000106413-768x576.jpg 768w, https:\/\/blogsaverroes.juntadeandalucia.es\/iesveracruz\/files\/2026\/02\/1000106413-1536x1152.jpg 1536w, https:\/\/blogsaverroes.juntadeandalucia.es\/iesveracruz\/files\/2026\/02\/1000106413-2048x1536.jpg 2048w\" sizes=\"(max-width: 480px) 100vw, 480px\" \/><\/p>\n","protected":false},"excerpt":{"rendered":"<p>Nuestro centro forma parte de la Red Andaluza \u00abEscuela: Espacio de Paz\u00bb, una iniciativa de la Junta de Andaluc\u00eda que agrupa a centros educativos comprometidos con la mejora de la convivencia escolar y la&#46;&#46;&#46;<\/p>\n","protected":false},"author":6657,"featured_media":0,"parent":0,"menu_order":0,"comment_status":"closed","ping_status":"closed","template":"","meta":{"ngg_post_thumbnail":0,"footnotes":"","_mc_calendar":[]},"aioseo_notices":[],"_links":{"self":[{"href":"https:\/\/blogsaverroes.juntadeandalucia.es\/iesveracruz\/wp-json\/wp\/v2\/pages\/3861"}],"collection":[{"href":"https:\/\/blogsaverroes.juntadeandalucia.es\/iesveracruz\/wp-json\/wp\/v2\/pages"}],"about":[{"href":"https:\/\/blogsaverroes.juntadeandalucia.es\/iesveracruz\/wp-json\/wp\/v2\/types\/page"}],"author":[{"embeddable":true,"href":"https:\/\/blogsaverroes.juntadeandalucia.es\/iesveracruz\/wp-json\/wp\/v2\/users\/6657"}],"replies":[{"embeddable":true,"href":"https:\/\/blogsaverroes.juntadeandalucia.es\/iesveracruz\/wp-json\/wp\/v2\/comments?post=3861"}],"version-history":[{"count":1,"href":"https:\/\/blogsaverroes.juntadeandalucia.es\/iesveracruz\/wp-json\/wp\/v2\/pages\/3861\/revisions"}],"predecessor-version":[{"id":3863,"href":"https:\/\/blogsaverroes.juntadeandalucia.es\/iesveracruz\/wp-json\/wp\/v2\/pages\/3861\/revisions\/3863"}],"wp:attachment":[{"href":"https:\/\/blogsaverroes.juntadeandalucia.es\/iesveracruz\/wp-json\/wp\/v2\/media?parent=3861"}],"curies":[{"name":"wp","href":"https:\/\/api.w.org\/{rel}","templated":true}]}}