{"id":3864,"date":"2026-02-23T09:05:51","date_gmt":"2026-02-23T09:05:51","guid":{"rendered":"https:\/\/blogsaverroes.juntadeandalucia.es\/iesveracruz\/?page_id=3864"},"modified":"2026-02-23T09:05:51","modified_gmt":"2026-02-23T09:05:51","slug":"mas-equidad","status":"publish","type":"page","link":"https:\/\/blogsaverroes.juntadeandalucia.es\/iesveracruz\/mas-equidad\/","title":{"rendered":"M\u00e1s Equidad"},"content":{"rendered":"<p data-path-to-node=\"3\">En el <b data-path-to-node=\"3\" data-index-in-node=\"6\">IES&nbsp; Vera Cruz,<\/b>&nbsp;participamos en el programa <b data-path-to-node=\"3\" data-index-in-node=\"61\">M\u00e1s Equidad<\/b> de la Junta de Andaluc\u00eda, una iniciativa estrat\u00e9gica que busca ofrecer una respuesta educativa integral a la diversidad de nuestro alumnado. Este programa se centra en garantizar que cada estudiante, independientemente de sus circunstancias personales, sociales o culturales, tenga acceso a una educaci\u00f3n de calidad que le permita alcanzar su m\u00e1ximo potencial.<\/p>\n<p data-path-to-node=\"4\">Nuestro compromiso con \u00abM\u00e1s Equidad\u00bb implica el desarrollo de actuaciones espec\u00edficas para la prevenci\u00f3n del absentismo, el \u00e9xito escolar y la mejora de la convivencia. Trabajamos mediante metodolog\u00edas inclusivas y medidas de apoyo que refuerzan el aprendizaje de aquellos alumnos y alumnas que presentan mayores necesidades, asegurando que el centro sea un espacio donde la equidad no sea solo un objetivo, sino una realidad cotidiana.<\/p>\n<p data-path-to-node=\"5\">Gracias a este programa, implementamos recursos y estrategias que favorecen la transici\u00f3n entre etapas educativas, el acompa\u00f1amiento personalizado y el fomento de expectativas positivas hacia el estudio. Creemos que una escuela m\u00e1s equitativa es una escuela mejor para todos, donde la diversidad se entiende como un valor que enriquece la convivencia y el aprendizaje de toda nuestra comunidad.<\/p>\n<p data-path-to-node=\"5\"><img fetchpriority=\"high\" decoding=\"async\" class=\"wp-image-3819 aligncenter\" src=\"https:\/\/blogsaverroes.juntadeandalucia.es\/iesveracruz\/files\/2026\/02\/1000106407-300x225.jpg\" alt=\"\" width=\"545\" height=\"409\" srcset=\"https:\/\/blogsaverroes.juntadeandalucia.es\/iesveracruz\/files\/2026\/02\/1000106407-300x225.jpg 300w, https:\/\/blogsaverroes.juntadeandalucia.es\/iesveracruz\/files\/2026\/02\/1000106407-1024x768.jpg 1024w, https:\/\/blogsaverroes.juntadeandalucia.es\/iesveracruz\/files\/2026\/02\/1000106407-768x576.jpg 768w, https:\/\/blogsaverroes.juntadeandalucia.es\/iesveracruz\/files\/2026\/02\/1000106407-1536x1152.jpg 1536w, https:\/\/blogsaverroes.juntadeandalucia.es\/iesveracruz\/files\/2026\/02\/1000106407-2048x1536.jpg 2048w\" sizes=\"(max-width: 545px) 100vw, 545px\" \/><\/p>\n","protected":false},"excerpt":{"rendered":"<p>En el IES&nbsp; Vera Cruz,&nbsp;participamos en el programa M\u00e1s Equidad de la Junta de Andaluc\u00eda, una iniciativa estrat\u00e9gica que busca ofrecer una respuesta educativa integral a la diversidad de nuestro alumnado. Este programa se&#46;&#46;&#46;<\/p>\n","protected":false},"author":6657,"featured_media":0,"parent":0,"menu_order":0,"comment_status":"closed","ping_status":"closed","template":"","meta":{"ngg_post_thumbnail":0,"footnotes":"","_mc_calendar":[]},"aioseo_notices":[],"_links":{"self":[{"href":"https:\/\/blogsaverroes.juntadeandalucia.es\/iesveracruz\/wp-json\/wp\/v2\/pages\/3864"}],"collection":[{"href":"https:\/\/blogsaverroes.juntadeandalucia.es\/iesveracruz\/wp-json\/wp\/v2\/pages"}],"about":[{"href":"https:\/\/blogsaverroes.juntadeandalucia.es\/iesveracruz\/wp-json\/wp\/v2\/types\/page"}],"author":[{"embeddable":true,"href":"https:\/\/blogsaverroes.juntadeandalucia.es\/iesveracruz\/wp-json\/wp\/v2\/users\/6657"}],"replies":[{"embeddable":true,"href":"https:\/\/blogsaverroes.juntadeandalucia.es\/iesveracruz\/wp-json\/wp\/v2\/comments?post=3864"}],"version-history":[{"count":1,"href":"https:\/\/blogsaverroes.juntadeandalucia.es\/iesveracruz\/wp-json\/wp\/v2\/pages\/3864\/revisions"}],"predecessor-version":[{"id":3866,"href":"https:\/\/blogsaverroes.juntadeandalucia.es\/iesveracruz\/wp-json\/wp\/v2\/pages\/3864\/revisions\/3866"}],"wp:attachment":[{"href":"https:\/\/blogsaverroes.juntadeandalucia.es\/iesveracruz\/wp-json\/wp\/v2\/media?parent=3864"}],"curies":[{"name":"wp","href":"https:\/\/api.w.org\/{rel}","templated":true}]}}