{"id":3968,"date":"2026-05-12T08:47:13","date_gmt":"2026-05-12T08:47:13","guid":{"rendered":"https:\/\/blogsaverroes.juntadeandalucia.es\/iesveracruz\/?page_id=3968"},"modified":"2026-05-12T08:56:45","modified_gmt":"2026-05-12T08:56:45","slug":"orientacion-3","status":"publish","type":"page","link":"https:\/\/blogsaverroes.juntadeandalucia.es\/iesveracruz\/orientacion-3\/","title":{"rendered":"Orientacion"},"content":{"rendered":"<h2 data-path-to-node=\"2\"><b data-path-to-node=\"2\" data-index-in-node=\"0\">Construyendo tu futuro: Orientaci\u00f3n Acad\u00e9mica en el IES Vera Cruz<\/b>&nbsp;<\/h2>\n<p data-path-to-node=\"3\">En el <b data-path-to-node=\"3\" data-index-in-node=\"6\">IES Vera Cruz<\/b> sabemos que elegir el camino despu\u00e9s del instituto no siempre es f\u00e1cil. Por eso, nuestro <b data-path-to-node=\"3\" data-index-in-node=\"109\">Departamento de Orientaci\u00f3n<\/b> trabaja codo con codo con el alumnado para despejar dudas y descubrir vocaciones.<\/p>\n<p data-path-to-node=\"4\">Nuestro objetivo es que cada estudiante se sienta acompa\u00f1ado en la toma de decisiones, ofreciendo herramientas para que su paso por el centro sea el trampol\u00edn hacia sus metas.<\/p>\n<h3 data-path-to-node=\"5\"><b data-path-to-node=\"5\" data-index-in-node=\"0\">\u00bfQu\u00e9 hacemos por ti?<\/b><\/h3>\n<ul data-path-to-node=\"6\">\n<li>\n<p data-path-to-node=\"6,0,0\"><b data-path-to-node=\"6,0,0\" data-index-in-node=\"0\">Asesoramiento personalizado:<\/b> Entrevistas individuales para resolver dudas sobre Bachillerato, Ciclos Formativos o Universidad.<\/p>\n<\/li>\n<li>\n<p data-path-to-node=\"6,1,0\"><b data-path-to-node=\"6,1,0\" data-index-in-node=\"0\">Charlas y Talleres:<\/b> Informaci\u00f3n actualizada sobre salidas profesionales y el funcionamiento de la PEvAU.<\/p>\n<\/li>\n<li>\n<p data-path-to-node=\"6,2,0\"><b data-path-to-node=\"6,2,0\" data-index-in-node=\"0\">Autoconocimiento:<\/b> Ayudamos al alumnado a identificar sus habilidades y puntos fuertes.<\/p>\n<\/li>\n<li>\n<p data-path-to-node=\"6,3,0\"><b data-path-to-node=\"6,3,0\" data-index-in-node=\"0\">Tr\u00e1nsito educativo:<\/b> Facilitamos el cambio entre etapas para que nadie se quede atr\u00e1s.<\/p>\n<\/li>\n<\/ul>\n<blockquote data-path-to-node=\"7\">\n<p data-path-to-node=\"7,0\">\u00abNo solo ense\u00f1amos materias, ayudamos a dise\u00f1ar proyectos de vida.\u00bb<\/p>\n<\/blockquote>\n<p data-path-to-node=\"9\"><b data-path-to-node=\"9\" data-index-in-node=\"0\">\u00bfTienes dudas sobre qu\u00e9 estudiar?<\/b> P\u00e1sate por el Departamento de Orientaci\u00f3n o consulta con tu tutor\/a. \u00a1Estamos aqu\u00ed para ayudarte a elegir tu mejor camino!<\/p>\n<p data-path-to-node=\"9\"><img fetchpriority=\"high\" decoding=\"async\" class=\"size-medium wp-image-3975 aligncenter\" src=\"https:\/\/blogsaverroes.juntadeandalucia.es\/iesveracruz\/files\/2026\/05\/1000038679-300x225.jpg\" alt=\"\" width=\"300\" height=\"225\" srcset=\"https:\/\/blogsaverroes.juntadeandalucia.es\/iesveracruz\/files\/2026\/05\/1000038679-300x225.jpg 300w, https:\/\/blogsaverroes.juntadeandalucia.es\/iesveracruz\/files\/2026\/05\/1000038679-1024x768.jpg 1024w, https:\/\/blogsaverroes.juntadeandalucia.es\/iesveracruz\/files\/2026\/05\/1000038679-768x576.jpg 768w, https:\/\/blogsaverroes.juntadeandalucia.es\/iesveracruz\/files\/2026\/05\/1000038679-1536x1152.jpg 1536w, https:\/\/blogsaverroes.juntadeandalucia.es\/iesveracruz\/files\/2026\/05\/1000038679.jpg 1600w\" sizes=\"(max-width: 300px) 100vw, 300px\" \/><\/p>\n","protected":false},"excerpt":{"rendered":"<p>Construyendo tu futuro: Orientaci\u00f3n Acad\u00e9mica en el IES Vera Cruz&nbsp; En el IES Vera Cruz sabemos que elegir el camino despu\u00e9s del instituto no siempre es f\u00e1cil. Por eso, nuestro Departamento de Orientaci\u00f3n trabaja&#46;&#46;&#46;<\/p>\n","protected":false},"author":6657,"featured_media":0,"parent":0,"menu_order":0,"comment_status":"closed","ping_status":"closed","template":"","meta":{"ngg_post_thumbnail":0,"footnotes":"","_mc_calendar":[]},"aioseo_notices":[],"_links":{"self":[{"href":"https:\/\/blogsaverroes.juntadeandalucia.es\/iesveracruz\/wp-json\/wp\/v2\/pages\/3968"}],"collection":[{"href":"https:\/\/blogsaverroes.juntadeandalucia.es\/iesveracruz\/wp-json\/wp\/v2\/pages"}],"about":[{"href":"https:\/\/blogsaverroes.juntadeandalucia.es\/iesveracruz\/wp-json\/wp\/v2\/types\/page"}],"author":[{"embeddable":true,"href":"https:\/\/blogsaverroes.juntadeandalucia.es\/iesveracruz\/wp-json\/wp\/v2\/users\/6657"}],"replies":[{"embeddable":true,"href":"https:\/\/blogsaverroes.juntadeandalucia.es\/iesveracruz\/wp-json\/wp\/v2\/comments?post=3968"}],"version-history":[{"count":3,"href":"https:\/\/blogsaverroes.juntadeandalucia.es\/iesveracruz\/wp-json\/wp\/v2\/pages\/3968\/revisions"}],"predecessor-version":[{"id":3976,"href":"https:\/\/blogsaverroes.juntadeandalucia.es\/iesveracruz\/wp-json\/wp\/v2\/pages\/3968\/revisions\/3976"}],"wp:attachment":[{"href":"https:\/\/blogsaverroes.juntadeandalucia.es\/iesveracruz\/wp-json\/wp\/v2\/media?parent=3968"}],"curies":[{"name":"wp","href":"https:\/\/api.w.org\/{rel}","templated":true}]}}