{"id":42,"date":"2015-03-13T08:40:47","date_gmt":"2015-03-13T08:40:47","guid":{"rendered":"http:\/\/blogsaverroes.juntadeandalucia.es\/pre\/ceip\/?page_id=42"},"modified":"2026-02-20T08:38:30","modified_gmt":"2026-02-20T08:38:30","slug":"equipo-directivo","status":"publish","type":"page","link":"https:\/\/blogsaverroes.juntadeandalucia.es\/iesveracruz\/equipo-directivo\/","title":{"rendered":"Equipo directivo"},"content":{"rendered":"<p data-path-to-node=\"3\">El equipo directivo de nuestro centro est\u00e1 constituido por un grupo de profesionales comprometidos con la excelencia acad\u00e9mica y el bienestar de toda la comunidad educativa. Bajo la direcci\u00f3n de <strong>Susana Jim\u00e9nez Hoces<\/strong>, se lidera un proyecto pedag\u00f3gico que busca la innovaci\u00f3n constante y el cumplimiento de los objetivos institucionales. Su labor se centra en representar oficialmente al centro, coordinar todas las actividades docentes y asegurar que el entorno escolar sea seguro, inclusivo y orientado al \u00e9xito de cada estudiante.<\/p>\n<p data-path-to-node=\"4\">En el \u00e1rea de la organizaci\u00f3n acad\u00e9mica, <strong>Joaqu\u00edn G\u00f3mez G\u00f3mez <\/strong>desempe\u00f1a la Jefatura de Estudios, asumiendo la responsabilidad de coordinar la labor del profesorado y el seguimiento del alumnado. Su funci\u00f3n es clave para garantizar el orden y la coherencia en los horarios, las tutor\u00edas y los procesos de evaluaci\u00f3n, trabajando siempre de la mano con las familias para fomentar un clima de convivencia positivo y un aprovechamiento \u00f3ptimo del tiempo lectivo.<\/p>\n<p data-path-to-node=\"5\">Finalmente, la gesti\u00f3n administrativa y econ\u00f3mica recae en <strong>Carmen Mar\u00eda Toral S\u00e1nchez,<\/strong> quien desde la Secretar\u00eda asegura la transparencia y eficiencia en el uso de los recursos del centro. Su trabajo es fundamental para la custodia de los expedientes acad\u00e9micos, la gesti\u00f3n de tr\u00e1mites administrativos y la provisi\u00f3n de los medios materiales necesarios que permiten que la actividad educativa diaria se desarrolle con total normalidad y rigor t\u00e9cnico.<\/p>\n<p data-path-to-node=\"5\">&nbsp;<\/p>\n<p data-path-to-node=\"5\"><img fetchpriority=\"high\" decoding=\"async\" class=\" wp-image-3816 aligncenter\" src=\"https:\/\/blogsaverroes.juntadeandalucia.es\/iesveracruz\/files\/2026\/02\/1000106411-300x225.jpg\" alt=\"\" width=\"486\" height=\"365\" srcset=\"https:\/\/blogsaverroes.juntadeandalucia.es\/iesveracruz\/files\/2026\/02\/1000106411-300x225.jpg 300w, https:\/\/blogsaverroes.juntadeandalucia.es\/iesveracruz\/files\/2026\/02\/1000106411-1024x768.jpg 1024w, https:\/\/blogsaverroes.juntadeandalucia.es\/iesveracruz\/files\/2026\/02\/1000106411-768x576.jpg 768w, https:\/\/blogsaverroes.juntadeandalucia.es\/iesveracruz\/files\/2026\/02\/1000106411-1536x1152.jpg 1536w, https:\/\/blogsaverroes.juntadeandalucia.es\/iesveracruz\/files\/2026\/02\/1000106411-2048x1536.jpg 2048w\" sizes=\"(max-width: 486px) 100vw, 486px\" \/><\/p>\n","protected":false},"excerpt":{"rendered":"<p>El equipo directivo de nuestro centro est\u00e1 constituido por un grupo de profesionales comprometidos con la excelencia acad\u00e9mica y el bienestar de toda la comunidad educativa. Bajo la direcci\u00f3n de Susana Jim\u00e9nez Hoces, se&#46;&#46;&#46;<\/p>\n","protected":false},"author":1,"featured_media":0,"parent":0,"menu_order":0,"comment_status":"closed","ping_status":"open","template":"","meta":{"ngg_post_thumbnail":0,"footnotes":"","_mc_calendar":[]},"aioseo_notices":[],"_links":{"self":[{"href":"https:\/\/blogsaverroes.juntadeandalucia.es\/iesveracruz\/wp-json\/wp\/v2\/pages\/42"}],"collection":[{"href":"https:\/\/blogsaverroes.juntadeandalucia.es\/iesveracruz\/wp-json\/wp\/v2\/pages"}],"about":[{"href":"https:\/\/blogsaverroes.juntadeandalucia.es\/iesveracruz\/wp-json\/wp\/v2\/types\/page"}],"author":[{"embeddable":true,"href":"https:\/\/blogsaverroes.juntadeandalucia.es\/iesveracruz\/wp-json\/wp\/v2\/users\/1"}],"replies":[{"embeddable":true,"href":"https:\/\/blogsaverroes.juntadeandalucia.es\/iesveracruz\/wp-json\/wp\/v2\/comments?post=42"}],"version-history":[{"count":10,"href":"https:\/\/blogsaverroes.juntadeandalucia.es\/iesveracruz\/wp-json\/wp\/v2\/pages\/42\/revisions"}],"predecessor-version":[{"id":2486,"href":"https:\/\/blogsaverroes.juntadeandalucia.es\/iesveracruz\/wp-json\/wp\/v2\/pages\/42\/revisions\/2486"}],"wp:attachment":[{"href":"https:\/\/blogsaverroes.juntadeandalucia.es\/iesveracruz\/wp-json\/wp\/v2\/media?parent=42"}],"curies":[{"name":"wp","href":"https:\/\/api.w.org\/{rel}","templated":true}]}}

<p data-path-to-node="3">El equipo directivo de nuestro centro está constituido por un grupo de profesionales comprometidos con la excelencia académica y el bienestar de toda la comunidad educativa. Bajo la dirección de <strong>Susana Jiménez Hoces</strong>, se lidera un proyecto pedagógico que busca la innovación constante y el cumplimiento de los objetivos institucionales. Su labor se centra en representar oficialmente al centro, coordinar todas las actividades docentes y asegurar que el entorno escolar sea seguro, inclusivo y orientado al éxito de cada estudiante.</p>
<p data-path-to-node="4">En el área de la organización académica, <strong>Joaquín Gómez Gómez </strong>desempeña la Jefatura de Estudios, asumiendo la responsabilidad de coordinar la labor del profesorado y el seguimiento del alumnado. Su función es clave para garantizar el orden y la coherencia en los horarios, las tutorías y los procesos de evaluación, trabajando siempre de la mano con las familias para fomentar un clima de convivencia positivo y un aprovechamiento óptimo del tiempo lectivo.</p>
<p data-path-to-node="5">Finalmente, la gestión administrativa y económica recae en <strong>Carmen María Toral Sánchez,</strong> quien desde la Secretaría asegura la transparencia y eficiencia en el uso de los recursos del centro. Su trabajo es fundamental para la custodia de los expedientes académicos, la gestión de trámites administrativos y la provisión de los medios materiales necesarios que permiten que la actividad educativa diaria se desarrolle con total normalidad y rigor técnico.</p>
<p data-path-to-node="5">&nbsp;</p>
<p data-path-to-node="5"><img fetchpriority="high" decoding="async" class=" wp-image-3816 aligncenter" src="https://blogsaverroes.juntadeandalucia.es/iesveracruz/files/2026/02/1000106411-300x225.jpg" alt="" width="486" height="365" srcset="https://blogsaverroes.juntadeandalucia.es/iesveracruz/files/2026/02/1000106411-300x225.jpg 300w, https://blogsaverroes.juntadeandalucia.es/iesveracruz/files/2026/02/1000106411-1024x768.jpg 1024w, https://blogsaverroes.juntadeandalucia.es/iesveracruz/files/2026/02/1000106411-768x576.jpg 768w, https://blogsaverroes.juntadeandalucia.es/iesveracruz/files/2026/02/1000106411-1536x1152.jpg 1536w, https://blogsaverroes.juntadeandalucia.es/iesveracruz/files/2026/02/1000106411-2048x1536.jpg 2048w" sizes="(max-width: 486px) 100vw, 486px" /></p>

<p>El equipo directivo de nuestro centro está constituido por un grupo de profesionales comprometidos con la excelencia académica y el bienestar de toda la comunidad educativa. Bajo la dirección de Susana Jiménez Hoces, se&#46;&#46;&#46;</p>
