{"id":49,"date":"2015-03-13T08:47:05","date_gmt":"2015-03-13T08:47:05","guid":{"rendered":"http:\/\/blogsaverroes.juntadeandalucia.es\/pre\/ceip\/?page_id=49"},"modified":"2026-02-20T09:54:29","modified_gmt":"2026-02-20T09:54:29","slug":"proyecto-educativo","status":"publish","type":"page","link":"https:\/\/blogsaverroes.juntadeandalucia.es\/iesveracruz\/proyecto-educativo\/","title":{"rendered":"Plan de Centro"},"content":{"rendered":"<p data-path-to-node=\"4\">El <b data-path-to-node=\"4\" data-index-in-node=\"3\">Plan de Centro<\/b> constituye el eje vertebrador de nuestra instituci\u00f3n y la expresi\u00f3n m\u00e1xima de nuestra autonom\u00eda pedag\u00f3gica y organizativa. En este documento se define nuestra identidad, plasmando de forma detallada el modelo educativo y la concreci\u00f3n de la normativa vigente que aplicamos a las ense\u00f1anzas impartidas. A trav\u00e9s de \u00e9l, articulamos nuestras finalidades educativas, los objetivos compartidos y las estrategias de atenci\u00f3n a la diversidad, garantizando que cada alumno y alumna reciba una respuesta educativa adaptada a sus necesidades.<\/p>\n<p data-path-to-node=\"5\">Este marco de referencia se estructura en torno a tres pilares fundamentales que integran toda la actividad del curso 2024-2025. En primer lugar, el <b data-path-to-node=\"5\" data-index-in-node=\"149\">Proyecto Educativo<\/b> act\u00faa como el motor pedag\u00f3gico, englobando programas esenciales como el Plan Anual de Orientaci\u00f3n y Acci\u00f3n Tutorial, el Plan de Convivencia y el Plan de Actuaci\u00f3n Digital. Asimismo, refuerza el aprendizaje mediante el Plan de Lectura, el Plan de Biblioteca y el Plan para el Fomento del Razonamiento Matem\u00e1tico. La inclusi\u00f3n y la excelencia tambi\u00e9n tienen su espacio propio a trav\u00e9s del Plan de Recreos Inclusivos y el Plan de Profundizaci\u00f3n, asegurando un desarrollo integral en todas las \u00e1reas.<\/p>\n<p data-path-to-node=\"6\">Por otro lado, la estructura operativa se consolida a trav\u00e9s del <b data-path-to-node=\"6\" data-index-in-node=\"65\">Reglamento de Organizaci\u00f3n y Funcionamiento<\/b>, el cual regula la convivencia y la participaci\u00f3n de toda la comunidad escolar. Este apartado se complementa con el Plan de Reuniones para la coordinaci\u00f3n docente y el Plan de Autoprotecci\u00f3n, destinado a garantizar la seguridad en nuestras instalaciones. Finalmente, el <b data-path-to-node=\"6\" data-index-in-node=\"379\">Proyecto de Gesti\u00f3n<\/b> asegura la administraci\u00f3n eficiente de los recursos materiales y econ\u00f3micos necesarios para que todos los objetivos anteriores se cumplan con \u00e9xito, conformando as\u00ed un centro organizado, transparente y profundamente comprometido con la calidad de la ense\u00f1anza.<\/p>\n<p data-path-to-node=\"6\">Accede a todo los documentos relacionado con el plan de centro. <a href=\"https:\/\/drive.google.com\/drive\/folders\/1Hyzj8WW-vVCtUI2nlvPW1UThYnM2qYnc?usp=sharing\">Pincha aqu\u00ed.<\/a><\/p>\n<p data-path-to-node=\"6\"><img fetchpriority=\"high\" decoding=\"async\" class=\"wp-image-3819 aligncenter\" src=\"https:\/\/blogsaverroes.juntadeandalucia.es\/iesveracruz\/files\/2026\/02\/1000106407-300x225.jpg\" alt=\"\" width=\"503\" height=\"377\" srcset=\"https:\/\/blogsaverroes.juntadeandalucia.es\/iesveracruz\/files\/2026\/02\/1000106407-300x225.jpg 300w, https:\/\/blogsaverroes.juntadeandalucia.es\/iesveracruz\/files\/2026\/02\/1000106407-1024x768.jpg 1024w, https:\/\/blogsaverroes.juntadeandalucia.es\/iesveracruz\/files\/2026\/02\/1000106407-768x576.jpg 768w, https:\/\/blogsaverroes.juntadeandalucia.es\/iesveracruz\/files\/2026\/02\/1000106407-1536x1152.jpg 1536w, https:\/\/blogsaverroes.juntadeandalucia.es\/iesveracruz\/files\/2026\/02\/1000106407-2048x1536.jpg 2048w\" sizes=\"(max-width: 503px) 100vw, 503px\" \/><\/p>\n<p>&nbsp;<\/p>\n<p>&nbsp;<\/p>\n","protected":false},"excerpt":{"rendered":"<p>El Plan de Centro constituye el eje vertebrador de nuestra instituci\u00f3n y la expresi\u00f3n m\u00e1xima de nuestra autonom\u00eda pedag\u00f3gica y organizativa. En este documento se define nuestra identidad, plasmando de forma detallada el modelo&#46;&#46;&#46;<\/p>\n","protected":false},"author":1,"featured_media":1662,"parent":0,"menu_order":0,"comment_status":"closed","ping_status":"open","template":"","meta":{"ngg_post_thumbnail":0,"footnotes":"","_mc_calendar":[]},"aioseo_notices":[],"_links":{"self":[{"href":"https:\/\/blogsaverroes.juntadeandalucia.es\/iesveracruz\/wp-json\/wp\/v2\/pages\/49"}],"collection":[{"href":"https:\/\/blogsaverroes.juntadeandalucia.es\/iesveracruz\/wp-json\/wp\/v2\/pages"}],"about":[{"href":"https:\/\/blogsaverroes.juntadeandalucia.es\/iesveracruz\/wp-json\/wp\/v2\/types\/page"}],"author":[{"embeddable":true,"href":"https:\/\/blogsaverroes.juntadeandalucia.es\/iesveracruz\/wp-json\/wp\/v2\/users\/1"}],"replies":[{"embeddable":true,"href":"https:\/\/blogsaverroes.juntadeandalucia.es\/iesveracruz\/wp-json\/wp\/v2\/comments?post=49"}],"version-history":[{"count":38,"href":"https:\/\/blogsaverroes.juntadeandalucia.es\/iesveracruz\/wp-json\/wp\/v2\/pages\/49\/revisions"}],"predecessor-version":[{"id":2557,"href":"https:\/\/blogsaverroes.juntadeandalucia.es\/iesveracruz\/wp-json\/wp\/v2\/pages\/49\/revisions\/2557"}],"wp:featuredmedia":[{"embeddable":true,"href":"https:\/\/blogsaverroes.juntadeandalucia.es\/iesveracruz\/wp-json\/wp\/v2\/media\/1662"}],"wp:attachment":[{"href":"https:\/\/blogsaverroes.juntadeandalucia.es\/iesveracruz\/wp-json\/wp\/v2\/media?parent=49"}],"curies":[{"name":"wp","href":"https:\/\/api.w.org\/{rel}","templated":true}]}}