{"id":13853,"date":"2025-08-19T21:22:45","date_gmt":"2025-08-19T19:22:45","guid":{"rendered":"https:\/\/blogsaverroes.juntadeandalucia.es\/iesvirgendelcampo\/?page_id=13853"},"modified":"2025-08-19T21:25:24","modified_gmt":"2025-08-19T19:25:24","slug":"acreditacion-erasmus-2022-2027","status":"publish","type":"page","link":"https:\/\/blogsaverroes.juntadeandalucia.es\/iesvirgendelcampo\/planes-y-programas\/acreditacion-erasmus-2022-2027\/","title":{"rendered":"Acreditaci\u00f3n Erasmus 2022-2027"},"content":{"rendered":"<p style=\"text-align: center\"><em><strong>ACREDITACI\u00d3N ERASMUS&nbsp;<\/strong><\/em><\/p>\n<p>El centro ha conseguido la acreditaci\u00f3n Erasmus y con ella podr\u00e1 trabajar en diferentes proyectos hasta el 2027. Dicha acreditaci\u00f3n da la oportunidad a toda la comunidad educativa a trabajar en diferentes proyectos para facilitar la comunicaci\u00f3n y el trabajo con centros de toda Europa.&nbsp;<\/p>\n<p>Esperamos que nuestro alumnado participe ilusionado en esta aventura que le dar\u00e1 la posibilidad de conocer m\u00e1s y mejor Europa.&nbsp;<\/p>\n<p>&nbsp;<\/p>\n<p>&nbsp;<\/p>\n<p>&nbsp;<\/p>\n<p><a href=\"https:\/\/blogsaverroes.juntadeandalucia.es\/iesvirgendelcampo\/files\/2023\/10\/ERASMUSFLAG.jpg\"><img fetchpriority=\"high\" decoding=\"async\" class=\"alignnone size-medium wp-image-10582\" src=\"https:\/\/blogsaverroes.juntadeandalucia.es\/iesvirgendelcampo\/files\/2023\/10\/ERASMUSFLAG-300x232.jpg\" alt=\"\" width=\"300\" height=\"232\" srcset=\"https:\/\/blogsaverroes.juntadeandalucia.es\/iesvirgendelcampo\/files\/2023\/10\/ERASMUSFLAG-300x232.jpg 300w, https:\/\/blogsaverroes.juntadeandalucia.es\/iesvirgendelcampo\/files\/2023\/10\/ERASMUSFLAG-768x594.jpg 768w, https:\/\/blogsaverroes.juntadeandalucia.es\/iesvirgendelcampo\/files\/2023\/10\/ERASMUSFLAG.jpg 922w\" sizes=\"(max-width: 300px) 100vw, 300px\" \/><\/a> <a href=\"https:\/\/blogsaverroes.juntadeandalucia.es\/iesvirgendelcampo\/files\/2023\/10\/ACREDITACION.jpg\"><img decoding=\"async\" class=\"alignnone size-medium wp-image-10584\" src=\"https:\/\/blogsaverroes.juntadeandalucia.es\/iesvirgendelcampo\/files\/2023\/10\/ACREDITACION-300x180.jpg\" alt=\"\" width=\"300\" height=\"180\" srcset=\"https:\/\/blogsaverroes.juntadeandalucia.es\/iesvirgendelcampo\/files\/2023\/10\/ACREDITACION-300x180.jpg 300w, https:\/\/blogsaverroes.juntadeandalucia.es\/iesvirgendelcampo\/files\/2023\/10\/ACREDITACION-1024x614.jpg 1024w, https:\/\/blogsaverroes.juntadeandalucia.es\/iesvirgendelcampo\/files\/2023\/10\/ACREDITACION-768x460.jpg 768w, https:\/\/blogsaverroes.juntadeandalucia.es\/iesvirgendelcampo\/files\/2023\/10\/ACREDITACION.jpg 1036w\" sizes=\"(max-width: 300px) 100vw, 300px\" \/><\/a> <a href=\"https:\/\/blogsaverroes.juntadeandalucia.es\/iesvirgendelcampo\/files\/2023\/10\/PASOS.jpg\"><img decoding=\"async\" class=\"alignnone size-medium wp-image-10583\" src=\"https:\/\/blogsaverroes.juntadeandalucia.es\/iesvirgendelcampo\/files\/2023\/10\/PASOS-300x232.jpg\" alt=\"\" width=\"300\" height=\"232\" srcset=\"https:\/\/blogsaverroes.juntadeandalucia.es\/iesvirgendelcampo\/files\/2023\/10\/PASOS-300x232.jpg 300w, https:\/\/blogsaverroes.juntadeandalucia.es\/iesvirgendelcampo\/files\/2023\/10\/PASOS-768x593.jpg 768w, https:\/\/blogsaverroes.juntadeandalucia.es\/iesvirgendelcampo\/files\/2023\/10\/PASOS.jpg 967w\" sizes=\"(max-width: 300px) 100vw, 300px\" \/><\/a><\/p>\n<p>&nbsp;<\/p>\n<p><a href=\"https:\/\/blogsaverroes.juntadeandalucia.es\/iesvirgendelcampo\/files\/2022\/05\/es_cofinanciado_por_la_union_europea_pos.png\"><img loading=\"lazy\" decoding=\"async\" class=\"alignnone size-medium wp-image-8103\" src=\"https:\/\/blogsaverroes.juntadeandalucia.es\/iesvirgendelcampo\/files\/2022\/05\/es_cofinanciado_por_la_union_europea_pos-300x63.png\" alt=\"\" width=\"300\" height=\"63\" srcset=\"https:\/\/blogsaverroes.juntadeandalucia.es\/iesvirgendelcampo\/files\/2022\/05\/es_cofinanciado_por_la_union_europea_pos-300x63.png 300w, https:\/\/blogsaverroes.juntadeandalucia.es\/iesvirgendelcampo\/files\/2022\/05\/es_cofinanciado_por_la_union_europea_pos-1024x215.png 1024w, https:\/\/blogsaverroes.juntadeandalucia.es\/iesvirgendelcampo\/files\/2022\/05\/es_cofinanciado_por_la_union_europea_pos-768x161.png 768w, https:\/\/blogsaverroes.juntadeandalucia.es\/iesvirgendelcampo\/files\/2022\/05\/es_cofinanciado_por_la_union_europea_pos-1536x322.png 1536w, https:\/\/blogsaverroes.juntadeandalucia.es\/iesvirgendelcampo\/files\/2022\/05\/es_cofinanciado_por_la_union_europea_pos-2048x429.png 2048w, https:\/\/blogsaverroes.juntadeandalucia.es\/iesvirgendelcampo\/files\/2022\/05\/es_cofinanciado_por_la_union_europea_pos.png 1600w\" sizes=\"(max-width: 300px) 100vw, 300px\" \/><\/a> <a href=\"https:\/\/blogsaverroes.juntadeandalucia.es\/iesvirgendelcampo\/files\/2022\/05\/EN-Co-Funded-by-the-EU_POS.png\"><img loading=\"lazy\" decoding=\"async\" class=\"alignnone size-medium wp-image-8102\" src=\"https:\/\/blogsaverroes.juntadeandalucia.es\/iesvirgendelcampo\/files\/2022\/05\/EN-Co-Funded-by-the-EU_POS-300x63.png\" alt=\"\" width=\"300\" height=\"63\" srcset=\"https:\/\/blogsaverroes.juntadeandalucia.es\/iesvirgendelcampo\/files\/2022\/05\/EN-Co-Funded-by-the-EU_POS-300x63.png 300w, https:\/\/blogsaverroes.juntadeandalucia.es\/iesvirgendelcampo\/files\/2022\/05\/EN-Co-Funded-by-the-EU_POS-1024x215.png 1024w, https:\/\/blogsaverroes.juntadeandalucia.es\/iesvirgendelcampo\/files\/2022\/05\/EN-Co-Funded-by-the-EU_POS-768x161.png 768w, https:\/\/blogsaverroes.juntadeandalucia.es\/iesvirgendelcampo\/files\/2022\/05\/EN-Co-Funded-by-the-EU_POS-1536x322.png 1536w, https:\/\/blogsaverroes.juntadeandalucia.es\/iesvirgendelcampo\/files\/2022\/05\/EN-Co-Funded-by-the-EU_POS-2048x430.png 2048w, https:\/\/blogsaverroes.juntadeandalucia.es\/iesvirgendelcampo\/files\/2022\/05\/EN-Co-Funded-by-the-EU_POS.png 1600w\" sizes=\"(max-width: 300px) 100vw, 300px\" \/><\/a><\/p>\n<p>&nbsp;<\/p>\n<p>&nbsp;<\/p>\n","protected":false},"excerpt":{"rendered":"<p>ACREDITACI\u00d3N ERASMUS&nbsp; El centro ha conseguido la acreditaci\u00f3n Erasmus y con ella podr\u00e1 trabajar en diferentes proyectos hasta el 2027. Dicha acreditaci\u00f3n da la oportunidad a toda la comunidad educativa&#46;&#46;&#46;<\/p>\n","protected":false},"author":4099,"featured_media":10584,"parent":3110,"menu_order":0,"comment_status":"closed","ping_status":"closed","template":"","meta":{"ngg_post_thumbnail":0,"footnotes":"","_mc_calendar":[]},"aioseo_notices":[],"_links":{"self":[{"href":"https:\/\/blogsaverroes.juntadeandalucia.es\/iesvirgendelcampo\/wp-json\/wp\/v2\/pages\/13853"}],"collection":[{"href":"https:\/\/blogsaverroes.juntadeandalucia.es\/iesvirgendelcampo\/wp-json\/wp\/v2\/pages"}],"about":[{"href":"https:\/\/blogsaverroes.juntadeandalucia.es\/iesvirgendelcampo\/wp-json\/wp\/v2\/types\/page"}],"author":[{"embeddable":true,"href":"https:\/\/blogsaverroes.juntadeandalucia.es\/iesvirgendelcampo\/wp-json\/wp\/v2\/users\/4099"}],"replies":[{"embeddable":true,"href":"https:\/\/blogsaverroes.juntadeandalucia.es\/iesvirgendelcampo\/wp-json\/wp\/v2\/comments?post=13853"}],"version-history":[{"count":1,"href":"https:\/\/blogsaverroes.juntadeandalucia.es\/iesvirgendelcampo\/wp-json\/wp\/v2\/pages\/13853\/revisions"}],"predecessor-version":[{"id":13854,"href":"https:\/\/blogsaverroes.juntadeandalucia.es\/iesvirgendelcampo\/wp-json\/wp\/v2\/pages\/13853\/revisions\/13854"}],"up":[{"embeddable":true,"href":"https:\/\/blogsaverroes.juntadeandalucia.es\/iesvirgendelcampo\/wp-json\/wp\/v2\/pages\/3110"}],"wp:featuredmedia":[{"embeddable":true,"href":"https:\/\/blogsaverroes.juntadeandalucia.es\/iesvirgendelcampo\/wp-json\/wp\/v2\/media\/10584"}],"wp:attachment":[{"href":"https:\/\/blogsaverroes.juntadeandalucia.es\/iesvirgendelcampo\/wp-json\/wp\/v2\/media?parent=13853"}],"curies":[{"name":"wp","href":"https:\/\/api.w.org\/{rel}","templated":true}]}}