{"id":3101,"date":"2017-11-14T09:47:26","date_gmt":"2017-11-14T09:47:26","guid":{"rendered":"http:\/\/blogsaverroes.juntadeandalucia.es\/iesvirgendelcampo\/?page_id=3101"},"modified":"2021-12-07T12:35:26","modified_gmt":"2021-12-07T12:35:26","slug":"centro","status":"publish","type":"page","link":"https:\/\/blogsaverroes.juntadeandalucia.es\/iesvirgendelcampo\/centro\/","title":{"rendered":"Centro"},"content":{"rendered":"\t\t<div data-elementor-type=\"wp-page\" data-elementor-id=\"3101\" class=\"elementor elementor-3101\">\n\t\t\t\t\t\t<section class=\"elementor-section elementor-top-section elementor-element elementor-element-360197b elementor-section-boxed elementor-section-height-default elementor-section-height-default\" data-id=\"360197b\" data-element_type=\"section\">\n\t\t\t\t\t\t<div class=\"elementor-container elementor-column-gap-default\">\n\t\t\t\t\t<div class=\"elementor-column elementor-col-100 elementor-top-column elementor-element elementor-element-dbfa120\" data-id=\"dbfa120\" data-element_type=\"column\">\n\t\t\t<div class=\"elementor-widget-wrap elementor-element-populated\">\n\t\t\t\t\t\t<div class=\"elementor-element elementor-element-7cdf712 elementor-widget elementor-widget-image\" data-id=\"7cdf712\" data-element_type=\"widget\" data-widget_type=\"image.default\">\n\t\t\t\t<div class=\"elementor-widget-container\">\n\t\t\t\t\t\t\t\t\t\t\t\t\t\t\t<img fetchpriority=\"high\" decoding=\"async\" width=\"1024\" height=\"768\" src=\"https:\/\/blogsaverroes.juntadeandalucia.es\/iesvirgendelcampo\/files\/2021\/12\/ORGANIGRAMA-IES-1-1024x768.png\" class=\"attachment-large size-large wp-image-7270\" alt=\"\" srcset=\"https:\/\/blogsaverroes.juntadeandalucia.es\/iesvirgendelcampo\/files\/2021\/12\/ORGANIGRAMA-IES-1-1024x768.png 1024w, https:\/\/blogsaverroes.juntadeandalucia.es\/iesvirgendelcampo\/files\/2021\/12\/ORGANIGRAMA-IES-1-300x225.png 300w, https:\/\/blogsaverroes.juntadeandalucia.es\/iesvirgendelcampo\/files\/2021\/12\/ORGANIGRAMA-IES-1-768x576.png 768w, https:\/\/blogsaverroes.juntadeandalucia.es\/iesvirgendelcampo\/files\/2021\/12\/ORGANIGRAMA-IES-1.png 1536w\" sizes=\"(max-width: 1024px) 100vw, 1024px\" \/>\t\t\t\t\t\t\t\t\t\t\t\t\t\t\t<\/div>\n\t\t\t\t<\/div>\n\t\t\t\t\t<\/div>\n\t\t<\/div>\n\t\t\t\t\t<\/div>\n\t\t<\/section>\n\t\t\t\t<section class=\"elementor-section elementor-top-section elementor-element elementor-element-36a2fd8 elementor-section-boxed elementor-section-height-default elementor-section-height-default\" data-id=\"36a2fd8\" data-element_type=\"section\">\n\t\t\t\t\t\t<div class=\"elementor-container elementor-column-gap-default\">\n\t\t\t\t\t<div class=\"elementor-column elementor-col-100 elementor-top-column elementor-element elementor-element-75384b3\" data-id=\"75384b3\" data-element_type=\"column\">\n\t\t\t<div class=\"elementor-widget-wrap elementor-element-populated\">\n\t\t\t\t\t\t<div class=\"elementor-element elementor-element-6d25f25 elementor-widget elementor-widget-text-editor\" data-id=\"6d25f25\" data-element_type=\"widget\" data-widget_type=\"text-editor.default\">\n\t\t\t\t<div class=\"elementor-widget-container\">\n\t\t\t\t\t\t\t\t\t<ul class=\"centro1\">\n<li><strong>C\u00f3digo:&nbsp;<\/strong>14700511<\/li>\n<li><strong>Centro:&nbsp;<\/strong>I.E.S.&nbsp;Virgen del Campo<\/li>\n<li><strong>Domicilio:<\/strong>&nbsp;Ronda del Convento, s\/n<\/li>\n<li><strong>Localidad:<\/strong>&nbsp;Ca\u00f1ete de las Torres<\/li>\n<li><strong>Provincia:<\/strong>&nbsp;C\u00f3rdoba<\/li>\n<li><strong>C\u00f3digo postal:<\/strong>&nbsp;14660<\/li>\n<li><strong>Tel\u00e9fono:&nbsp;<\/strong>957 19 98 20<\/li>\n<li><strong>Tel\u00e9fono corp.:<\/strong>&nbsp;586820<\/li>\n<li><strong>Fax:<\/strong>&nbsp;957 19 97 69<\/li>\n<li><strong>Email:&nbsp;<\/strong>14700511.edu@juntadeandalucia.es&nbsp;<\/li>\n<\/ul>\n<p>[googlemaps https:\/\/www.google.com\/maps\/embed?pb=!1m18!1m12!1m3!1d2626.1066531950605!2d-4.323508667457455!3d37.86846727557726!2m3!1f0!2f0!3f0!3m2!1i1024!2i768!4f13.1!3m3!1m2!1s0xd6dab63b207e801%3A0xcc620c64cbc1525a!2sIES+Virgen+del+Campo!5e1!3m2!1ses!2ses!4v1510849521788&amp;w=800&amp;h=600]<\/p>\t\t\t\t\t\t\t\t<\/div>\n\t\t\t\t<\/div>\n\t\t\t\t\t<\/div>\n\t\t<\/div>\n\t\t\t\t\t<\/div>\n\t\t<\/section>\n\t\t\t\t<\/div>\n\t\t","protected":false},"excerpt":{"rendered":"<p>C\u00f3digo:&nbsp;14700511 Centro:&nbsp;I.E.S.&nbsp;Virgen del Campo Domicilio:&nbsp;Ronda del Convento, s\/n Localidad:&nbsp;Ca\u00f1ete de las Torres Provincia:&nbsp;C\u00f3rdoba C\u00f3digo postal:&nbsp;14660 Tel\u00e9fono:&nbsp;957 19 98 20 Tel\u00e9fono corp.:&nbsp;586820 Fax:&nbsp;957 19 97 69 Email:&nbsp;14700511.edu@juntadeandalucia.es&nbsp; [googlemaps https:\/\/www.google.com\/maps\/embed?pb=!1m18!1m12!1m3!1d2626.1066531950605!2d-4.323508667457455!3d37.86846727557726!2m3!1f0!2f0!3f0!3m2!1i1024!2i768!4f13.1!3m3!1m2!1s0xd6dab63b207e801%3A0xcc620c64cbc1525a!2sIES+Virgen+del+Campo!5e1!3m2!1ses!2ses!4v1510849521788&amp;w=800&amp;h=600]<\/p>\n","protected":false},"author":4186,"featured_media":0,"parent":0,"menu_order":0,"comment_status":"closed","ping_status":"closed","template":"","meta":{"ngg_post_thumbnail":0,"footnotes":"","_mc_calendar":[]},"aioseo_notices":[],"_links":{"self":[{"href":"https:\/\/blogsaverroes.juntadeandalucia.es\/iesvirgendelcampo\/wp-json\/wp\/v2\/pages\/3101"}],"collection":[{"href":"https:\/\/blogsaverroes.juntadeandalucia.es\/iesvirgendelcampo\/wp-json\/wp\/v2\/pages"}],"about":[{"href":"https:\/\/blogsaverroes.juntadeandalucia.es\/iesvirgendelcampo\/wp-json\/wp\/v2\/types\/page"}],"author":[{"embeddable":true,"href":"https:\/\/blogsaverroes.juntadeandalucia.es\/iesvirgendelcampo\/wp-json\/wp\/v2\/users\/4186"}],"replies":[{"embeddable":true,"href":"https:\/\/blogsaverroes.juntadeandalucia.es\/iesvirgendelcampo\/wp-json\/wp\/v2\/comments?post=3101"}],"version-history":[{"count":29,"href":"https:\/\/blogsaverroes.juntadeandalucia.es\/iesvirgendelcampo\/wp-json\/wp\/v2\/pages\/3101\/revisions"}],"predecessor-version":[{"id":7276,"href":"https:\/\/blogsaverroes.juntadeandalucia.es\/iesvirgendelcampo\/wp-json\/wp\/v2\/pages\/3101\/revisions\/7276"}],"wp:attachment":[{"href":"https:\/\/blogsaverroes.juntadeandalucia.es\/iesvirgendelcampo\/wp-json\/wp\/v2\/media?parent=3101"}],"curies":[{"name":"wp","href":"https:\/\/api.w.org\/{rel}","templated":true}]}}

<div data-elementor-type="wp-page" data-elementor-id="3101" class="elementor elementor-3101">
						<section class="elementor-section elementor-top-section elementor-element elementor-element-360197b elementor-section-boxed elementor-section-height-default elementor-section-height-default" data-id="360197b" data-element_type="section">
						<div class="elementor-container elementor-column-gap-default">
					<div class="elementor-column elementor-col-100 elementor-top-column elementor-element elementor-element-dbfa120" data-id="dbfa120" data-element_type="column">
			<div class="elementor-widget-wrap elementor-element-populated">
						<div class="elementor-element elementor-element-7cdf712 elementor-widget elementor-widget-image" data-id="7cdf712" data-element_type="widget" data-widget_type="image.default">
				<div class="elementor-widget-container">
															<img fetchpriority="high" decoding="async" width="1024" height="768" src="https://blogsaverroes.juntadeandalucia.es/iesvirgendelcampo/files/2021/12/ORGANIGRAMA-IES-1-1024x768.png" class="attachment-large size-large wp-image-7270" alt="" srcset="https://blogsaverroes.juntadeandalucia.es/iesvirgendelcampo/files/2021/12/ORGANIGRAMA-IES-1-1024x768.png 1024w, https://blogsaverroes.juntadeandalucia.es/iesvirgendelcampo/files/2021/12/ORGANIGRAMA-IES-1-300x225.png 300w, https://blogsaverroes.juntadeandalucia.es/iesvirgendelcampo/files/2021/12/ORGANIGRAMA-IES-1-768x576.png 768w, https://blogsaverroes.juntadeandalucia.es/iesvirgendelcampo/files/2021/12/ORGANIGRAMA-IES-1.png 1536w" sizes="(max-width: 1024px) 100vw, 1024px" />															</div>
				</div>
					</div>
		</div>
					</div>
		</section>
				<section class="elementor-section elementor-top-section elementor-element elementor-element-36a2fd8 elementor-section-boxed elementor-section-height-default elementor-section-height-default" data-id="36a2fd8" data-element_type="section">
						<div class="elementor-container elementor-column-gap-default">
					<div class="elementor-column elementor-col-100 elementor-top-column elementor-element elementor-element-75384b3" data-id="75384b3" data-element_type="column">
			<div class="elementor-widget-wrap elementor-element-populated">
						<div class="elementor-element elementor-element-6d25f25 elementor-widget elementor-widget-text-editor" data-id="6d25f25" data-element_type="widget" data-widget_type="text-editor.default">
				<div class="elementor-widget-container">
									<ul class="centro1">
<li><strong>Código:&nbsp;</strong>14700511</li>
<li><strong>Centro:&nbsp;</strong>I.E.S.&nbsp;Virgen del Campo</li>
<li><strong>Domicilio:</strong>&nbsp;Ronda del Convento, s/n</li>
<li><strong>Localidad:</strong>&nbsp;Cañete de las Torres</li>
<li><strong>Provincia:</strong>&nbsp;Córdoba</li>
<li><strong>Código postal:</strong>&nbsp;14660</li>
<li><strong>Teléfono:&nbsp;</strong>957 19 98 20</li>
<li><strong>Teléfono corp.:</strong>&nbsp;586820</li>
<li><strong>Fax:</strong>&nbsp;957 19 97 69</li>
<li><strong>Email:&nbsp;</strong>14700511.edu@juntadeandalucia.es&nbsp;</li>
</ul>
<p>[googlemaps https://www.google.com/maps/embed?pb=!1m18!1m12!1m3!1d2626.1066531950605!2d-4.323508667457455!3d37.86846727557726!2m3!1f0!2f0!3f0!3m2!1i1024!2i768!4f13.1!3m3!1m2!1s0xd6dab63b207e801%3A0xcc620c64cbc1525a!2sIES+Virgen+del+Campo!5e1!3m2!1ses!2ses!4v1510849521788&amp;w=800&amp;h=600]</p>								</div>
				</div>
					</div>
		</div>
					</div>
		</section>
				</div>

<p>Código:&nbsp;14700511 Centro:&nbsp;I.E.S.&nbsp;Virgen del Campo Domicilio:&nbsp;Ronda del Convento, s/n Localidad:&nbsp;Cañete de las Torres Provincia:&nbsp;Córdoba Código postal:&nbsp;14660 Teléfono:&nbsp;957 19 98 20 Teléfono corp.:&nbsp;586820 Fax:&nbsp;957 19 97 69 Email:&nbsp;14700511.edu@juntadeandalucia.es&nbsp; [googlemaps https://www.google.com/maps/embed?pb=!1m18!1m12!1m3!1d2626.1066531950605!2d-4.323508667457455!3d37.86846727557726!2m3!1f0!2f0!3f0!3m2!1i1024!2i768!4f13.1!3m3!1m2!1s0xd6dab63b207e801%3A0xcc620c64cbc1525a!2sIES+Virgen+del+Campo!5e1!3m2!1ses!2ses!4v1510849521788&amp;w=800&amp;h=600]</p>
