{"id":3112,"date":"2017-11-15T19:21:51","date_gmt":"2017-11-15T19:21:51","guid":{"rendered":"http:\/\/blogsaverroes.juntadeandalucia.es\/iesvirgendelcampo\/?page_id=3112"},"modified":"2018-03-23T11:33:46","modified_gmt":"2018-03-23T11:33:46","slug":"biblioteca","status":"publish","type":"page","link":"https:\/\/blogsaverroes.juntadeandalucia.es\/iesvirgendelcampo\/biblioteca\/","title":{"rendered":"Biblioteca"},"content":{"rendered":"<p>Hola a todos los miembros de esta peque\u00f1a comunidad escolar. Esperamos que bien avenida.<\/p>\n<p>Esta es la p\u00e1gina de nuestra biblioteca. La biblioteca es esa aula algo m\u00e1s grande que est\u00e1 escondida al final del pasillo, en la planta de abajo. Al lado de los ba\u00f1os. \u00bfOs suena? A algunos-as s\u00ed, a otros no estoy tan segura. Pero all\u00ed est\u00e1, esper\u00e1ndoos a todos-as con las estanter\u00edas abiertas, con los libros por abrir. Aguardando que alguien llegue y empiece a viajar con ellos y su imaginaci\u00f3n.<\/p>\n<p>Abierta a todos vuestras sugerencias y vuestras ideas para mejorarla. \u00a1Vamos! Poco a poco podemos conseguirlo.<\/p>\n<p>Recordad que durante todo el a\u00f1o tenemos el concurso de \u00abY adem\u00e1s leo\u00bb, que premia al final de curso a los que m\u00e1s libros hay\u00e1is devorado. Y necesitamos que particip\u00e9is en todas las actividades que podamos poner en marcha. Siempre hay galardones que merecen la pena. \u00a1\u00c1nimo! Leer es crecer, y vosotros y vosotras cada vez est\u00e1is m\u00e1s altos.<\/p>\n","protected":false},"excerpt":{"rendered":"<p>Hola a todos los miembros de esta peque\u00f1a comunidad escolar. Esperamos que bien avenida. Esta es la p\u00e1gina de nuestra biblioteca. La biblioteca es esa aula algo m\u00e1s grande que&#46;&#46;&#46;<\/p>\n","protected":false},"author":4186,"featured_media":2496,"parent":0,"menu_order":0,"comment_status":"closed","ping_status":"closed","template":"","meta":{"ngg_post_thumbnail":0,"footnotes":"","_mc_calendar":[]},"aioseo_notices":[],"_links":{"self":[{"href":"https:\/\/blogsaverroes.juntadeandalucia.es\/iesvirgendelcampo\/wp-json\/wp\/v2\/pages\/3112"}],"collection":[{"href":"https:\/\/blogsaverroes.juntadeandalucia.es\/iesvirgendelcampo\/wp-json\/wp\/v2\/pages"}],"about":[{"href":"https:\/\/blogsaverroes.juntadeandalucia.es\/iesvirgendelcampo\/wp-json\/wp\/v2\/types\/page"}],"author":[{"embeddable":true,"href":"https:\/\/blogsaverroes.juntadeandalucia.es\/iesvirgendelcampo\/wp-json\/wp\/v2\/users\/4186"}],"replies":[{"embeddable":true,"href":"https:\/\/blogsaverroes.juntadeandalucia.es\/iesvirgendelcampo\/wp-json\/wp\/v2\/comments?post=3112"}],"version-history":[{"count":4,"href":"https:\/\/blogsaverroes.juntadeandalucia.es\/iesvirgendelcampo\/wp-json\/wp\/v2\/pages\/3112\/revisions"}],"predecessor-version":[{"id":3932,"href":"https:\/\/blogsaverroes.juntadeandalucia.es\/iesvirgendelcampo\/wp-json\/wp\/v2\/pages\/3112\/revisions\/3932"}],"wp:featuredmedia":[{"embeddable":true,"href":"https:\/\/blogsaverroes.juntadeandalucia.es\/iesvirgendelcampo\/wp-json\/wp\/v2\/media\/2496"}],"wp:attachment":[{"href":"https:\/\/blogsaverroes.juntadeandalucia.es\/iesvirgendelcampo\/wp-json\/wp\/v2\/media?parent=3112"}],"curies":[{"name":"wp","href":"https:\/\/api.w.org\/{rel}","templated":true}]}}

<p>Hola a todos los miembros de esta pequeña comunidad escolar. Esperamos que bien avenida.</p>
<p>Esta es la página de nuestra biblioteca. La biblioteca es esa aula algo más grande que está escondida al final del pasillo, en la planta de abajo. Al lado de los baños. ¿Os suena? A algunos-as sí, a otros no estoy tan segura. Pero allí está, esperándoos a todos-as con las estanterías abiertas, con los libros por abrir. Aguardando que alguien llegue y empiece a viajar con ellos y su imaginación.</p>
<p>Abierta a todos vuestras sugerencias y vuestras ideas para mejorarla. ¡Vamos! Poco a poco podemos conseguirlo.</p>
<p>Recordad que durante todo el año tenemos el concurso de «Y además leo», que premia al final de curso a los que más libros hayáis devorado. Y necesitamos que participéis en todas las actividades que podamos poner en marcha. Siempre hay galardones que merecen la pena. ¡Ánimo! Leer es crecer, y vosotros y vosotras cada vez estáis más altos.</p>

<p>Hola a todos los miembros de esta pequeña comunidad escolar. Esperamos que bien avenida. Esta es la página de nuestra biblioteca. La biblioteca es esa aula algo más grande que&#46;&#46;&#46;</p>
