{"id":1273,"date":"2025-04-28T12:08:49","date_gmt":"2025-04-28T10:08:49","guid":{"rendered":"https:\/\/blogsaverroes.juntadeandalucia.es\/iesvirgendelcastillo\/?page_id=1273"},"modified":"2025-04-30T08:26:58","modified_gmt":"2025-04-30T06:26:58","slug":"proyecto-de-mediacion","status":"publish","type":"page","link":"https:\/\/blogsaverroes.juntadeandalucia.es\/iesvirgendelcastillo\/proyecto-de-mediacion\/","title":{"rendered":"Proy. de Mediaci\u00f3n"},"content":{"rendered":"<div class=\"pt-cv-wrapper et_smooth_scroll_disabled\"><div class=\"pt-cv-view pt-cv-blockgrid iscvblock iscvhybrid grid1 layout1\" id=\"pt-cv-view-04994b1pw7\"><div data-id=\"pt-cv-page-1\" class=\"pt-cv-page\" data-cvc=\"3\"><div class=\" pt-cv-content-item pt-cv-1-col\" ><div class=\"pt-cv-thumb-wrapper  \"><a href=\"https:\/\/blogsaverroes.juntadeandalucia.es\/iesvirgendelcastillo\/memoria-escuela-espacio-de-paz-2024-2025\/\" class=\"_self pt-cv-href-thumbnail pt-cv-thumb-default\" target=\"_self\" ><img loading=\"lazy\" decoding=\"async\" width=\"300\" height=\"237\" src=\"https:\/\/blogsaverroes.juntadeandalucia.es\/iesvirgendelcastillo\/files\/2025\/05\/2425memoria-300x237.jpg\" class=\"pt-cv-thumbnail\" alt=\"\" \/><\/a><\/div>\n<div class=\"pt-cv-taxoterm above_title\"><a href='https:\/\/blogsaverroes.juntadeandalucia.es\/iesvirgendelcastillo\/category\/mediacion\/' title='Mediaci\u00f3n' class='pt-cv-tax-mediacion'>Mediaci\u00f3n<\/a><a href='https:\/\/blogsaverroes.juntadeandalucia.es\/iesvirgendelcastillo\/category\/novedades\/' title='Novedades' class='pt-cv-tax-novedades'>Novedades<\/a><a href='https:\/\/blogsaverroes.juntadeandalucia.es\/iesvirgendelcastillo\/category\/portada\/' title='Portada' class='pt-cv-tax-portada'>Portada<\/a><\/div>\n<h4 class=\"pt-cv-title\"><a href=\"https:\/\/blogsaverroes.juntadeandalucia.es\/iesvirgendelcastillo\/memoria-escuela-espacio-de-paz-2024-2025\/\" class=\"_self\" target=\"_self\" >Memoria Escuela Espacio de Paz 2024-2025<\/a><\/h4>\n<div class=\"pt-cv-content\">-MEMORIA RAEEP IES Virgen del Castillo 24_25 ...<br \/><div class=\"pt-cv-rmwrap\"><a href=\"https:\/\/blogsaverroes.juntadeandalucia.es\/iesvirgendelcastillo\/memoria-escuela-espacio-de-paz-2024-2025\/\" class=\"_self pt-cv-readmore btn btn-success\" target=\"_self\">Leer M\u00e1s<\/a><\/div><\/div><\/div>\n<div class=\" pt-cv-content-item pt-cv-1-col\" ><div class=\"pt-cv-thumb-wrapper  \"><a href=\"https:\/\/blogsaverroes.juntadeandalucia.es\/iesvirgendelcastillo\/recursos-sensibilizacion-y-difusion\/\" class=\"_self pt-cv-href-thumbnail pt-cv-thumb-default\" target=\"_self\" ><img loading=\"lazy\" decoding=\"async\" width=\"300\" height=\"212\" src=\"https:\/\/blogsaverroes.juntadeandalucia.es\/iesvirgendelcastillo\/files\/2025\/04\/triptico24-25-300x212.jpg\" class=\"pt-cv-thumbnail\" alt=\"\" \/><\/a><\/div>\n<div class=\"pt-cv-taxoterm above_title\"><a href='https:\/\/blogsaverroes.juntadeandalucia.es\/iesvirgendelcastillo\/category\/mediacion\/' title='Mediaci\u00f3n' class='pt-cv-tax-mediacion'>Mediaci\u00f3n<\/a><a href='https:\/\/blogsaverroes.juntadeandalucia.es\/iesvirgendelcastillo\/category\/novedades\/' title='Novedades' class='pt-cv-tax-novedades'>Novedades<\/a><a href='https:\/\/blogsaverroes.juntadeandalucia.es\/iesvirgendelcastillo\/category\/portada\/' title='Portada' class='pt-cv-tax-portada'>Portada<\/a><\/div>\n<h4 class=\"pt-cv-title\"><a href=\"https:\/\/blogsaverroes.juntadeandalucia.es\/iesvirgendelcastillo\/recursos-sensibilizacion-y-difusion\/\" class=\"_self\" target=\"_self\" >Recursos Sensibilizaci\u00f3n y Difusi\u00f3n<\/a><\/h4>\n<div class=\"pt-cv-content\">Pulse sobre la imagen o enlace para abrir: Agenda Escolar 2023_24 Agenda Escolar 24_25 Tr\u00edptico Programa Tr\u00e1nsito 23_24 Tr\u00edptico Programa ...<br \/><div class=\"pt-cv-rmwrap\"><a href=\"https:\/\/blogsaverroes.juntadeandalucia.es\/iesvirgendelcastillo\/recursos-sensibilizacion-y-difusion\/\" class=\"_self pt-cv-readmore btn btn-success\" target=\"_self\">Leer M\u00e1s<\/a><\/div><\/div><\/div>\n<div class=\" pt-cv-content-item pt-cv-1-col\" ><div class=\"pt-cv-thumb-wrapper  \"><a href=\"https:\/\/blogsaverroes.juntadeandalucia.es\/iesvirgendelcastillo\/recursos-formacion-del-alumnado-mediador\/\" class=\"_self pt-cv-href-thumbnail pt-cv-thumb-default\" target=\"_self\" ><img loading=\"lazy\" decoding=\"async\" width=\"300\" height=\"145\" src=\"https:\/\/blogsaverroes.juntadeandalucia.es\/iesvirgendelcastillo\/files\/2025\/04\/bloque0-introduccion-300x145.jpg\" class=\"pt-cv-thumbnail\" alt=\"\" \/><\/a><\/div>\n<div class=\"pt-cv-taxoterm above_title\"><a href='https:\/\/blogsaverroes.juntadeandalucia.es\/iesvirgendelcastillo\/category\/mediacion\/' title='Mediaci\u00f3n' class='pt-cv-tax-mediacion'>Mediaci\u00f3n<\/a><a href='https:\/\/blogsaverroes.juntadeandalucia.es\/iesvirgendelcastillo\/category\/novedades\/' title='Novedades' class='pt-cv-tax-novedades'>Novedades<\/a><a href='https:\/\/blogsaverroes.juntadeandalucia.es\/iesvirgendelcastillo\/category\/portada\/' title='Portada' class='pt-cv-tax-portada'>Portada<\/a><\/div>\n<h4 class=\"pt-cv-title\"><a href=\"https:\/\/blogsaverroes.juntadeandalucia.es\/iesvirgendelcastillo\/recursos-formacion-del-alumnado-mediador\/\" class=\"_self\" target=\"_self\" >Recursos Formaci\u00f3n del Alumnado Mediador<\/a><\/h4>\n<div class=\"pt-cv-content\">Pulse en la imagen o enlace: Bloque 0_Introducci\u00f3n a la Mediaci\u00f3n Bloque I_El conflicto M\u00f3dulo 2_Habilidades comunicativas M\u00f3dulo 3_La mediaci\u00f3n ...<br \/><div class=\"pt-cv-rmwrap\"><a href=\"https:\/\/blogsaverroes.juntadeandalucia.es\/iesvirgendelcastillo\/recursos-formacion-del-alumnado-mediador\/\" class=\"_self pt-cv-readmore btn btn-success\" target=\"_self\">Leer M\u00e1s<\/a><\/div><\/div><\/div>\n<div class=\" pt-cv-content-item pt-cv-1-col\" ><div class=\"pt-cv-thumb-wrapper  \"><a href=\"https:\/\/blogsaverroes.juntadeandalucia.es\/iesvirgendelcastillo\/proyecto-de-mediacion-2024-2025\/\" class=\"_self pt-cv-href-thumbnail pt-cv-thumb-default\" target=\"_self\" ><img loading=\"lazy\" decoding=\"async\" width=\"269\" height=\"300\" src=\"https:\/\/blogsaverroes.juntadeandalucia.es\/iesvirgendelcastillo\/files\/2025\/04\/proyectodemediacion-269x300.jpg\" class=\"pt-cv-thumbnail\" alt=\"\" \/><\/a><\/div>\n<div class=\"pt-cv-taxoterm above_title\"><a href='https:\/\/blogsaverroes.juntadeandalucia.es\/iesvirgendelcastillo\/category\/mediacion\/' title='Mediaci\u00f3n' class='pt-cv-tax-mediacion'>Mediaci\u00f3n<\/a><a href='https:\/\/blogsaverroes.juntadeandalucia.es\/iesvirgendelcastillo\/category\/novedades\/' title='Novedades' class='pt-cv-tax-novedades'>Novedades<\/a><a href='https:\/\/blogsaverroes.juntadeandalucia.es\/iesvirgendelcastillo\/category\/portada\/' title='Portada' class='pt-cv-tax-portada'>Portada<\/a><\/div>\n<h4 class=\"pt-cv-title\"><a href=\"https:\/\/blogsaverroes.juntadeandalucia.es\/iesvirgendelcastillo\/proyecto-de-mediacion-2024-2025\/\" class=\"_self\" target=\"_self\" >Proyecto de Mediaci\u00f3n 2024-2025<\/a><\/h4>\n<div class=\"pt-cv-content\">Pulse en el el enlace: Proyecto de Mediaci\u00f3n 2024_2025 ...<br \/><div class=\"pt-cv-rmwrap\"><a href=\"https:\/\/blogsaverroes.juntadeandalucia.es\/iesvirgendelcastillo\/proyecto-de-mediacion-2024-2025\/\" class=\"_self pt-cv-readmore btn btn-success\" target=\"_self\">Leer M\u00e1s<\/a><\/div><\/div><\/div><\/div><\/div><\/div>\t\t\t<style type=\"text\/css\" id=\"pt-cv-inline-style-93c79e69d5\">\n#pt-cv-view-04994b1pw7 .pt-cv-thumb-wrapper:not(.miniwrap) {  }#pt-cv-view-04994b1pw7 .pt-cv-thumbnail:not(.pt-cv-thumbnailsm) { height: 250px; }#pt-cv-view-04994b1pw7 > .pt-cv-page {grid-template-columns: repeat(3, 1fr);grid-gap: 15px;}\n@media all and (max-width: 1024px) { \n#pt-cv-view-04994b1pw7 > .pt-cv-page {grid-template-columns: repeat(1, 1fr);}\n} \n@media all and (max-width: 767px) { \n#pt-cv-view-04994b1pw7 > .pt-cv-page {grid-template-columns: repeat(1, 1fr);}\n} <\/style>\r\n\t\t\t\n","protected":false},"excerpt":{"rendered":"","protected":false},"author":10368,"featured_media":0,"parent":0,"menu_order":0,"comment_status":"closed","ping_status":"closed","template":"","meta":{"_et_pb_use_builder":"","_et_pb_old_content":"","_et_gb_content_width":"","ngg_post_thumbnail":0,"footnotes":""},"aioseo_notices":[],"_links":{"self":[{"href":"https:\/\/blogsaverroes.juntadeandalucia.es\/iesvirgendelcastillo\/wp-json\/wp\/v2\/pages\/1273"}],"collection":[{"href":"https:\/\/blogsaverroes.juntadeandalucia.es\/iesvirgendelcastillo\/wp-json\/wp\/v2\/pages"}],"about":[{"href":"https:\/\/blogsaverroes.juntadeandalucia.es\/iesvirgendelcastillo\/wp-json\/wp\/v2\/types\/page"}],"author":[{"embeddable":true,"href":"https:\/\/blogsaverroes.juntadeandalucia.es\/iesvirgendelcastillo\/wp-json\/wp\/v2\/users\/10368"}],"replies":[{"embeddable":true,"href":"https:\/\/blogsaverroes.juntadeandalucia.es\/iesvirgendelcastillo\/wp-json\/wp\/v2\/comments?post=1273"}],"version-history":[{"count":2,"href":"https:\/\/blogsaverroes.juntadeandalucia.es\/iesvirgendelcastillo\/wp-json\/wp\/v2\/pages\/1273\/revisions"}],"predecessor-version":[{"id":1309,"href":"https:\/\/blogsaverroes.juntadeandalucia.es\/iesvirgendelcastillo\/wp-json\/wp\/v2\/pages\/1273\/revisions\/1309"}],"wp:attachment":[{"href":"https:\/\/blogsaverroes.juntadeandalucia.es\/iesvirgendelcastillo\/wp-json\/wp\/v2\/media?parent=1273"}],"curies":[{"name":"wp","href":"https:\/\/api.w.org\/{rel}","templated":true}]}}

Proy. de Mediación

<div class="pt-cv-wrapper et_smooth_scroll_disabled"><div class="pt-cv-view pt-cv-blockgrid iscvblock iscvhybrid grid1 layout1" id="pt-cv-view-04994b1pw7"><div data-id="pt-cv-page-1" class="pt-cv-page" data-cvc="3"><div class=" pt-cv-content-item pt-cv-1-col" ><div class="pt-cv-thumb-wrapper  "><a href="https://blogsaverroes.juntadeandalucia.es/iesvirgendelcastillo/memoria-escuela-espacio-de-paz-2024-2025/" class="_self pt-cv-href-thumbnail pt-cv-thumb-default" target="_self" ><img loading="lazy" decoding="async" width="300" height="237" src="https://blogsaverroes.juntadeandalucia.es/iesvirgendelcastillo/files/2025/05/2425memoria-300x237.jpg" class="pt-cv-thumbnail" alt="" /></a></div>
<div class="pt-cv-taxoterm above_title"><a href='https://blogsaverroes.juntadeandalucia.es/iesvirgendelcastillo/category/mediacion/' title='Mediación' class='pt-cv-tax-mediacion'>Mediación</a><a href='https://blogsaverroes.juntadeandalucia.es/iesvirgendelcastillo/category/novedades/' title='Novedades' class='pt-cv-tax-novedades'>Novedades</a><a href='https://blogsaverroes.juntadeandalucia.es/iesvirgendelcastillo/category/portada/' title='Portada' class='pt-cv-tax-portada'>Portada</a></div>
<h4 class="pt-cv-title"><a href="https://blogsaverroes.juntadeandalucia.es/iesvirgendelcastillo/memoria-escuela-espacio-de-paz-2024-2025/" class="_self" target="_self" >Memoria Escuela Espacio de Paz 2024-2025</a></h4>
<div class="pt-cv-content">-MEMORIA RAEEP IES Virgen del Castillo 24_25 ...<br /><div class="pt-cv-rmwrap"><a href="https://blogsaverroes.juntadeandalucia.es/iesvirgendelcastillo/memoria-escuela-espacio-de-paz-2024-2025/" class="_self pt-cv-readmore btn btn-success" target="_self">Leer Más</a></div></div></div>
<div class=" pt-cv-content-item pt-cv-1-col" ><div class="pt-cv-thumb-wrapper  "><a href="https://blogsaverroes.juntadeandalucia.es/iesvirgendelcastillo/recursos-sensibilizacion-y-difusion/" class="_self pt-cv-href-thumbnail pt-cv-thumb-default" target="_self" ><img loading="lazy" decoding="async" width="300" height="212" src="https://blogsaverroes.juntadeandalucia.es/iesvirgendelcastillo/files/2025/04/triptico24-25-300x212.jpg" class="pt-cv-thumbnail" alt="" /></a></div>
<div class="pt-cv-taxoterm above_title"><a href='https://blogsaverroes.juntadeandalucia.es/iesvirgendelcastillo/category/mediacion/' title='Mediación' class='pt-cv-tax-mediacion'>Mediación</a><a href='https://blogsaverroes.juntadeandalucia.es/iesvirgendelcastillo/category/novedades/' title='Novedades' class='pt-cv-tax-novedades'>Novedades</a><a href='https://blogsaverroes.juntadeandalucia.es/iesvirgendelcastillo/category/portada/' title='Portada' class='pt-cv-tax-portada'>Portada</a></div>
<h4 class="pt-cv-title"><a href="https://blogsaverroes.juntadeandalucia.es/iesvirgendelcastillo/recursos-sensibilizacion-y-difusion/" class="_self" target="_self" >Recursos Sensibilización y Difusión</a></h4>
<div class="pt-cv-content">Pulse sobre la imagen o enlace para abrir: Agenda Escolar 2023_24 Agenda Escolar 24_25 Tríptico Programa Tránsito 23_24 Tríptico Programa ...<br /><div class="pt-cv-rmwrap"><a href="https://blogsaverroes.juntadeandalucia.es/iesvirgendelcastillo/recursos-sensibilizacion-y-difusion/" class="_self pt-cv-readmore btn btn-success" target="_self">Leer Más</a></div></div></div>
<div class=" pt-cv-content-item pt-cv-1-col" ><div class="pt-cv-thumb-wrapper  "><a href="https://blogsaverroes.juntadeandalucia.es/iesvirgendelcastillo/recursos-formacion-del-alumnado-mediador/" class="_self pt-cv-href-thumbnail pt-cv-thumb-default" target="_self" ><img loading="lazy" decoding="async" width="300" height="145" src="https://blogsaverroes.juntadeandalucia.es/iesvirgendelcastillo/files/2025/04/bloque0-introduccion-300x145.jpg" class="pt-cv-thumbnail" alt="" /></a></div>
<div class="pt-cv-taxoterm above_title"><a href='https://blogsaverroes.juntadeandalucia.es/iesvirgendelcastillo/category/mediacion/' title='Mediación' class='pt-cv-tax-mediacion'>Mediación</a><a href='https://blogsaverroes.juntadeandalucia.es/iesvirgendelcastillo/category/novedades/' title='Novedades' class='pt-cv-tax-novedades'>Novedades</a><a href='https://blogsaverroes.juntadeandalucia.es/iesvirgendelcastillo/category/portada/' title='Portada' class='pt-cv-tax-portada'>Portada</a></div>
<h4 class="pt-cv-title"><a href="https://blogsaverroes.juntadeandalucia.es/iesvirgendelcastillo/recursos-formacion-del-alumnado-mediador/" class="_self" target="_self" >Recursos Formación del Alumnado Mediador</a></h4>
<div class="pt-cv-content">Pulse en la imagen o enlace: Bloque 0_Introducción a la Mediación Bloque I_El conflicto Módulo 2_Habilidades comunicativas Módulo 3_La mediación ...<br /><div class="pt-cv-rmwrap"><a href="https://blogsaverroes.juntadeandalucia.es/iesvirgendelcastillo/recursos-formacion-del-alumnado-mediador/" class="_self pt-cv-readmore btn btn-success" target="_self">Leer Más</a></div></div></div>
<div class=" pt-cv-content-item pt-cv-1-col" ><div class="pt-cv-thumb-wrapper  "><a href="https://blogsaverroes.juntadeandalucia.es/iesvirgendelcastillo/proyecto-de-mediacion-2024-2025/" class="_self pt-cv-href-thumbnail pt-cv-thumb-default" target="_self" ><img loading="lazy" decoding="async" width="269" height="300" src="https://blogsaverroes.juntadeandalucia.es/iesvirgendelcastillo/files/2025/04/proyectodemediacion-269x300.jpg" class="pt-cv-thumbnail" alt="" /></a></div>
<div class="pt-cv-taxoterm above_title"><a href='https://blogsaverroes.juntadeandalucia.es/iesvirgendelcastillo/category/mediacion/' title='Mediación' class='pt-cv-tax-mediacion'>Mediación</a><a href='https://blogsaverroes.juntadeandalucia.es/iesvirgendelcastillo/category/novedades/' title='Novedades' class='pt-cv-tax-novedades'>Novedades</a><a href='https://blogsaverroes.juntadeandalucia.es/iesvirgendelcastillo/category/portada/' title='Portada' class='pt-cv-tax-portada'>Portada</a></div>
<h4 class="pt-cv-title"><a href="https://blogsaverroes.juntadeandalucia.es/iesvirgendelcastillo/proyecto-de-mediacion-2024-2025/" class="_self" target="_self" >Proyecto de Mediación 2024-2025</a></h4>
<div class="pt-cv-content">Pulse en el el enlace: Proyecto de Mediación 2024_2025 ...<br /><div class="pt-cv-rmwrap"><a href="https://blogsaverroes.juntadeandalucia.es/iesvirgendelcastillo/proyecto-de-mediacion-2024-2025/" class="_self pt-cv-readmore btn btn-success" target="_self">Leer Más</a></div></div></div></div></div></div>			<style type="text/css" id="pt-cv-inline-style-93c79e69d5">
#pt-cv-view-04994b1pw7 .pt-cv-thumb-wrapper:not(.miniwrap) {  }#pt-cv-view-04994b1pw7 .pt-cv-thumbnail:not(.pt-cv-thumbnailsm) { height: 250px; }#pt-cv-view-04994b1pw7 > .pt-cv-page {grid-template-columns: repeat(3, 1fr);grid-gap: 15px;}
@media all and (max-width: 1024px) { 
#pt-cv-view-04994b1pw7 > .pt-cv-page {grid-template-columns: repeat(1, 1fr);}
} 
@media all and (max-width: 767px) { 
#pt-cv-view-04994b1pw7 > .pt-cv-page {grid-template-columns: repeat(1, 1fr);}
} </style>
