{"id":1528,"date":"2025-09-25T18:10:50","date_gmt":"2025-09-25T16:10:50","guid":{"rendered":"https:\/\/blogsaverroes.juntadeandalucia.es\/iesvirgendelcastillo\/?page_id=1528"},"modified":"2025-11-21T09:15:37","modified_gmt":"2025-11-21T08:15:37","slug":"escuela-espacio-de-paz","status":"publish","type":"page","link":"https:\/\/blogsaverroes.juntadeandalucia.es\/iesvirgendelcastillo\/escuela-espacio-de-paz\/","title":{"rendered":"Colaboramos con las familias"},"content":{"rendered":"<p style=\"text-align: center\"><span style=\"font-size: 14pt\">En este apartado queremos ofrecer a las familias de nuestro alumnado&nbsp;consejos, orientaciones e informaci\u00f3n de inter\u00e9s para la educaci\u00f3n de sus hijos e hijas. Nuestro objetivo es facilitar recursos pr\u00e1cticos que ayuden a acompa\u00f1arles en su proceso de aprendizaje y desarrollo personal, fomentando la comunicaci\u00f3n, la convivencia y el \u00e9xito educativo,&nbsp;como orientaciones pr\u00e1cticas sobre estudio, convivencia y h\u00e1bitos saludables, as\u00ed como informaci\u00f3n \u00fatil para comprender mejor esta etapa de la adolescencia. Queremos que sea una herramienta \u00fatil para fortalecer la colaboraci\u00f3n entre <strong>centro y familias<\/strong>, porque <strong>educar es tarea compartida<\/strong><\/span><\/p>\n<p><img loading=\"lazy\" decoding=\"async\" class=\"aligncenter size-large wp-image-1529\" src=\"https:\/\/blogsaverroes.juntadeandalucia.es\/iesvirgendelcastillo\/files\/2025\/09\/Adolescencia-y-malestar-emocional_1-1024x576.jpg\" alt=\"\" width=\"1024\" height=\"576\" srcset=\"https:\/\/blogsaverroes.juntadeandalucia.es\/iesvirgendelcastillo\/files\/2025\/09\/Adolescencia-y-malestar-emocional_1-980x551.jpg 980w, https:\/\/blogsaverroes.juntadeandalucia.es\/iesvirgendelcastillo\/files\/2025\/09\/Adolescencia-y-malestar-emocional_1-480x270.jpg 480w\" sizes=\"(min-width: 0px) and (max-width: 480px) 480px, (min-width: 481px) and (max-width: 980px) 980px, (min-width: 981px) 1024px, 100vw\" \/><\/p>\n<p>&nbsp;<\/p>\n<p>&nbsp;<\/p>\n<p><img loading=\"lazy\" decoding=\"async\" class=\"aligncenter size-large wp-image-1530\" src=\"https:\/\/blogsaverroes.juntadeandalucia.es\/iesvirgendelcastillo\/files\/2025\/09\/Adolescencia-y-malestar-emocional_2-1024x576.jpg\" alt=\"\" width=\"1024\" height=\"576\" srcset=\"https:\/\/blogsaverroes.juntadeandalucia.es\/iesvirgendelcastillo\/files\/2025\/09\/Adolescencia-y-malestar-emocional_2-980x551.jpg 980w, https:\/\/blogsaverroes.juntadeandalucia.es\/iesvirgendelcastillo\/files\/2025\/09\/Adolescencia-y-malestar-emocional_2-480x270.jpg 480w\" sizes=\"(min-width: 0px) and (max-width: 480px) 480px, (min-width: 481px) and (max-width: 980px) 980px, (min-width: 981px) 1024px, 100vw\" \/><\/p>\n<p><a href=\"https:\/\/blogsaverroes.juntadeandalucia.es\/iesvirgendelcastillo\/files\/2025\/09\/Adolescencia-y-malestar-emocional.pdf\">Pulsar para descargar-&gt; Adolescencia y malestar emocional<\/a><\/p>\n<div class=\"pt-cv-wrapper et_smooth_scroll_disabled\"><div class=\"pt-cv-view pt-cv-blockgrid iscvblock iscvhybrid grid1 layout1\" id=\"pt-cv-view-fdb3046aoj\"><div data-id=\"pt-cv-page-1\" class=\"pt-cv-page\" data-cvc=\"3\"><div class=\" pt-cv-content-item pt-cv-1-col\" ><div class=\"pt-cv-taxoterm above_title\"><a href='https:\/\/blogsaverroes.juntadeandalucia.es\/iesvirgendelcastillo\/category\/colaboramosconlasfamilias\/' title='Colaboramosconlasfamilias' class='pt-cv-tax-colaboramosconlasfamilias'>Colaboramosconlasfamilias<\/a><\/div>\n<h4 class=\"pt-cv-title\"><a href=\"https:\/\/blogsaverroes.juntadeandalucia.es\/iesvirgendelcastillo\/adolescencia-y-malestar-emocional\/\" class=\"_self\" target=\"_self\" >Adolescencia y malestar emocional<\/a><\/h4>\n<div class=\"pt-cv-content\">En este apartado queremos ofrecer a las familias de nuestro alumnado consejos, orientaciones e informaci\u00f3n de inter\u00e9s para la educaci\u00f3n ...<br \/><div class=\"pt-cv-rmwrap\"><a href=\"https:\/\/blogsaverroes.juntadeandalucia.es\/iesvirgendelcastillo\/adolescencia-y-malestar-emocional\/\" class=\"_self pt-cv-readmore btn btn-success\" target=\"_self\">Leer M\u00e1s<\/a><\/div><\/div><\/div>\n<div class=\" pt-cv-content-item pt-cv-1-col\" ><div class=\"pt-cv-taxoterm above_title\"><a href='https:\/\/blogsaverroes.juntadeandalucia.es\/iesvirgendelcastillo\/category\/colaboramosconlasfamilias\/' title='Colaboramosconlasfamilias' class='pt-cv-tax-colaboramosconlasfamilias'>Colaboramosconlasfamilias<\/a><a href='https:\/\/blogsaverroes.juntadeandalucia.es\/iesvirgendelcastillo\/category\/novedades\/' title='Novedades' class='pt-cv-tax-novedades'>Novedades<\/a><a href='https:\/\/blogsaverroes.juntadeandalucia.es\/iesvirgendelcastillo\/category\/portada\/' title='Portada' class='pt-cv-tax-portada'>Portada<\/a><\/div>\n<h4 class=\"pt-cv-title\"><a href=\"https:\/\/blogsaverroes.juntadeandalucia.es\/iesvirgendelcastillo\/premios-defensoria-de-la-infancia-y-la-adolescencia\/\" class=\"_self\" target=\"_self\" >Premios Defensor\u00eda de la Infancia y la Adolescencia<\/a><\/h4>\n<div class=\"pt-cv-content\">En el D\u00eda Mundial de la Infancia, os dejamos el v\u00eddeo que el alumnado mediador de 3\u00ba ESO ha realizado ...<br \/><div class=\"pt-cv-rmwrap\"><a href=\"https:\/\/blogsaverroes.juntadeandalucia.es\/iesvirgendelcastillo\/premios-defensoria-de-la-infancia-y-la-adolescencia\/\" class=\"_self pt-cv-readmore btn btn-success\" target=\"_self\">Leer M\u00e1s<\/a><\/div><\/div><\/div>\n<div class=\" pt-cv-content-item pt-cv-1-col\" ><div class=\"pt-cv-taxoterm above_title\"><a href='https:\/\/blogsaverroes.juntadeandalucia.es\/iesvirgendelcastillo\/category\/colaboramosconlasfamilias\/' title='Colaboramosconlasfamilias' class='pt-cv-tax-colaboramosconlasfamilias'>Colaboramosconlasfamilias<\/a><a href='https:\/\/blogsaverroes.juntadeandalucia.es\/iesvirgendelcastillo\/category\/novedades\/' title='Novedades' class='pt-cv-tax-novedades'>Novedades<\/a><a href='https:\/\/blogsaverroes.juntadeandalucia.es\/iesvirgendelcastillo\/category\/portada\/' title='Portada' class='pt-cv-tax-portada'>Portada<\/a><\/div>\n<h4 class=\"pt-cv-title\"><a href=\"https:\/\/blogsaverroes.juntadeandalucia.es\/iesvirgendelcastillo\/dia-de-la-infancia\/\" class=\"_self\" target=\"_self\" >D\u00eda de la Infancia<\/a><\/h4>\n<div class=\"pt-cv-content\">Con motivo del D\u00eda Mundial de la Infancia os dejamos una nueva entrega de la serie iniciada a principios de ...<br \/><div class=\"pt-cv-rmwrap\"><a href=\"https:\/\/blogsaverroes.juntadeandalucia.es\/iesvirgendelcastillo\/dia-de-la-infancia\/\" class=\"_self pt-cv-readmore btn btn-success\" target=\"_self\">Leer M\u00e1s<\/a><\/div><\/div><\/div><\/div><\/div><\/div>\t\t\t<style type=\"text\/css\" id=\"pt-cv-inline-style-ee04757km2\">\n#pt-cv-view-fdb3046aoj .pt-cv-thumb-wrapper:not(.miniwrap) {  }#pt-cv-view-fdb3046aoj .pt-cv-thumbnail:not(.pt-cv-thumbnailsm) { height: 250px; }#pt-cv-view-fdb3046aoj > .pt-cv-page {grid-template-columns: repeat(3, 1fr);grid-gap: 15px;}\n@media all and (max-width: 1024px) { \n#pt-cv-view-fdb3046aoj > .pt-cv-page {grid-template-columns: repeat(1, 1fr);}\n} \n@media all and (max-width: 767px) { \n#pt-cv-view-fdb3046aoj > .pt-cv-page {grid-template-columns: repeat(1, 1fr);}\n} <\/style>\r\n\t\t\t\n<p>&nbsp;<\/p>\n","protected":false},"excerpt":{"rendered":"<p>En este apartado queremos ofrecer a las familias de nuestro alumnado&nbsp;consejos, orientaciones e informaci\u00f3n de inter\u00e9s para la educaci\u00f3n de sus hijos e hijas. Nuestro objetivo es facilitar recursos pr\u00e1cticos que ayuden a acompa\u00f1arles en su proceso de aprendizaje y desarrollo personal, fomentando la comunicaci\u00f3n, la convivencia y el \u00e9xito educativo,&nbsp;como orientaciones pr\u00e1cticas sobre estudio, [&hellip;]<\/p>\n","protected":false},"author":10368,"featured_media":0,"parent":0,"menu_order":0,"comment_status":"closed","ping_status":"closed","template":"","meta":{"_et_pb_use_builder":"","_et_pb_old_content":"","_et_gb_content_width":"","ngg_post_thumbnail":0,"footnotes":""},"aioseo_notices":[],"_links":{"self":[{"href":"https:\/\/blogsaverroes.juntadeandalucia.es\/iesvirgendelcastillo\/wp-json\/wp\/v2\/pages\/1528"}],"collection":[{"href":"https:\/\/blogsaverroes.juntadeandalucia.es\/iesvirgendelcastillo\/wp-json\/wp\/v2\/pages"}],"about":[{"href":"https:\/\/blogsaverroes.juntadeandalucia.es\/iesvirgendelcastillo\/wp-json\/wp\/v2\/types\/page"}],"author":[{"embeddable":true,"href":"https:\/\/blogsaverroes.juntadeandalucia.es\/iesvirgendelcastillo\/wp-json\/wp\/v2\/users\/10368"}],"replies":[{"embeddable":true,"href":"https:\/\/blogsaverroes.juntadeandalucia.es\/iesvirgendelcastillo\/wp-json\/wp\/v2\/comments?post=1528"}],"version-history":[{"count":4,"href":"https:\/\/blogsaverroes.juntadeandalucia.es\/iesvirgendelcastillo\/wp-json\/wp\/v2\/pages\/1528\/revisions"}],"predecessor-version":[{"id":1567,"href":"https:\/\/blogsaverroes.juntadeandalucia.es\/iesvirgendelcastillo\/wp-json\/wp\/v2\/pages\/1528\/revisions\/1567"}],"wp:attachment":[{"href":"https:\/\/blogsaverroes.juntadeandalucia.es\/iesvirgendelcastillo\/wp-json\/wp\/v2\/media?parent=1528"}],"curies":[{"name":"wp","href":"https:\/\/api.w.org\/{rel}","templated":true}]}}

<p style="text-align: center"><span style="font-size: 14pt">En este apartado queremos ofrecer a las familias de nuestro alumnado&nbsp;consejos, orientaciones e información de interés para la educación de sus hijos e hijas. Nuestro objetivo es facilitar recursos prácticos que ayuden a acompañarles en su proceso de aprendizaje y desarrollo personal, fomentando la comunicación, la convivencia y el éxito educativo,&nbsp;como orientaciones prácticas sobre estudio, convivencia y hábitos saludables, así como información útil para comprender mejor esta etapa de la adolescencia. Queremos que sea una herramienta útil para fortalecer la colaboración entre <strong>centro y familias</strong>, porque <strong>educar es tarea compartida</strong></span></p>
<p><img loading="lazy" decoding="async" class="aligncenter size-large wp-image-1529" src="https://blogsaverroes.juntadeandalucia.es/iesvirgendelcastillo/files/2025/09/Adolescencia-y-malestar-emocional_1-1024x576.jpg" alt="" width="1024" height="576" srcset="https://blogsaverroes.juntadeandalucia.es/iesvirgendelcastillo/files/2025/09/Adolescencia-y-malestar-emocional_1-980x551.jpg 980w, https://blogsaverroes.juntadeandalucia.es/iesvirgendelcastillo/files/2025/09/Adolescencia-y-malestar-emocional_1-480x270.jpg 480w" sizes="(min-width: 0px) and (max-width: 480px) 480px, (min-width: 481px) and (max-width: 980px) 980px, (min-width: 981px) 1024px, 100vw" /></p>
<p>&nbsp;</p>
<p>&nbsp;</p>
<p><img loading="lazy" decoding="async" class="aligncenter size-large wp-image-1530" src="https://blogsaverroes.juntadeandalucia.es/iesvirgendelcastillo/files/2025/09/Adolescencia-y-malestar-emocional_2-1024x576.jpg" alt="" width="1024" height="576" srcset="https://blogsaverroes.juntadeandalucia.es/iesvirgendelcastillo/files/2025/09/Adolescencia-y-malestar-emocional_2-980x551.jpg 980w, https://blogsaverroes.juntadeandalucia.es/iesvirgendelcastillo/files/2025/09/Adolescencia-y-malestar-emocional_2-480x270.jpg 480w" sizes="(min-width: 0px) and (max-width: 480px) 480px, (min-width: 481px) and (max-width: 980px) 980px, (min-width: 981px) 1024px, 100vw" /></p>
<p><a href="https://blogsaverroes.juntadeandalucia.es/iesvirgendelcastillo/files/2025/09/Adolescencia-y-malestar-emocional.pdf">Pulsar para descargar-&gt; Adolescencia y malestar emocional</a></p>
<div class="pt-cv-wrapper et_smooth_scroll_disabled"><div class="pt-cv-view pt-cv-blockgrid iscvblock iscvhybrid grid1 layout1" id="pt-cv-view-fdb3046aoj"><div data-id="pt-cv-page-1" class="pt-cv-page" data-cvc="3"><div class=" pt-cv-content-item pt-cv-1-col" ><div class="pt-cv-taxoterm above_title"><a href='https://blogsaverroes.juntadeandalucia.es/iesvirgendelcastillo/category/colaboramosconlasfamilias/' title='Colaboramosconlasfamilias' class='pt-cv-tax-colaboramosconlasfamilias'>Colaboramosconlasfamilias</a></div>
<h4 class="pt-cv-title"><a href="https://blogsaverroes.juntadeandalucia.es/iesvirgendelcastillo/adolescencia-y-malestar-emocional/" class="_self" target="_self" >Adolescencia y malestar emocional</a></h4>
<div class="pt-cv-content">En este apartado queremos ofrecer a las familias de nuestro alumnado consejos, orientaciones e información de interés para la educación ...<br /><div class="pt-cv-rmwrap"><a href="https://blogsaverroes.juntadeandalucia.es/iesvirgendelcastillo/adolescencia-y-malestar-emocional/" class="_self pt-cv-readmore btn btn-success" target="_self">Leer Más</a></div></div></div>
<div class=" pt-cv-content-item pt-cv-1-col" ><div class="pt-cv-taxoterm above_title"><a href='https://blogsaverroes.juntadeandalucia.es/iesvirgendelcastillo/category/colaboramosconlasfamilias/' title='Colaboramosconlasfamilias' class='pt-cv-tax-colaboramosconlasfamilias'>Colaboramosconlasfamilias</a><a href='https://blogsaverroes.juntadeandalucia.es/iesvirgendelcastillo/category/novedades/' title='Novedades' class='pt-cv-tax-novedades'>Novedades</a><a href='https://blogsaverroes.juntadeandalucia.es/iesvirgendelcastillo/category/portada/' title='Portada' class='pt-cv-tax-portada'>Portada</a></div>
<h4 class="pt-cv-title"><a href="https://blogsaverroes.juntadeandalucia.es/iesvirgendelcastillo/premios-defensoria-de-la-infancia-y-la-adolescencia/" class="_self" target="_self" >Premios Defensoría de la Infancia y la Adolescencia</a></h4>
<div class="pt-cv-content">En el Día Mundial de la Infancia, os dejamos el vídeo que el alumnado mediador de 3º ESO ha realizado ...<br /><div class="pt-cv-rmwrap"><a href="https://blogsaverroes.juntadeandalucia.es/iesvirgendelcastillo/premios-defensoria-de-la-infancia-y-la-adolescencia/" class="_self pt-cv-readmore btn btn-success" target="_self">Leer Más</a></div></div></div>
<div class=" pt-cv-content-item pt-cv-1-col" ><div class="pt-cv-taxoterm above_title"><a href='https://blogsaverroes.juntadeandalucia.es/iesvirgendelcastillo/category/colaboramosconlasfamilias/' title='Colaboramosconlasfamilias' class='pt-cv-tax-colaboramosconlasfamilias'>Colaboramosconlasfamilias</a><a href='https://blogsaverroes.juntadeandalucia.es/iesvirgendelcastillo/category/novedades/' title='Novedades' class='pt-cv-tax-novedades'>Novedades</a><a href='https://blogsaverroes.juntadeandalucia.es/iesvirgendelcastillo/category/portada/' title='Portada' class='pt-cv-tax-portada'>Portada</a></div>
<h4 class="pt-cv-title"><a href="https://blogsaverroes.juntadeandalucia.es/iesvirgendelcastillo/dia-de-la-infancia/" class="_self" target="_self" >Día de la Infancia</a></h4>
<div class="pt-cv-content">Con motivo del Día Mundial de la Infancia os dejamos una nueva entrega de la serie iniciada a principios de ...<br /><div class="pt-cv-rmwrap"><a href="https://blogsaverroes.juntadeandalucia.es/iesvirgendelcastillo/dia-de-la-infancia/" class="_self pt-cv-readmore btn btn-success" target="_self">Leer Más</a></div></div></div></div></div></div>			<style type="text/css" id="pt-cv-inline-style-ee04757km2">
#pt-cv-view-fdb3046aoj .pt-cv-thumb-wrapper:not(.miniwrap) {  }#pt-cv-view-fdb3046aoj .pt-cv-thumbnail:not(.pt-cv-thumbnailsm) { height: 250px; }#pt-cv-view-fdb3046aoj > .pt-cv-page {grid-template-columns: repeat(3, 1fr);grid-gap: 15px;}
@media all and (max-width: 1024px) { 
#pt-cv-view-fdb3046aoj > .pt-cv-page {grid-template-columns: repeat(1, 1fr);}
} 
@media all and (max-width: 767px) { 
#pt-cv-view-fdb3046aoj > .pt-cv-page {grid-template-columns: repeat(1, 1fr);}
} </style>
			
<p>&nbsp;</p>

<p>En este apartado queremos ofrecer a las familias de nuestro alumnado&nbsp;consejos, orientaciones e información de interés para la educación de sus hijos e hijas. Nuestro objetivo es facilitar recursos prácticos que ayuden a acompañarles en su proceso de aprendizaje y desarrollo personal, fomentando la comunicación, la convivencia y el éxito educativo,&nbsp;como orientaciones prácticas sobre estudio, [&hellip;]</p>
