{"id":352,"date":"2020-02-13T10:51:34","date_gmt":"2020-02-13T09:51:34","guid":{"rendered":"http:\/\/blogsaverroes.juntadeandalucia.es\/pre\/nuevoiesv2\/?page_id=352"},"modified":"2025-12-10T10:25:44","modified_gmt":"2025-12-10T09:25:44","slug":"planes-y-proyectos","status":"publish","type":"page","link":"https:\/\/blogsaverroes.juntadeandalucia.es\/iesvirgendelcastillo\/planes-y-proyectos\/","title":{"rendered":"Planes y Proyectos"},"content":{"rendered":"<p><span style=\"color: #0000ff;font-size: 12pt\"><strong>PLAN DE CENTRO<\/strong><\/span><\/p>\n<p><a href=\"https:\/\/blogsaverroes.juntadeandalucia.es\/iesvirgendelcastillo\/files\/2025\/12\/Proyecto-de-Gestion-2025-2026.pdf\">&#8211; Proyecto de Gesti\u00f3n 2025-2026<\/a><\/p>\n<p><a href=\"https:\/\/blogsaverroes.juntadeandalucia.es\/iesvirgendelcastillo\/files\/2025\/12\/PROYECTO-EDUCATIVO-2025-2026.pdf\">&#8211; PROYECTO EDUCATIVO 2025-2026<\/a><\/p>\n<p><a href=\"https:\/\/blogsaverroes.juntadeandalucia.es\/iesvirgendelcastillo\/files\/2025\/12\/ROF-2025-2026.pdf\">&#8211; ROF 2025-2026<\/a><\/p>\n<p><span style=\"color: #0000ff;font-size: 12pt\">ANEXOS:<\/span><\/p>\n<ul>\n<li><a href=\"https:\/\/blogsaverroes.juntadeandalucia.es\/iesvirgendelcastillo\/files\/2025\/12\/ANEXO-I-Grupos-flexibles-como-medida-de-atencion-a-la-diversidad.pdf\">ANEXO I Grupos flexibles como medida de atenci\u00f3n a la diversidad<\/a><\/li>\n<li><a href=\"https:\/\/blogsaverroes.juntadeandalucia.es\/iesvirgendelcastillo\/files\/2025\/12\/ANEXO-II-MODELO-DE-ACTA-DE-EVALUACION-INICIAL.pdf\">ANEXO II MODELO DE ACTA DE EVALUACI\u00d3N INICIAL<\/a><\/li>\n<li><a href=\"https:\/\/blogsaverroes.juntadeandalucia.es\/iesvirgendelcastillo\/files\/2025\/12\/ANEXO-III.-Plan-de-Formacion-25-26.pdf\">ANEXO III. Plan de Formaci\u00f3n 25-26<\/a><\/li>\n<li><a href=\"https:\/\/blogsaverroes.juntadeandalucia.es\/iesvirgendelcastillo\/files\/2025\/12\/ANEXO-IV-Programa-de-Transicion-y-Acogida-IES-Virgen-del-Castillo-25-26.pdf\">ANEXO IV Programa de Transici\u00f3n y Acogida IES Virgen del Castillo 25-26<\/a><\/li>\n<li><a href=\"https:\/\/blogsaverroes.juntadeandalucia.es\/iesvirgendelcastillo\/files\/2025\/12\/ANEXO-V-PLAN-DE-DETECCION-TEMPRANA.pdf\">ANEXO V PLAN DE DETECCION TEMPRANA<\/a><\/li>\n<li><a href=\"https:\/\/blogsaverroes.juntadeandalucia.es\/iesvirgendelcastillo\/files\/2025\/12\/ANEXO-VI.-Proyecto-de-Mediacion-Escolar-2025-2026.pdf\">ANEXO VI. Proyecto de Mediaci\u00f3n Escolar 2025-2026<\/a><\/li>\n<li><a href=\"https:\/\/blogsaverroes.juntadeandalucia.es\/iesvirgendelcastillo\/files\/2025\/12\/ANEXO-VII.-Proyecto-Bilingue-25-26.pdf\">ANEXO VII. Proyecto Biling\u00fcee 25-26<\/a><\/li>\n<li><a href=\"https:\/\/blogsaverroes.juntadeandalucia.es\/iesvirgendelcastillo\/files\/2025\/12\/ANEXO-VIII.-Plan-De-Actuacion-digital-25-26.pdf\">ANEXO VIII. Plan De Actuaci\u00f3n digital 25-26<\/a><\/li>\n<li><a href=\"https:\/\/blogsaverroes.juntadeandalucia.es\/iesvirgendelcastillo\/files\/2025\/12\/ANEXO-IX.-Plan-de-Autoproteccion-25-26.pdf\">ANEXO IX. Plan de Autoprotecci\u00f3n 25-26<\/a><\/li>\n<li><a href=\"https:\/\/blogsaverroes.juntadeandalucia.es\/iesvirgendelcastillo\/files\/2025\/12\/ANEXO-X.-Presupuesto-de-gastos-e-ingresos-2025-2026.pdf\">ANEXO X. Presupuesto de gastos e ingresos 2025-2026<\/a><\/li>\n<\/ul>\n","protected":false},"excerpt":{"rendered":"<p>PLAN DE CENTRO &#8211; Proyecto de Gesti\u00f3n 2025-2026 &#8211; PROYECTO EDUCATIVO 2025-2026 &#8211; ROF 2025-2026 ANEXOS: ANEXO I Grupos flexibles como medida de atenci\u00f3n a la diversidad ANEXO II MODELO DE ACTA DE EVALUACI\u00d3N INICIAL ANEXO III. Plan de Formaci\u00f3n 25-26 ANEXO IV Programa de Transici\u00f3n y Acogida IES Virgen del Castillo 25-26 ANEXO V [&hellip;]<\/p>\n","protected":false},"author":7051,"featured_media":0,"parent":0,"menu_order":0,"comment_status":"closed","ping_status":"closed","template":"","meta":{"_et_pb_use_builder":"off","_et_pb_old_content":"","_et_gb_content_width":"","ngg_post_thumbnail":0,"footnotes":""},"aioseo_notices":[],"_links":{"self":[{"href":"https:\/\/blogsaverroes.juntadeandalucia.es\/iesvirgendelcastillo\/wp-json\/wp\/v2\/pages\/352"}],"collection":[{"href":"https:\/\/blogsaverroes.juntadeandalucia.es\/iesvirgendelcastillo\/wp-json\/wp\/v2\/pages"}],"about":[{"href":"https:\/\/blogsaverroes.juntadeandalucia.es\/iesvirgendelcastillo\/wp-json\/wp\/v2\/types\/page"}],"author":[{"embeddable":true,"href":"https:\/\/blogsaverroes.juntadeandalucia.es\/iesvirgendelcastillo\/wp-json\/wp\/v2\/users\/7051"}],"replies":[{"embeddable":true,"href":"https:\/\/blogsaverroes.juntadeandalucia.es\/iesvirgendelcastillo\/wp-json\/wp\/v2\/comments?post=352"}],"version-history":[{"count":9,"href":"https:\/\/blogsaverroes.juntadeandalucia.es\/iesvirgendelcastillo\/wp-json\/wp\/v2\/pages\/352\/revisions"}],"predecessor-version":[{"id":1583,"href":"https:\/\/blogsaverroes.juntadeandalucia.es\/iesvirgendelcastillo\/wp-json\/wp\/v2\/pages\/352\/revisions\/1583"}],"wp:attachment":[{"href":"https:\/\/blogsaverroes.juntadeandalucia.es\/iesvirgendelcastillo\/wp-json\/wp\/v2\/media?parent=352"}],"curies":[{"name":"wp","href":"https:\/\/api.w.org\/{rel}","templated":true}]}}