{"id":3830,"date":"2022-09-10T13:27:07","date_gmt":"2022-09-10T11:27:07","guid":{"rendered":"https:\/\/blogsaverroes.juntadeandalucia.es\/iesvirgendelcollado\/?page_id=3830"},"modified":"2024-03-21T21:47:34","modified_gmt":"2024-03-21T19:47:34","slug":"seneca","status":"publish","type":"page","link":"https:\/\/blogsaverroes.juntadeandalucia.es\/iesvirgendelcollado\/seneca\/","title":{"rendered":"S\u00e9neca iPasen"},"content":{"rendered":"<p><a href=\"https:\/\/drive.google.com\/file\/d\/1gWmC488viVu24nHC9yv5uBT859o-nHlp\/view?usp=sharing\" target=\"_blank\" rel=\"noopener noreferrer\">MANUAL DE S\u00c9NECA<\/a><\/p>\n<p><a title=\"Instrucciones subir boletines notas al punto de recogida.\" href=\"https:\/\/drive.google.com\/file\/d\/1A4IxiNfIIxu-maqS9qp8RPr3wZB-q8cT\/view?usp=share_link\">Instrucciones subir boletines notas al punto de recogida.<\/a><\/p>\n<p><a title=\"Autorizaci\u00f3n de Actividades en S\u00e9neca\" href=\"https:\/\/youtu.be\/qCtS8YaEXOw\">Autorizaci\u00f3n de Actividades y uso de dispositivos en S\u00e9neca<\/a><\/p>\n<p><a title=\"Ayuda S\u00e9neca elaboraci\u00f3n de programaciones did\u00e1cticas.\" href=\"https:\/\/sites.google.com\/g.educaand.es\/olicasares\/programaciones-y-ponderaci%C3%B3n-criterios-o-indicadores\" target=\"_blank\" rel=\"noopener noreferrer\">Ayuda S\u00e9neca elaboraci\u00f3n de programaciones did\u00e1cticas.<\/a><\/p>\n<p><a href=\"https:\/\/blogsaverroes.juntadeandalucia.es\/iesvirgendelcollado\/files\/2022\/09\/FormacionSeneca.pdf\">Tutorial: Formaci\u00f3n en S\u00e9neca. Aprendiendo desde casa. <\/a><\/p>\n<p><a title=\"94-MOODLE CENTROS Y CUADERNO DE S\u00c9NECA. ROL profesorado.\" href=\"https:\/\/www.youtube.com\/watch?v=tVwlZi04e5o\">Como sincronizar Tareas Moodle Centros con Cuaderno S\u00e9neca. ROL profesorado.<\/a><\/p>\n<p><strong><span style=\"color: #ff9900\">Enlaces:<\/span><\/strong><\/p>\n<ul>\n<li>Utilidades S\u00e9neca.<\/li>\n<li>Recursos cuaderno S\u00e9neca.<\/li>\n<li>&nbsp;V\u00eddeo tutoriales iPasen.<\/li>\n<li>Control de presencia en S\u00e9neca.<\/li>\n<\/ul>\n<table style=\"border-collapse: collapse;width: 156.962%;height: 386px\">\n<tbody>\n<tr>\n<td style=\"width: 33.3333%;text-align: center\">\n<p><figure id=\"attachment_3834\" aria-describedby=\"caption-attachment-3834\" style=\"width: 280px\" class=\"wp-caption aligncenter\"><a href=\"https:\/\/recursostde.notion.site\/Utilidades-de-S-neca-8ff2066f0fe8475793652898a5b5abee\"><img loading=\"lazy\" decoding=\"async\" class=\"wp-image-3834\" src=\"https:\/\/blogsaverroes.juntadeandalucia.es\/iesvirgendelcollado\/files\/2022\/09\/S\u00e9neca-utilidades-1024x473.png\" alt=\"Utilidades S\u00e9neca\" width=\"280\" height=\"130\" srcset=\"https:\/\/blogsaverroes.juntadeandalucia.es\/iesvirgendelcollado\/files\/2022\/09\/S\u00e9neca-utilidades-1024x473.png 1024w, https:\/\/blogsaverroes.juntadeandalucia.es\/iesvirgendelcollado\/files\/2022\/09\/S\u00e9neca-utilidades-300x139.png 300w, https:\/\/blogsaverroes.juntadeandalucia.es\/iesvirgendelcollado\/files\/2022\/09\/S\u00e9neca-utilidades-768x355.png 768w, https:\/\/blogsaverroes.juntadeandalucia.es\/iesvirgendelcollado\/files\/2022\/09\/S\u00e9neca-utilidades.png 1098w\" sizes=\"(max-width: 280px) 100vw, 280px\" \/><\/a><figcaption id=\"caption-attachment-3834\" class=\"wp-caption-text\"><span style=\"color: #0000ff\">Enlace a lista de utilidades S\u00e9neca<\/span><\/figcaption><\/figure><\/td>\n<td style=\"width: 33.3333%;text-align: center\">\n<p><figure id=\"attachment_3836\" aria-describedby=\"caption-attachment-3836\" style=\"width: 300px\" class=\"wp-caption aligncenter\"><a href=\"https:\/\/recursostde.notion.site\/Cuaderno-S-neca-1e1d3f27baf34d99aadd2c55b6e81340\"><img loading=\"lazy\" decoding=\"async\" class=\"wp-image-3836 size-medium\" src=\"https:\/\/blogsaverroes.juntadeandalucia.es\/iesvirgendelcollado\/files\/2022\/09\/Cuaderno-S\u00e9neca-300x147.png\" alt=\"Recursos cuaderno S\u00e9neca\" width=\"300\" height=\"147\" srcset=\"https:\/\/blogsaverroes.juntadeandalucia.es\/iesvirgendelcollado\/files\/2022\/09\/Cuaderno-S\u00e9neca-300x147.png 300w, https:\/\/blogsaverroes.juntadeandalucia.es\/iesvirgendelcollado\/files\/2022\/09\/Cuaderno-S\u00e9neca.png 321w\" sizes=\"(max-width: 300px) 100vw, 300px\" \/><\/a><figcaption id=\"caption-attachment-3836\" class=\"wp-caption-text\"><span style=\"color: #0000ff\">Recursos cuaderno S\u00e9neca<\/span><\/figcaption><\/figure><\/td>\n<\/tr>\n<tr>\n<td style=\"width: 33.3333%;text-align: center\">\n<p><figure id=\"attachment_3842\" aria-describedby=\"caption-attachment-3842\" style=\"width: 300px\" class=\"wp-caption aligncenter\"><a href=\"https:\/\/recursostde.notion.site\/iPasen-97d1c8874a464fd8b6281c42f61e0bd5\"><img loading=\"lazy\" decoding=\"async\" class=\"wp-image-3842 size-medium\" src=\"https:\/\/blogsaverroes.juntadeandalucia.es\/iesvirgendelcollado\/files\/2022\/09\/iPasen-300x147.jpeg\" alt=\"iPasen\" width=\"300\" height=\"147\" srcset=\"https:\/\/blogsaverroes.juntadeandalucia.es\/iesvirgendelcollado\/files\/2022\/09\/iPasen-300x147.jpeg 300w, https:\/\/blogsaverroes.juntadeandalucia.es\/iesvirgendelcollado\/files\/2022\/09\/iPasen.jpeg 321w\" sizes=\"(max-width: 300px) 100vw, 300px\" \/><\/a><figcaption id=\"caption-attachment-3842\" class=\"wp-caption-text\"><span style=\"color: #0000ff\">Videotutoriales iPasen<\/span><\/figcaption><\/figure><\/td>\n<td style=\"width: 33.3333%;text-align: center\">\n<p><figure id=\"attachment_3848\" aria-describedby=\"caption-attachment-3848\" style=\"width: 299px\" class=\"wp-caption alignnone\"><a href=\"https:\/\/recursostde.notion.site\/Control-de-Presencia-e5c7974e6c9147778fa992dadebc5e4d\"><img loading=\"lazy\" decoding=\"async\" class=\"wp-image-3848 size-full\" src=\"https:\/\/blogsaverroes.juntadeandalucia.es\/iesvirgendelcollado\/files\/2022\/09\/Control-de-presencia-S\u00e9neca.png\" alt=\"Control de presencia S\u00e9neca\" width=\"299\" height=\"168\"><\/a><figcaption id=\"caption-attachment-3848\" class=\"wp-caption-text\"><span style=\"color: #0000ff\">Control de presencia S\u00e9neca<\/span><\/figcaption><\/figure><\/td>\n<\/tr>\n<\/tbody>\n<\/table>\n<h6><a title=\"Canal Youtube DIRECCION IES NUEVO SCALA. Videos did\u00e1cticos de uso de S\u00e9neca, LOMLOE, etc.\" href=\"https:\/\/www.youtube.com\/@direccioniesnuevoscala5567\" target=\"_blank\" rel=\"noopener noreferrer\">Canal Youtube DIRECCION IES NUEVO SCALA. Videos did\u00e1cticos de uso de S\u00e9neca, LOMLOE, etc.<\/a><\/h6>\n<h6>&nbsp;<\/h6>\n<h6>&nbsp;<\/h6>\n","protected":false},"excerpt":{"rendered":"<p>MANUAL DE S\u00c9NECA Instrucciones subir boletines notas al punto de recogida. Autorizaci\u00f3n de Actividades y uso de dispositivos en S\u00e9neca Ayuda S\u00e9neca elaboraci\u00f3n de programaciones did\u00e1cticas. Tutorial: Formaci\u00f3n en S\u00e9neca. Aprendiendo desde casa. Como sincronizar Tareas Moodle Centros con Cuaderno S\u00e9neca. ROL profesorado. Enlaces: Utilidades S\u00e9neca. Recursos cuaderno S\u00e9neca. &nbsp;V\u00eddeo tutoriales iPasen. Control de presencia &hellip; <a href=\"https:\/\/blogsaverroes.juntadeandalucia.es\/iesvirgendelcollado\/seneca\/\" class=\"more-link\">Seguir leyendo <span class=\"screen-reader-text\">S\u00e9neca iPasen<\/span> <span class=\"meta-nav\">&rarr;<\/span><\/a><\/p>\n","protected":false},"author":10578,"featured_media":0,"parent":0,"menu_order":0,"comment_status":"closed","ping_status":"closed","template":"","meta":{"ngg_post_thumbnail":0,"footnotes":"","_mc_calendar":[]},"aioseo_notices":[],"_links":{"self":[{"href":"https:\/\/blogsaverroes.juntadeandalucia.es\/iesvirgendelcollado\/wp-json\/wp\/v2\/pages\/3830"}],"collection":[{"href":"https:\/\/blogsaverroes.juntadeandalucia.es\/iesvirgendelcollado\/wp-json\/wp\/v2\/pages"}],"about":[{"href":"https:\/\/blogsaverroes.juntadeandalucia.es\/iesvirgendelcollado\/wp-json\/wp\/v2\/types\/page"}],"author":[{"embeddable":true,"href":"https:\/\/blogsaverroes.juntadeandalucia.es\/iesvirgendelcollado\/wp-json\/wp\/v2\/users\/10578"}],"replies":[{"embeddable":true,"href":"https:\/\/blogsaverroes.juntadeandalucia.es\/iesvirgendelcollado\/wp-json\/wp\/v2\/comments?post=3830"}],"version-history":[{"count":26,"href":"https:\/\/blogsaverroes.juntadeandalucia.es\/iesvirgendelcollado\/wp-json\/wp\/v2\/pages\/3830\/revisions"}],"predecessor-version":[{"id":5334,"href":"https:\/\/blogsaverroes.juntadeandalucia.es\/iesvirgendelcollado\/wp-json\/wp\/v2\/pages\/3830\/revisions\/5334"}],"wp:attachment":[{"href":"https:\/\/blogsaverroes.juntadeandalucia.es\/iesvirgendelcollado\/wp-json\/wp\/v2\/media?parent=3830"}],"curies":[{"name":"wp","href":"https:\/\/api.w.org\/{rel}","templated":true}]}}