{"id":3860,"date":"2022-09-10T14:28:16","date_gmt":"2022-09-10T12:28:16","guid":{"rendered":"https:\/\/blogsaverroes.juntadeandalucia.es\/iesvirgendelcollado\/?page_id=3860"},"modified":"2025-12-10T12:21:39","modified_gmt":"2025-12-10T10:21:39","slug":"recursos-tde","status":"publish","type":"page","link":"https:\/\/blogsaverroes.juntadeandalucia.es\/iesvirgendelcollado\/recursos-tde\/","title":{"rendered":"Recursos TDE"},"content":{"rendered":"<p><span style=\"color: #ff0000\"><strong>Enlace a videotutoriales sobre uso de pantallas<\/strong><\/span><\/p>\n<p>PInchad\u00a0<a title=\"aqu\u00ed\" href=\"https:\/\/drive.google.com\/drive\/folders\/1GchqImyKbZcCCDF56c2rDW3wB6L8D5ya?usp=drive_link\" target=\"_blank\" rel=\"noopener\">aqu\u00ed<\/a><\/p>\n<p><strong><span style=\"color: #ff0000\">Manual de conexi\u00f3n de los paneles interactivos digitales<\/span><\/strong><\/p>\n<p><a href=\"https:\/\/blogsaverroes.juntadeandalucia.es\/iesvirgendelcollado\/files\/2025\/11\/Guia-de-conexion-de-pantallas-V10.pdf\">Gu\u00eda de conexi\u00f3n de pantallas V10<\/a><\/p>\n<p><span style=\"color: #ff0000\"><strong>Recursos TDE para capacitaci\u00f3n t\u00e9cnica de pantallas, radio y audiovisuales<\/strong><\/span><\/p>\n<p><a href=\"https:\/\/blogsaverroes.juntadeandalucia.es\/iesvirgendelcollado\/files\/2025\/11\/250911_Modulo_01_ADI.pdf\">250911_Modulo_01_ADI<\/a> <a href=\"https:\/\/blogsaverroes.juntadeandalucia.es\/iesvirgendelcollado\/files\/2025\/11\/250911_Modulo_02_Paneles.pdf\">250911_<\/a><\/p>\n<p><a href=\"https:\/\/blogsaverroes.juntadeandalucia.es\/iesvirgendelcollado\/files\/2025\/11\/250911_Modulo_02_Paneles.pdf\">Modulo_<\/a><a href=\"https:\/\/blogsaverroes.juntadeandalucia.es\/iesvirgendelcollado\/files\/2025\/11\/250911_Modulo_02_Paneles.pdf\">02_Paneles<\/a> <a href=\"https:\/\/blogsaverroes.juntadeandalucia.es\/iesvirgendelcollado\/files\/2025\/11\/250911_Modulo_03_Taller_radio.pdf\">250911_<\/a><\/p>\n<p><a href=\"https:\/\/blogsaverroes.juntadeandalucia.es\/iesvirgendelcollado\/files\/2025\/11\/250911_Modulo_03_Taller_radio.pdf\">Modulo_03_Taller_radio<\/a> <a href=\"https:\/\/blogsaverroes.juntadeandalucia.es\/iesvirgendelcollado\/files\/2025\/11\/250911_Modulo_04_Audiovisual.pdf\">250911_<\/a><\/p>\n<p><a href=\"https:\/\/blogsaverroes.juntadeandalucia.es\/iesvirgendelcollado\/files\/2025\/11\/250911_Modulo_04_Audiovisual.pdf\">Modulo_04_Audiovisual<\/a> <a href=\"https:\/\/blogsaverroes.juntadeandalucia.es\/iesvirgendelcollado\/files\/2025\/11\/250911_Modulo_05_STEAM.pdf\">250911_Modulo_05_STEAM<\/a><\/p>\n<p>&nbsp;<\/p>\n<p><strong><span style=\"color: #ff0000\">Enlace a recursos TDE:<\/span><\/strong><\/p>\n<ul style=\"list-style-type: circle\">\n<li>Enlace a videotutorial <a href=\"https:\/\/www.youtube.com\/watch?v=l_Zh-koKjJ8\">G.educaand.es | Reservas de dispositivos y salas (actualizaci\u00f3n)<\/a>.<\/li>\n<li>TDE en nuestro centro: cronograma, normativa&#8230;<\/li>\n<li>Recursos Blog Averroes. \u00a0 \u00a0<a title=\"Gu\u00eda de inicio b\u00e1sico Blog Averroes\" href=\"https:\/\/view.genial.ly\/6069b565da2fe30ce2f49009\/presentation-blogsaverroes\"><strong><em>Gu\u00eda de inicio b\u00e1sico Blog Averroes<\/em><\/strong><\/a><\/li>\n<li>Recursos nuevo ANDARED_Corporativo.<\/li>\n<li>Banco de recursos.<\/li>\n<li>Consejos TDE.<\/li>\n<li>Contacto Soporte Oficial. CAUCE.<\/li>\n<\/ul>\n<table style=\"border-collapse: collapse;width: 154.427%\">\n<tbody>\n<tr>\n<td style=\"width: 50%\">\n<p><figure id=\"attachment_3862\" aria-describedby=\"caption-attachment-3862\" style=\"width: 362px\" class=\"wp-caption alignnone\"><a href=\"https:\/\/recursostde.notion.site\/TDE-en-nuestro-centro-Cronograma-normativa-7b7ac9ed97b342efa96f12e21cac5d67\"><img loading=\"lazy\" decoding=\"async\" class=\"wp-image-3862 \" src=\"https:\/\/blogsaverroes.juntadeandalucia.es\/iesvirgendelcollado\/files\/2022\/09\/TDE-en-nuestro-centro-300x169.png\" alt=\"TDE en nuestro centro: Cronograma, normativa...\" width=\"362\" height=\"204\" srcset=\"https:\/\/blogsaverroes.juntadeandalucia.es\/iesvirgendelcollado\/files\/2022\/09\/TDE-en-nuestro-centro-300x169.png 300w, https:\/\/blogsaverroes.juntadeandalucia.es\/iesvirgendelcollado\/files\/2022\/09\/TDE-en-nuestro-centro-1024x576.png 1024w, https:\/\/blogsaverroes.juntadeandalucia.es\/iesvirgendelcollado\/files\/2022\/09\/TDE-en-nuestro-centro-768x432.png 768w, https:\/\/blogsaverroes.juntadeandalucia.es\/iesvirgendelcollado\/files\/2022\/09\/TDE-en-nuestro-centro.png 1280w\" sizes=\"(max-width: 362px) 100vw, 362px\" \/><\/a><figcaption id=\"caption-attachment-3862\" class=\"wp-caption-text\"><strong><span style=\"color: #ff0000\">TDE en nuestro centro: Cronograma, normativa&#8230;<\/span><\/strong><\/figcaption><\/figure><\/td>\n<td style=\"width: 99.1561%\">\n<p><figure id=\"attachment_3863\" aria-describedby=\"caption-attachment-3863\" style=\"width: 308px\" class=\"wp-caption alignnone\"><a href=\"https:\/\/recursostde.notion.site\/BlogsAverroes-56e68c62d3d24fbaae4ed6eca6760b8f\"><img loading=\"lazy\" decoding=\"async\" class=\"wp-image-3863\" src=\"https:\/\/blogsaverroes.juntadeandalucia.es\/iesvirgendelcollado\/files\/2022\/09\/Imagen-Bolg-Averroes-300x198.png\" alt=\"Recursos Blog Averroes\" width=\"308\" height=\"203\" srcset=\"https:\/\/blogsaverroes.juntadeandalucia.es\/iesvirgendelcollado\/files\/2022\/09\/Imagen-Bolg-Averroes-300x198.png 300w, https:\/\/blogsaverroes.juntadeandalucia.es\/iesvirgendelcollado\/files\/2022\/09\/Imagen-Bolg-Averroes-1024x677.png 1024w, https:\/\/blogsaverroes.juntadeandalucia.es\/iesvirgendelcollado\/files\/2022\/09\/Imagen-Bolg-Averroes-768x508.png 768w, https:\/\/blogsaverroes.juntadeandalucia.es\/iesvirgendelcollado\/files\/2022\/09\/Imagen-Bolg-Averroes-1536x1016.png 1536w, https:\/\/blogsaverroes.juntadeandalucia.es\/iesvirgendelcollado\/files\/2022\/09\/Imagen-Bolg-Averroes.png 1600w\" sizes=\"(max-width: 308px) 100vw, 308px\" \/><\/a><figcaption id=\"caption-attachment-3863\" class=\"wp-caption-text\"><strong><span style=\"color: #ff0000\">Recursos Blog Averroes<\/span><\/strong><\/figcaption><\/figure><\/td>\n<\/tr>\n<tr>\n<td style=\"width: 50%\">\n<p><figure id=\"attachment_3865\" aria-describedby=\"caption-attachment-3865\" style=\"width: 214px\" class=\"wp-caption alignnone\"><a href=\"https:\/\/recursostde.notion.site\/Nuevo-ANDARED_Corporativo-9ec350cc0f6141e28dddd1b4cf23111a\"><img loading=\"lazy\" decoding=\"async\" class=\"wp-image-3865 \" src=\"https:\/\/blogsaverroes.juntadeandalucia.es\/iesvirgendelcollado\/files\/2022\/09\/Wifi-Segura-300x257.jpg\" alt=\"Recursos nuevo ANDARED_Corporativo\" width=\"214\" height=\"183\" srcset=\"https:\/\/blogsaverroes.juntadeandalucia.es\/iesvirgendelcollado\/files\/2022\/09\/Wifi-Segura-300x257.jpg 300w, https:\/\/blogsaverroes.juntadeandalucia.es\/iesvirgendelcollado\/files\/2022\/09\/Wifi-Segura-768x659.jpg 768w, https:\/\/blogsaverroes.juntadeandalucia.es\/iesvirgendelcollado\/files\/2022\/09\/Wifi-Segura.jpg 800w\" sizes=\"(max-width: 214px) 100vw, 214px\" \/><\/a><figcaption id=\"caption-attachment-3865\" class=\"wp-caption-text\"><strong><span style=\"color: #ff0000\">Recursos nuevo ANDARED_Corporativo<\/span><\/strong><\/figcaption><\/figure><\/td>\n<td style=\"width: 99.1561%\">\n<p><figure id=\"attachment_3866\" aria-describedby=\"caption-attachment-3866\" style=\"width: 300px\" class=\"wp-caption alignnone\"><a href=\"https:\/\/recursostde.notion.site\/Bancos-de-recursos-159802bf21054c2ba4c80f27860aa63a\"><img loading=\"lazy\" decoding=\"async\" class=\"wp-image-3866 size-medium\" src=\"https:\/\/blogsaverroes.juntadeandalucia.es\/iesvirgendelcollado\/files\/2022\/09\/Banco-de-recursos-300x164.png\" alt=\"Banco de recursos\" width=\"300\" height=\"164\" srcset=\"https:\/\/blogsaverroes.juntadeandalucia.es\/iesvirgendelcollado\/files\/2022\/09\/Banco-de-recursos-300x164.png 300w, https:\/\/blogsaverroes.juntadeandalucia.es\/iesvirgendelcollado\/files\/2022\/09\/Banco-de-recursos-1024x560.png 1024w, https:\/\/blogsaverroes.juntadeandalucia.es\/iesvirgendelcollado\/files\/2022\/09\/Banco-de-recursos-768x420.png 768w, https:\/\/blogsaverroes.juntadeandalucia.es\/iesvirgendelcollado\/files\/2022\/09\/Banco-de-recursos.png 1280w\" sizes=\"(max-width: 300px) 100vw, 300px\" \/><\/a><figcaption id=\"caption-attachment-3866\" class=\"wp-caption-text\"><strong><span style=\"color: #ff0000\">Banco de recursos<\/span><\/strong><\/figcaption><\/figure><\/td>\n<\/tr>\n<tr>\n<td style=\"width: 50%\">\n<p><figure id=\"attachment_3867\" aria-describedby=\"caption-attachment-3867\" style=\"width: 300px\" class=\"wp-caption alignnone\"><a href=\"https:\/\/blogsaverroes.juntadeandalucia.es\/iesvirgendelcollado\/files\/2022\/09\/Consejos-TDE.png\"><img loading=\"lazy\" decoding=\"async\" class=\"wp-image-3867 size-medium\" src=\"https:\/\/blogsaverroes.juntadeandalucia.es\/iesvirgendelcollado\/files\/2022\/09\/Consejos-TDE-300x169.png\" alt=\"Consejos TDE\" width=\"300\" height=\"169\" srcset=\"https:\/\/blogsaverroes.juntadeandalucia.es\/iesvirgendelcollado\/files\/2022\/09\/Consejos-TDE-300x169.png 300w, https:\/\/blogsaverroes.juntadeandalucia.es\/iesvirgendelcollado\/files\/2022\/09\/Consejos-TDE-1024x576.png 1024w, https:\/\/blogsaverroes.juntadeandalucia.es\/iesvirgendelcollado\/files\/2022\/09\/Consejos-TDE-768x432.png 768w, https:\/\/blogsaverroes.juntadeandalucia.es\/iesvirgendelcollado\/files\/2022\/09\/Consejos-TDE.png 1280w\" sizes=\"(max-width: 300px) 100vw, 300px\" \/><\/a><figcaption id=\"caption-attachment-3867\" class=\"wp-caption-text\"><strong><span style=\"color: #ff0000\">Consejos TDE<\/span><\/strong><\/figcaption><\/figure><\/td>\n<td style=\"width: 99.1561%\">\n<figure id=\"attachment_3868\" aria-describedby=\"caption-attachment-3868\" style=\"width: 300px\" class=\"wp-caption alignnone\"><a href=\"https:\/\/recursostde.notion.site\/Contacto-Soporte-Oficial-f57be3e155a04a189298d21f61d56fc3\"><img loading=\"lazy\" decoding=\"async\" class=\"wp-image-3868 size-medium\" src=\"https:\/\/blogsaverroes.juntadeandalucia.es\/iesvirgendelcollado\/files\/2022\/09\/Contacto-soporte-oficial-300x200.jpeg\" alt=\"Contacto Soporte Oficial. CAUCE\" width=\"300\" height=\"200\" srcset=\"https:\/\/blogsaverroes.juntadeandalucia.es\/iesvirgendelcollado\/files\/2022\/09\/Contacto-soporte-oficial-300x200.jpeg 300w, https:\/\/blogsaverroes.juntadeandalucia.es\/iesvirgendelcollado\/files\/2022\/09\/Contacto-soporte-oficial-1024x681.jpeg 1024w, https:\/\/blogsaverroes.juntadeandalucia.es\/iesvirgendelcollado\/files\/2022\/09\/Contacto-soporte-oficial-768x511.jpeg 768w, https:\/\/blogsaverroes.juntadeandalucia.es\/iesvirgendelcollado\/files\/2022\/09\/Contacto-soporte-oficial-1536x1022.jpeg 1536w, https:\/\/blogsaverroes.juntadeandalucia.es\/iesvirgendelcollado\/files\/2022\/09\/Contacto-soporte-oficial-2048x1363.jpeg 2048w, https:\/\/blogsaverroes.juntadeandalucia.es\/iesvirgendelcollado\/files\/2022\/09\/Contacto-soporte-oficial-scaled.jpeg 1600w\" sizes=\"(max-width: 300px) 100vw, 300px\" \/><\/a><figcaption id=\"caption-attachment-3868\" class=\"wp-caption-text\"><strong><span style=\"color: #ff0000\">Contacto Soporte Oficial. CAUCE<\/span><\/strong><\/figcaption><\/figure>\n<p>&nbsp;<\/td>\n<\/tr>\n<\/tbody>\n<\/table>\n","protected":false},"excerpt":{"rendered":"<p>Enlace a videotutoriales sobre uso de pantallas PInchad\u00a0aqu\u00ed Manual de conexi\u00f3n de los paneles interactivos digitales Gu\u00eda de conexi\u00f3n de pantallas V10 Recursos TDE para capacitaci\u00f3n t\u00e9cnica de pantallas, radio y audiovisuales 250911_Modulo_01_ADI 250911_ Modulo_02_Paneles 250911_ Modulo_03_Taller_radio 250911_ Modulo_04_Audiovisual 250911_Modulo_05_STEAM &nbsp; Enlace a recursos TDE: Enlace a videotutorial G.educaand.es | Reservas de dispositivos y salas &hellip; <a href=\"https:\/\/blogsaverroes.juntadeandalucia.es\/iesvirgendelcollado\/recursos-tde\/\" class=\"more-link\">Seguir leyendo <span class=\"screen-reader-text\">Recursos TDE<\/span> <span class=\"meta-nav\">&rarr;<\/span><\/a><\/p>\n","protected":false},"author":10578,"featured_media":0,"parent":0,"menu_order":0,"comment_status":"closed","ping_status":"closed","template":"","meta":{"ngg_post_thumbnail":0,"footnotes":"","_mc_calendar":[]},"aioseo_notices":[],"_links":{"self":[{"href":"https:\/\/blogsaverroes.juntadeandalucia.es\/iesvirgendelcollado\/wp-json\/wp\/v2\/pages\/3860"}],"collection":[{"href":"https:\/\/blogsaverroes.juntadeandalucia.es\/iesvirgendelcollado\/wp-json\/wp\/v2\/pages"}],"about":[{"href":"https:\/\/blogsaverroes.juntadeandalucia.es\/iesvirgendelcollado\/wp-json\/wp\/v2\/types\/page"}],"author":[{"embeddable":true,"href":"https:\/\/blogsaverroes.juntadeandalucia.es\/iesvirgendelcollado\/wp-json\/wp\/v2\/users\/10578"}],"replies":[{"embeddable":true,"href":"https:\/\/blogsaverroes.juntadeandalucia.es\/iesvirgendelcollado\/wp-json\/wp\/v2\/comments?post=3860"}],"version-history":[{"count":9,"href":"https:\/\/blogsaverroes.juntadeandalucia.es\/iesvirgendelcollado\/wp-json\/wp\/v2\/pages\/3860\/revisions"}],"predecessor-version":[{"id":6210,"href":"https:\/\/blogsaverroes.juntadeandalucia.es\/iesvirgendelcollado\/wp-json\/wp\/v2\/pages\/3860\/revisions\/6210"}],"wp:attachment":[{"href":"https:\/\/blogsaverroes.juntadeandalucia.es\/iesvirgendelcollado\/wp-json\/wp\/v2\/media?parent=3860"}],"curies":[{"name":"wp","href":"https:\/\/api.w.org\/{rel}","templated":true}]}}