{"id":3937,"date":"2022-09-20T10:24:57","date_gmt":"2022-09-20T08:24:57","guid":{"rendered":"https:\/\/blogsaverroes.juntadeandalucia.es\/iesvirgendelcollado\/?page_id=3937"},"modified":"2022-09-20T10:24:57","modified_gmt":"2022-09-20T08:24:57","slug":"innicia","status":"publish","type":"page","link":"https:\/\/blogsaverroes.juntadeandalucia.es\/iesvirgendelcollado\/innicia\/","title":{"rendered":"INNICIA"},"content":{"rendered":"<p><a href=\"https:\/\/blogsaverroes.juntadeandalucia.es\/iesvirgendelcollado\/files\/2022\/09\/innicia.png\"><img loading=\"lazy\" decoding=\"async\" class=\" wp-image-3938 aligncenter\" src=\"https:\/\/blogsaverroes.juntadeandalucia.es\/iesvirgendelcollado\/files\/2022\/09\/innicia.png\" alt=\"\" width=\"262\" height=\"262\" srcset=\"https:\/\/blogsaverroes.juntadeandalucia.es\/iesvirgendelcollado\/files\/2022\/09\/innicia.png 225w, https:\/\/blogsaverroes.juntadeandalucia.es\/iesvirgendelcollado\/files\/2022\/09\/innicia-150x150.png 150w\" sizes=\"(max-width: 262px) 100vw, 262px\" \/><\/a><\/p>\n<p>Si est\u00e1s pensando dise\u00f1ar situaciones de aprendizaje donde se trabaje la competencia emprendedora, quiz\u00e1 <strong>INNICIA<\/strong>&nbsp;sea una ayuda para hacerlo.<\/p>\n<p>1. Definiendo un&nbsp;<strong>RETO<\/strong>: Qu\u00e9 queremos cambiar, a qu\u00e9 problema del Centro\/Comunidad queremos dar respuesta.<\/p>\n<p>2. Eligiendo un&nbsp;<strong>PRODUCTO FINAL<\/strong>: Lo que haremos para evidenciar la consecuci\u00f3n del reto.<\/p>\n<p>3. Y todo ello desde un&nbsp;<strong>ENFOQUE INTEGRADO y COMPETENCIAL<\/strong>.<\/p>\n<p>C\u00f3mo solicitar el programa:<\/p>\n<p><a href=\"https:\/\/www.juntadeandalucia.es\/educacion\/portals\/web\/ced\/planesyprogramas\/gestion-en-seneca\/contenidos\/-\/contenidos\/detalle\/como-inscribirse-en-los-programas-a-traves-de-seneca\" target=\"_blank\" rel=\"noopener noreferrer\">https:\/\/www.juntadeandalucia.es\/educacion\/portals\/web\/ced\/planesyprogramas\/gestion-en-seneca\/contenidos\/-\/contenidos\/detalle\/como-inscribirse-en-los-programas-a-traves-de-seneca<\/a><\/p>\n<p>Dosier del programa:<\/p>\n<p><a href=\"https:\/\/colaboraeducacion30.juntadeandalucia.es\/educacion\/colabora\/documents\/14365250\/14366534\/Dosier+del+Programa+Innicia+2022-2023\/7f60166a-5245-f575-d256-53d5d0a731dc\" target=\"_blank\" rel=\"noopener noreferrer\">https:\/\/colaboraeducacion30.juntadeandalucia.es\/educacion\/colabora\/documents\/14365250\/14366534\/Dosier+del+Programa+Innicia+2022-2023\/7f60166a-5245-f575-d256-53d5d0a731dc<\/a><\/p>\n<p>Itinerario:<\/p>\n<p><a href=\"https:\/\/colaboraeducacion30.juntadeandalucia.es\/educacion\/colabora\/web\/innicia\/itinerario\" target=\"_blank\" rel=\"noopener noreferrer\">https:\/\/colaboraeducacion30.juntadeandalucia.es\/educacion\/colabora\/web\/innicia\/itinerario<\/a><\/p>\n","protected":false},"excerpt":{"rendered":"<p>Si est\u00e1s pensando dise\u00f1ar situaciones de aprendizaje donde se trabaje la competencia emprendedora, quiz\u00e1 INNICIA&nbsp;sea una ayuda para hacerlo. 1. Definiendo un&nbsp;RETO: Qu\u00e9 queremos cambiar, a qu\u00e9 problema del Centro\/Comunidad queremos dar respuesta. 2. Eligiendo un&nbsp;PRODUCTO FINAL: Lo que haremos para evidenciar la consecuci\u00f3n del reto. 3. Y todo ello desde un&nbsp;ENFOQUE INTEGRADO y COMPETENCIAL. &hellip; <a href=\"https:\/\/blogsaverroes.juntadeandalucia.es\/iesvirgendelcollado\/innicia\/\" class=\"more-link\">Seguir leyendo <span class=\"screen-reader-text\">INNICIA<\/span> <span class=\"meta-nav\">&rarr;<\/span><\/a><\/p>\n","protected":false},"author":10578,"featured_media":0,"parent":0,"menu_order":0,"comment_status":"closed","ping_status":"closed","template":"","meta":{"ngg_post_thumbnail":0,"footnotes":"","_mc_calendar":[]},"aioseo_notices":[],"_links":{"self":[{"href":"https:\/\/blogsaverroes.juntadeandalucia.es\/iesvirgendelcollado\/wp-json\/wp\/v2\/pages\/3937"}],"collection":[{"href":"https:\/\/blogsaverroes.juntadeandalucia.es\/iesvirgendelcollado\/wp-json\/wp\/v2\/pages"}],"about":[{"href":"https:\/\/blogsaverroes.juntadeandalucia.es\/iesvirgendelcollado\/wp-json\/wp\/v2\/types\/page"}],"author":[{"embeddable":true,"href":"https:\/\/blogsaverroes.juntadeandalucia.es\/iesvirgendelcollado\/wp-json\/wp\/v2\/users\/10578"}],"replies":[{"embeddable":true,"href":"https:\/\/blogsaverroes.juntadeandalucia.es\/iesvirgendelcollado\/wp-json\/wp\/v2\/comments?post=3937"}],"version-history":[{"count":1,"href":"https:\/\/blogsaverroes.juntadeandalucia.es\/iesvirgendelcollado\/wp-json\/wp\/v2\/pages\/3937\/revisions"}],"predecessor-version":[{"id":3940,"href":"https:\/\/blogsaverroes.juntadeandalucia.es\/iesvirgendelcollado\/wp-json\/wp\/v2\/pages\/3937\/revisions\/3940"}],"wp:attachment":[{"href":"https:\/\/blogsaverroes.juntadeandalucia.es\/iesvirgendelcollado\/wp-json\/wp\/v2\/media?parent=3937"}],"curies":[{"name":"wp","href":"https:\/\/api.w.org\/{rel}","templated":true}]}}