{"id":3954,"date":"2022-09-24T14:33:24","date_gmt":"2022-09-24T12:33:24","guid":{"rendered":"https:\/\/blogsaverroes.juntadeandalucia.es\/iesvirgendelcollado\/?page_id=3954"},"modified":"2026-02-16T13:08:23","modified_gmt":"2026-02-16T11:08:23","slug":"permisos-y-licencias","status":"publish","type":"page","link":"https:\/\/blogsaverroes.juntadeandalucia.es\/iesvirgendelcollado\/el-centro-2\/permisos-y-licencias\/","title":{"rendered":"Horario en centros. Permisos y licencias"},"content":{"rendered":"<p><strong>Horario en centros educativos.<\/strong><\/p>\n<p><a title=\"Resoluci\u00f3n de 30 de septiembre de 2024, de la Direcci\u00f3n General del Profesorado y Gesti\u00f3n de Recursos Humanos, por la que se aprueba el Manual para la gesti\u00f3n del cumplimiento de jornada y horarios en los centros docentes p\u00fablicos y servicios de apoyo a la educaci\u00f3n dependientes de la Consejer\u00eda con competencias en materia de educaci\u00f3n de la Junta de Andaluc\u00eda\" href=\"https:\/\/drive.google.com\/file\/d\/1CLLHv1hR9_rDsPXT9szZHRG4FP-C7jwG\/view?usp=sharing\" target=\"_blank\" rel=\"noopener\">Resoluci\u00f3n de 30 de septiembre de 2024, de la Direcci\u00f3n General del Profesorado y Gesti\u00f3n de Recursos Humanos, por la que se aprueba el <strong>Manual para la gesti\u00f3n del cumplimiento de jornada y horarios en los centros docentes p\u00fablicos<\/strong> y servicios de apoyo a la educaci\u00f3n dependientes de la Consejer\u00eda con competencias en materia de educaci\u00f3n de la Junta de Andaluc\u00eda.<\/a><\/p>\n<p><a href=\"https:\/\/drive.google.com\/file\/d\/1TLK_OwLueWm-DN3FjkSZZgjPuoWC0u22\/view?usp=sharing\" target=\"_blank\" rel=\"noopener\">Correcci\u00f3n de errores Anexos A B C y D Huelgas.<\/a><\/p>\n<p><a href=\"https:\/\/drive.google.com\/file\/d\/19l2vPBOvnZ2fCSUAJsY9JuYp6TT6bgNJ\/view?usp=sharing\" target=\"_blank\" rel=\"noopener\">Resoluci\u00f3n MODIFICA ANEXO B Manual de horarios.<\/a><\/p>\n<p><a href=\"https:\/\/drive.google.com\/file\/d\/19nhmC7UQgj2baF9KhsSTHjp69NkqhBB7\/view?usp=sharing\" target=\"_blank\" rel=\"noopener\">DUDAS_FRECUENTES_SOBRE_MANUAL.<\/a><\/p>\n<hr>\n<p><strong><a title=\"Gu\u00eda pr\u00e1ctica licencias, permisos, excedencias e incompatibilidades CSIF 2024\/2025.\" href=\"https:\/\/www.calameo.com\/csif\/read\/00534793810eef3a14d7a?page=1\" target=\"_blank\" rel=\"noopener\">Gu\u00eda pr\u00e1ctica licencias, permisos, excedencias e incompatibilidades CSIF 2024\/2025<\/a><\/strong><\/p>\n<p><a title=\"Videotutorial Anexo I S\u00e9neca\" href=\"https:\/\/youtu.be\/5DfHp63n0o8\">Videotutorial Anexo I S\u00e9neca<\/a><\/p>\n<p><strong>Permisos y licencias.<\/strong><\/p>\n<ul>\n<li><a href=\"https:\/\/www.juntadeandalucia.es\/educacion\/portales\/profesorado\/otra-informacion\/permisos-y-licencias\">Web de la Consejer\u00eda de Desarrollo Educativo y Formaci\u00f3n Profesional: Permisos y Licencias.<\/a><\/li>\n<li><a href=\"https:\/\/juntadeandalucia.es\/sites\/default\/files\/2025-02\/CJALFP-250210_Texto%20Consolidado%20Instrucci%C3%B3n%203_2019.pdf\" target=\"_blank\" rel=\"noopener\">Texto consolidado \u00daltima modificaci\u00f3n: 10 de febrero de 2025.INSTRUCCI\u00d3N 3\/2019, DE LA DIRECCI\u00d3N GENERAL DE RECURSOS HUMANOS Y FUNCI\u00d3N P\u00daBLICA, EN MATERIA DE JORNADA LABORAL, VACACIONES Y PERMISOS EN EL \u00c1MBITO DE LA ADMINISTRACI\u00d3N GENERAL DE LA JUNTA DE ANDALUC\u00cdA, DE SUS INSTITUCIONES, AGENCIAS ADMINISTRATIVAS Y AGENCIAS DE R\u00c9GIMEN ESPECIAL. <\/a><\/li>\n<li><a href=\"https:\/\/blogsaverroes.juntadeandalucia.es\/iesvirgendelcollado\/files\/2022\/09\/CIRCULAR-DE-11-DE-JUNIO-DE-2021-PERMISOS-Y-LICENCIASF.pdf\">CIRCULAR DE 11 DE JUNIO DE 2021 PERMISOS Y LICENCIAS<\/a><\/li>\n<li><a href=\"https:\/\/blogsaverroes.juntadeandalucia.es\/iesvirgendelcollado\/files\/2022\/09\/INSTRUCCIOCC81N20QUE20MODIFICA20LA20CIRCULAR28F29.pdf\">INSTRUCCI\u00d3N 12\/2022 POR LA QUE SE MODIFICAN LOS APARTADOS III.7 Y III.11 DE<\/a> <a href=\"https:\/\/blogsaverroes.juntadeandalucia.es\/iesvirgendelcollado\/files\/2022\/09\/INSTRUCCIOCC81N20QUE20MODIFICA20LA20CIRCULAR28F29.pdf\">LA CIRCULAR DE 11 DE JUNIO DE 2021<\/a><\/li>\n<li><a title=\"INSTRUCCI\u00d3N 9\/2023 DE LA DIRECCI\u00d3N GENERAL DEL PROFESORADO Y GESTI\u00d3N DE RECURSOS HUMANOS POR LA QUE SE MODIFICAN LOS APARTADOS III.1 Y III.14 Y SE A\u00d1ADE EL APARTADO III.30 A LA CIRCULAR DE 11 DE JUNIO DE 2021.\" href=\"https:\/\/www.adideandalucia.es\/normas\/instruc\/Instruccion9-2023ModificaCircularPermisos.pdf\" target=\"_blank\" rel=\"noopener noreferrer\">INSTRUCCI\u00d3N 9\/2023 DE LA DIRECCI\u00d3N GENERAL DEL PROFESORADO Y GESTI\u00d3N DE RECURSOS HUMANOS POR LA QUE SE MODIFICAN LOS APARTADOS III.1 Y III.14 Y SE A\u00d1ADE EL APARTADO III.30 A LA CIRCULAR DE 11 DE JUNIO DE 2021<\/a>.<\/li>\n<li><a title=\"Instrucci\u00f3n 10\/2025 de la Direcci\u00f3n General del Profesorado y Gesti\u00f3n de Recursos Humanos por la que se modifica el apartado III.27 de la Circular de 11 de Junio de 2021, de la Direcci\u00f3n General del Profesorado y Gesti\u00f3n de Recursos Humanos, sobre permisos, licencias y reducciones de jornada del personal docente del \u00e1mbito de gesti\u00f3n de la entonces Consejer\u00eda de Educaci\u00f3n y Deporte de la Junta de Andaluc\u00eda\" href=\"https:\/\/www.juntadeandalucia.es\/educacion\/portales\/web\/educacion\/w\/instruccion-10-2025-por-la-que-se-modifica-el-apartado-iii.27-de-la-circular-de-11-de-junio-de-2021-de-la-direccion-general-del-profesorado-y-gestion-de-recursos-humanos-sobre-permisos-licencias-y-reducciones-de-jornada-del-personal-docente-del-ambito-de-?redirect=%2Feducacion%2Fportales%2Fweb%2Feducacion\" target=\"_blank\" rel=\"noopener\">Instrucci\u00f3n 10\/2025 de la Direcci\u00f3n General del Profesorado y Gesti\u00f3n de Recursos Humanos por la que se modifica el apartado III.27 de la Circular de 11 de Junio de 2021, de la Direcci\u00f3n General del Profesorado y Gesti\u00f3n de Recursos Humanos, sobre permisos, licencias y reducciones de jornada del personal docente del \u00e1mbito de gesti\u00f3n de la entonces Consejer\u00eda de Educaci\u00f3n y Deporte de la Junta de Andaluc\u00eda.<\/a> <strong>PERMISOS POR ASUNTOS PARTICULARES RETRIBUIDOS PROFESORADO.<\/strong><\/li>\n<li><a title=\"Instrucci\u00f3n 11\/2025 de la Direcci\u00f3n General del Profesorado y Gesti\u00f3n de Recursos Humanos por la que se ampl\u00edan los permisos por nacimiento para la madre biol\u00f3gica, por adopci\u00f3n o acogimiento, y el del progenitor diferente de la madre biol\u00f3gica, y se clarifica la naturaleza no retribuida del permiso parental, contemplados en la Circular de 11 de Junio de 2021, de la Direcci\u00f3n General del Profesorado y Gesti\u00f3n de Recursos Humanos, sobre permisos, licencias y reducciones de jornada del personal docente del \u00e1mbito de gesti\u00f3n de la entonces Consejer\u00eda de Educaci\u00f3n y Deporte de la Junta de Andaluc\u00eda.\" href=\"https:\/\/www.juntadeandalucia.es\/educacion\/portales\/web\/educacion\/w\/instruccion-11-2025-por-la-que-se-amplian-los-permisos-por-nacimiento-para-la-madre-biologica-por-adopcion-o-acogimiento-y-el-del-progenitor-diferente-de-la-madre-biologica-y-se-clarifica-la-naturaleza-no-retribuida-del-permiso-parental-contemplados-en-la?redirect=%2Feducacion%2Fportales%2Fweb%2Feducacion\" target=\"_blank\" rel=\"noopener\">Instrucci\u00f3n 11\/2025 de la Direcci\u00f3n General del Profesorado y Gesti\u00f3n de Recursos Humanos por la que se ampl\u00edan los permisos por nacimiento para la madre biol\u00f3gica, por adopci\u00f3n o acogimiento, y el del progenitor diferente de la madre biol\u00f3gica, y se clarifica la naturaleza no retribuida del permiso parental, contemplados en la Circular de 11 de Junio de 2021, de la Direcci\u00f3n General del Profesorado y Gesti\u00f3n de Recursos Humanos, sobre permisos, licencias y reducciones de jornada del personal docente del \u00e1mbito de gesti\u00f3n de la entonces Consejer\u00eda de Educaci\u00f3n y Deporte de la Junta de Andaluc\u00eda.<\/a><\/li>\n<\/ul>\n<p><strong>Anexos para el profesorado.<\/strong><\/p>\n<ul>\n<li><a title=\"Anexo I - Modelo de solicitud de permisos, licencias y reducciones de jornada\" href=\"https:\/\/blogsaverroes.juntadeandalucia.es\/iesescultormarinhiguero\/files\/2023\/08\/Anexo_I_Licencias_y_Permisos__rellenable.pdf\" target=\"_blank\" rel=\"noopener noreferrer\">Anexo I &#8211; Modelo de solicitud de permisos, licencias y reducciones de jornada.<\/a><\/li>\n<li><a title=\"ANEXO I (modelo nuevo) \u2013 Permisos, licencias y reducciones de jornada (rellenable).\" href=\"https:\/\/www.juntadeandalucia.es\/educacion\/portals\/delegate\/content\/19169456-b3c2-45e9-827f-933ae186acee\/Anexo%20I\" target=\"_blank\" rel=\"noopener noreferrer\">ANEXO I (modelo nuevo) \u2013 Permisos, licencias y reducciones de jornada (rellenable).<\/a><\/li>\n<li><a title=\"TUTORIAL Digitalizaci\u00f3n de centros Env\u00edo justificantes faltas profesorado al centro educativo\" href=\"https:\/\/youtu.be\/19eGaTaW_BU\" target=\"_blank\" rel=\"noopener noreferrer\">TUTORIAL Digitalizaci\u00f3n de centros Env\u00edo justificantes faltas profesorado al centro educativo<\/a>.<\/li>\n<li>Enlace a Secretar\u00eda Virtual. <a href=\"https:\/\/www.juntadeandalucia.es\/educacion\/secretariavirtual\/accesoTramite\/462\/\">Presentaci\u00f3n Electr\u00f3nica General en Centros Educativos<\/a>.<\/li>\n<\/ul>\n","protected":false},"excerpt":{"rendered":"<p>Horario en centros educativos. Resoluci\u00f3n de 30 de septiembre de 2024, de la Direcci\u00f3n General del Profesorado y Gesti\u00f3n de Recursos Humanos, por la que se aprueba el Manual para la gesti\u00f3n del cumplimiento de jornada y horarios en los centros docentes p\u00fablicos y servicios de apoyo a la educaci\u00f3n dependientes de la Consejer\u00eda con &hellip; <a href=\"https:\/\/blogsaverroes.juntadeandalucia.es\/iesvirgendelcollado\/el-centro-2\/permisos-y-licencias\/\" class=\"more-link\">Seguir leyendo <span class=\"screen-reader-text\">Horario en centros. Permisos y licencias<\/span> <span class=\"meta-nav\">&rarr;<\/span><\/a><\/p>\n","protected":false},"author":10578,"featured_media":0,"parent":35,"menu_order":0,"comment_status":"closed","ping_status":"closed","template":"","meta":{"ngg_post_thumbnail":0,"footnotes":"","_mc_calendar":[]},"aioseo_notices":[],"_links":{"self":[{"href":"https:\/\/blogsaverroes.juntadeandalucia.es\/iesvirgendelcollado\/wp-json\/wp\/v2\/pages\/3954"}],"collection":[{"href":"https:\/\/blogsaverroes.juntadeandalucia.es\/iesvirgendelcollado\/wp-json\/wp\/v2\/pages"}],"about":[{"href":"https:\/\/blogsaverroes.juntadeandalucia.es\/iesvirgendelcollado\/wp-json\/wp\/v2\/types\/page"}],"author":[{"embeddable":true,"href":"https:\/\/blogsaverroes.juntadeandalucia.es\/iesvirgendelcollado\/wp-json\/wp\/v2\/users\/10578"}],"replies":[{"embeddable":true,"href":"https:\/\/blogsaverroes.juntadeandalucia.es\/iesvirgendelcollado\/wp-json\/wp\/v2\/comments?post=3954"}],"version-history":[{"count":24,"href":"https:\/\/blogsaverroes.juntadeandalucia.es\/iesvirgendelcollado\/wp-json\/wp\/v2\/pages\/3954\/revisions"}],"predecessor-version":[{"id":6252,"href":"https:\/\/blogsaverroes.juntadeandalucia.es\/iesvirgendelcollado\/wp-json\/wp\/v2\/pages\/3954\/revisions\/6252"}],"up":[{"embeddable":true,"href":"https:\/\/blogsaverroes.juntadeandalucia.es\/iesvirgendelcollado\/wp-json\/wp\/v2\/pages\/35"}],"wp:attachment":[{"href":"https:\/\/blogsaverroes.juntadeandalucia.es\/iesvirgendelcollado\/wp-json\/wp\/v2\/media?parent=3954"}],"curies":[{"name":"wp","href":"https:\/\/api.w.org\/{rel}","templated":true}]}}

<p><strong>Horario en centros educativos.</strong></p>
<p><a title="Resolución de 30 de septiembre de 2024, de la Dirección General del Profesorado y Gestión de Recursos Humanos, por la que se aprueba el Manual para la gestión del cumplimiento de jornada y horarios en los centros docentes públicos y servicios de apoyo a la educación dependientes de la Consejería con competencias en materia de educación de la Junta de Andalucía" href="https://drive.google.com/file/d/1CLLHv1hR9_rDsPXT9szZHRG4FP-C7jwG/view?usp=sharing" target="_blank" rel="noopener">Resolución de 30 de septiembre de 2024, de la Dirección General del Profesorado y Gestión de Recursos Humanos, por la que se aprueba el <strong>Manual para la gestión del cumplimiento de jornada y horarios en los centros docentes públicos</strong> y servicios de apoyo a la educación dependientes de la Consejería con competencias en materia de educación de la Junta de Andalucía.</a></p>
<p><a href="https://drive.google.com/file/d/1TLK_OwLueWm-DN3FjkSZZgjPuoWC0u22/view?usp=sharing" target="_blank" rel="noopener">Corrección de errores Anexos A B C y D Huelgas.</a></p>
<p><a href="https://drive.google.com/file/d/19l2vPBOvnZ2fCSUAJsY9JuYp6TT6bgNJ/view?usp=sharing" target="_blank" rel="noopener">Resolución MODIFICA ANEXO B Manual de horarios.</a></p>
<p><a href="https://drive.google.com/file/d/19nhmC7UQgj2baF9KhsSTHjp69NkqhBB7/view?usp=sharing" target="_blank" rel="noopener">DUDAS_FRECUENTES_SOBRE_MANUAL.</a></p>
<hr>
<p><strong><a title="Guía práctica licencias, permisos, excedencias e incompatibilidades CSIF 2024/2025." href="https://www.calameo.com/csif/read/00534793810eef3a14d7a?page=1" target="_blank" rel="noopener">Guía práctica licencias, permisos, excedencias e incompatibilidades CSIF 2024/2025</a></strong></p>
<p><a title="Videotutorial Anexo I Séneca" href="https://youtu.be/5DfHp63n0o8">Videotutorial Anexo I Séneca</a></p>
<p><strong>Permisos y licencias.</strong></p>
<ul>
<li><a href="https://www.juntadeandalucia.es/educacion/portales/profesorado/otra-informacion/permisos-y-licencias">Web de la Consejería de Desarrollo Educativo y Formación Profesional: Permisos y Licencias.</a></li>
<li><a href="https://juntadeandalucia.es/sites/default/files/2025-02/CJALFP-250210_Texto%20Consolidado%20Instrucci%C3%B3n%203_2019.pdf" target="_blank" rel="noopener">Texto consolidado Última modificación: 10 de febrero de 2025.INSTRUCCIÓN 3/2019, DE LA DIRECCIÓN GENERAL DE RECURSOS HUMANOS Y FUNCIÓN PÚBLICA, EN MATERIA DE JORNADA LABORAL, VACACIONES Y PERMISOS EN EL ÁMBITO DE LA ADMINISTRACIÓN GENERAL DE LA JUNTA DE ANDALUCÍA, DE SUS INSTITUCIONES, AGENCIAS ADMINISTRATIVAS Y AGENCIAS DE RÉGIMEN ESPECIAL. </a></li>
<li><a href="https://blogsaverroes.juntadeandalucia.es/iesvirgendelcollado/files/2022/09/CIRCULAR-DE-11-DE-JUNIO-DE-2021-PERMISOS-Y-LICENCIASF.pdf">CIRCULAR DE 11 DE JUNIO DE 2021 PERMISOS Y LICENCIAS</a></li>
<li><a href="https://blogsaverroes.juntadeandalucia.es/iesvirgendelcollado/files/2022/09/INSTRUCCIOCC81N20QUE20MODIFICA20LA20CIRCULAR28F29.pdf">INSTRUCCIÓN 12/2022 POR LA QUE SE MODIFICAN LOS APARTADOS III.7 Y III.11 DE</a> <a href="https://blogsaverroes.juntadeandalucia.es/iesvirgendelcollado/files/2022/09/INSTRUCCIOCC81N20QUE20MODIFICA20LA20CIRCULAR28F29.pdf">LA CIRCULAR DE 11 DE JUNIO DE 2021</a></li>
<li><a title="INSTRUCCIÓN 9/2023 DE LA DIRECCIÓN GENERAL DEL PROFESORADO Y GESTIÓN DE RECURSOS HUMANOS POR LA QUE SE MODIFICAN LOS APARTADOS III.1 Y III.14 Y SE AÑADE EL APARTADO III.30 A LA CIRCULAR DE 11 DE JUNIO DE 2021." href="https://www.adideandalucia.es/normas/instruc/Instruccion9-2023ModificaCircularPermisos.pdf" target="_blank" rel="noopener noreferrer">INSTRUCCIÓN 9/2023 DE LA DIRECCIÓN GENERAL DEL PROFESORADO Y GESTIÓN DE RECURSOS HUMANOS POR LA QUE SE MODIFICAN LOS APARTADOS III.1 Y III.14 Y SE AÑADE EL APARTADO III.30 A LA CIRCULAR DE 11 DE JUNIO DE 2021</a>.</li>
<li><a title="Instrucción 10/2025 de la Dirección General del Profesorado y Gestión de Recursos Humanos por la que se modifica el apartado III.27 de la Circular de 11 de Junio de 2021, de la Dirección General del Profesorado y Gestión de Recursos Humanos, sobre permisos, licencias y reducciones de jornada del personal docente del ámbito de gestión de la entonces Consejería de Educación y Deporte de la Junta de Andalucía" href="https://www.juntadeandalucia.es/educacion/portales/web/educacion/w/instruccion-10-2025-por-la-que-se-modifica-el-apartado-iii.27-de-la-circular-de-11-de-junio-de-2021-de-la-direccion-general-del-profesorado-y-gestion-de-recursos-humanos-sobre-permisos-licencias-y-reducciones-de-jornada-del-personal-docente-del-ambito-de-?redirect=%2Feducacion%2Fportales%2Fweb%2Feducacion" target="_blank" rel="noopener">Instrucción 10/2025 de la Dirección General del Profesorado y Gestión de Recursos Humanos por la que se modifica el apartado III.27 de la Circular de 11 de Junio de 2021, de la Dirección General del Profesorado y Gestión de Recursos Humanos, sobre permisos, licencias y reducciones de jornada del personal docente del ámbito de gestión de la entonces Consejería de Educación y Deporte de la Junta de Andalucía.</a> <strong>PERMISOS POR ASUNTOS PARTICULARES RETRIBUIDOS PROFESORADO.</strong></li>
<li><a title="Instrucción 11/2025 de la Dirección General del Profesorado y Gestión de Recursos Humanos por la que se amplían los permisos por nacimiento para la madre biológica, por adopción o acogimiento, y el del progenitor diferente de la madre biológica, y se clarifica la naturaleza no retribuida del permiso parental, contemplados en la Circular de 11 de Junio de 2021, de la Dirección General del Profesorado y Gestión de Recursos Humanos, sobre permisos, licencias y reducciones de jornada del personal docente del ámbito de gestión de la entonces Consejería de Educación y Deporte de la Junta de Andalucía." href="https://www.juntadeandalucia.es/educacion/portales/web/educacion/w/instruccion-11-2025-por-la-que-se-amplian-los-permisos-por-nacimiento-para-la-madre-biologica-por-adopcion-o-acogimiento-y-el-del-progenitor-diferente-de-la-madre-biologica-y-se-clarifica-la-naturaleza-no-retribuida-del-permiso-parental-contemplados-en-la?redirect=%2Feducacion%2Fportales%2Fweb%2Feducacion" target="_blank" rel="noopener">Instrucción 11/2025 de la Dirección General del Profesorado y Gestión de Recursos Humanos por la que se amplían los permisos por nacimiento para la madre biológica, por adopción o acogimiento, y el del progenitor diferente de la madre biológica, y se clarifica la naturaleza no retribuida del permiso parental, contemplados en la Circular de 11 de Junio de 2021, de la Dirección General del Profesorado y Gestión de Recursos Humanos, sobre permisos, licencias y reducciones de jornada del personal docente del ámbito de gestión de la entonces Consejería de Educación y Deporte de la Junta de Andalucía.</a></li>
</ul>
<p><strong>Anexos para el profesorado.</strong></p>
<ul>
<li><a title="Anexo I - Modelo de solicitud de permisos, licencias y reducciones de jornada" href="https://blogsaverroes.juntadeandalucia.es/iesescultormarinhiguero/files/2023/08/Anexo_I_Licencias_y_Permisos__rellenable.pdf" target="_blank" rel="noopener noreferrer">Anexo I &#8211; Modelo de solicitud de permisos, licencias y reducciones de jornada.</a></li>
<li><a title="ANEXO I (modelo nuevo) – Permisos, licencias y reducciones de jornada (rellenable)." href="https://www.juntadeandalucia.es/educacion/portals/delegate/content/19169456-b3c2-45e9-827f-933ae186acee/Anexo%20I" target="_blank" rel="noopener noreferrer">ANEXO I (modelo nuevo) – Permisos, licencias y reducciones de jornada (rellenable).</a></li>
<li><a title="TUTORIAL Digitalización de centros Envío justificantes faltas profesorado al centro educativo" href="https://youtu.be/19eGaTaW_BU" target="_blank" rel="noopener noreferrer">TUTORIAL Digitalización de centros Envío justificantes faltas profesorado al centro educativo</a>.</li>
<li>Enlace a Secretaría Virtual. <a href="https://www.juntadeandalucia.es/educacion/secretariavirtual/accesoTramite/462/">Presentación Electrónica General en Centros Educativos</a>.</li>
</ul>

<p>Horario en centros educativos. Resolución de 30 de septiembre de 2024, de la Dirección General del Profesorado y Gestión de Recursos Humanos, por la que se aprueba el Manual para la gestión del cumplimiento de jornada y horarios en los centros docentes públicos y servicios de apoyo a la educación dependientes de la Consejería con &hellip; <a href="https://blogsaverroes.juntadeandalucia.es/iesvirgendelcollado/el-centro-2/permisos-y-licencias/" class="more-link">Seguir leyendo <span class="screen-reader-text">Horario en centros. Permisos y licencias</span> <span class="meta-nav">&rarr;</span></a></p>
