{"id":4016,"date":"2022-10-19T21:06:12","date_gmt":"2022-10-19T19:06:12","guid":{"rendered":"https:\/\/blogsaverroes.juntadeandalucia.es\/iesvirgendelcollado\/?page_id=4016"},"modified":"2024-10-24T13:22:19","modified_gmt":"2024-10-24T11:22:19","slug":"consejo-escolar","status":"publish","type":"page","link":"https:\/\/blogsaverroes.juntadeandalucia.es\/iesvirgendelcollado\/consejo-escolar\/","title":{"rendered":"Consejo Escolar"},"content":{"rendered":"<p>Elecciones a Consejo Escolar 2024<\/p>\n<p><strong><a href=\"https:\/\/www.juntadeandalucia.es\/educacion\/portales\/es\/web\/educacion\/centros\/organizacion-y-funcionamiento\/consejos-escolares\" target=\"_blank\" rel=\"noopener\">Elecciones a Consejos Escolares 2024<\/a><\/strong><\/p>\n<p style=\"text-align: center\"><iframe loading=\"lazy\" src=\"https:\/\/drive.google.com\/file\/d\/1Gdv0cILeqS-E0yvbg0qGurihzSoom5ry\/preview\" width=\"640\" height=\"480\"><\/iframe><\/p>\n<hr>\n<p>El Consejo escolar es un \u00f3rgano colegiado de Participaci\u00f3n de la comunidad educativa en el gobierno del centro. La Constituci\u00f3n Espa\u00f1ola, en su art\u00edculo 27, establece que \u00abLos profesores, los padres y, en su caso, los alumnos intervendr\u00e1n en el control y gesti\u00f3n de todos los centros sostenidos por la Administraci\u00f3n con fondos p\u00fablicos\u00bb; este principio de participaci\u00f3n constituye el principal instrumento para que toda la comunidad educativa pueda implicarse directamente en la toma de decisiones del mismo.<\/p>\n<ul>\n<li><a title=\"Consejo Escolar del IES Virgen del Collado\" href=\"https:\/\/drive.google.com\/file\/d\/19oXHBr3Hlrd6oBdiKWrT4kyrEf_Cbd4z\/view?usp=sharing\" target=\"_blank\" rel=\"noopener noreferrer\">Consejo Escolar del IES Virgen del Collado<\/a><\/li>\n<li><a title=\"Integrantes de la Comisi\u00f3n Permanente del Consejo Escolar\" href=\"https:\/\/drive.google.com\/file\/d\/19U18k6JWPjDWPUO0rRM_GZB_EOPJcScm\/view?usp=sharing\" target=\"_blank\" rel=\"noopener noreferrer\">Integrantes de la Comisi\u00f3n Permanente del Consejo Escolar<\/a><\/li>\n<li><a title=\"Integrantes Comisi\u00f3n de Convivencia del Consejo Escolar\" href=\"https:\/\/drive.google.com\/file\/d\/19cw33z8wLCFemXyyPEgncgx76JKEkKVG\/view?usp=sharing\" target=\"_blank\" rel=\"noopener noreferrer\">Integrantes Comisi\u00f3n de Convivencia del Consejo Escolar<\/a><\/li>\n<li><a title=\"Integrantes del Equipo de Evaluaci\u00f3n del Consejo Escolar\" href=\"https:\/\/drive.google.com\/file\/d\/19utl8EussJ2b0OTDAvRTN5GohVg2XNd-\/view?usp=sharing\" target=\"_blank\" rel=\"noopener noreferrer\">Integrantes del Equipo de Evaluaci\u00f3n del Consejo Escolar<\/a><\/li>\n<\/ul>\n<h3><span style=\"text-decoration: underline;color: #0000ff\"><em><strong><a style=\"color: #0000ff;text-decoration: underline\" title=\"Enlace a web Consejos escolares en Consejer\u00eda de Desarrollo Educativo y FP\" href=\"https:\/\/www.juntadeandalucia.es\/educacion\/portals\/web\/ced\/consejos-escolares\" target=\"_blank\" rel=\"noopener noreferrer\">Enlace a web Consejos escolares en Consejer\u00eda de Desarrollo Educativo y FP<\/a><\/strong><\/em><\/span><\/h3>\n<p><span style=\"text-decoration: underline\"><em><strong><a title=\"LEY 4\/1984 DE CONSEJOS ESCOLARES DE ANDALUC\u00cdA (Consejo Escolar Municipal)\" href=\"https:\/\/www.adideandalucia.es\/normas\/leyes\/Ley%204-1984%20Consejos%20Escolares.pdf\" target=\"_blank\" rel=\"noopener noreferrer\">LEY 4\/1984 DE CONSEJOS ESCOLARES DE ANDALUC\u00cdA (Consejo Escolar Municipal)<\/a><\/strong><\/em><\/span><\/p>\n<p>&nbsp;<\/p>\n","protected":false},"excerpt":{"rendered":"<p>Elecciones a Consejo Escolar 2024 Elecciones a Consejos Escolares 2024 El Consejo escolar es un \u00f3rgano colegiado de Participaci\u00f3n de la comunidad educativa en el gobierno del centro. La Constituci\u00f3n Espa\u00f1ola, en su art\u00edculo 27, establece que \u00abLos profesores, los padres y, en su caso, los alumnos intervendr\u00e1n en el control y gesti\u00f3n de todos &hellip; <a href=\"https:\/\/blogsaverroes.juntadeandalucia.es\/iesvirgendelcollado\/consejo-escolar\/\" class=\"more-link\">Seguir leyendo <span class=\"screen-reader-text\">Consejo Escolar<\/span> <span class=\"meta-nav\">&rarr;<\/span><\/a><\/p>\n","protected":false},"author":10578,"featured_media":0,"parent":0,"menu_order":0,"comment_status":"closed","ping_status":"closed","template":"","meta":{"ngg_post_thumbnail":0,"footnotes":"","_mc_calendar":[]},"aioseo_notices":[],"_links":{"self":[{"href":"https:\/\/blogsaverroes.juntadeandalucia.es\/iesvirgendelcollado\/wp-json\/wp\/v2\/pages\/4016"}],"collection":[{"href":"https:\/\/blogsaverroes.juntadeandalucia.es\/iesvirgendelcollado\/wp-json\/wp\/v2\/pages"}],"about":[{"href":"https:\/\/blogsaverroes.juntadeandalucia.es\/iesvirgendelcollado\/wp-json\/wp\/v2\/types\/page"}],"author":[{"embeddable":true,"href":"https:\/\/blogsaverroes.juntadeandalucia.es\/iesvirgendelcollado\/wp-json\/wp\/v2\/users\/10578"}],"replies":[{"embeddable":true,"href":"https:\/\/blogsaverroes.juntadeandalucia.es\/iesvirgendelcollado\/wp-json\/wp\/v2\/comments?post=4016"}],"version-history":[{"count":8,"href":"https:\/\/blogsaverroes.juntadeandalucia.es\/iesvirgendelcollado\/wp-json\/wp\/v2\/pages\/4016\/revisions"}],"predecessor-version":[{"id":5722,"href":"https:\/\/blogsaverroes.juntadeandalucia.es\/iesvirgendelcollado\/wp-json\/wp\/v2\/pages\/4016\/revisions\/5722"}],"wp:attachment":[{"href":"https:\/\/blogsaverroes.juntadeandalucia.es\/iesvirgendelcollado\/wp-json\/wp\/v2\/media?parent=4016"}],"curies":[{"name":"wp","href":"https:\/\/api.w.org\/{rel}","templated":true}]}}