{"id":42,"date":"2015-03-13T08:40:47","date_gmt":"2015-03-13T08:40:47","guid":{"rendered":"http:\/\/blogsaverroes.juntadeandalucia.es\/pre\/ceip\/?page_id=42"},"modified":"2022-12-05T21:57:54","modified_gmt":"2022-12-05T19:57:54","slug":"equipo-directivo","status":"publish","type":"page","link":"https:\/\/blogsaverroes.juntadeandalucia.es\/iesvirgendelcollado\/equipo-directivo\/","title":{"rendered":"Organigrama"},"content":{"rendered":"<p><span style=\"color: #0000ff\"><strong>Equipo directivo:<\/strong><\/span><\/p>\n<p>Direcci\u00f3n: D. Jos\u00e9 Enrique Fern\u00e1ndez Fern\u00e1ndez.<\/p>\n<p>Vicedirecci\u00f3n: D\u00aa. Elisa Requena Iglesias.<\/p>\n<p>Jefatura de Estudios. D\u00aa. M. Cristina Rivero De Lossada.<\/p>\n<p>Secretar\u00eda: D. Jos\u00e9 Antonio Serrano Garc\u00eda.<\/p>\n<h3><span style=\"text-decoration: underline\"><em><span style=\"color: #0000ff\"><strong><a style=\"color: #0000ff;text-decoration: underline\" title=\"Funciones y Competencias del Equipo Directivo\" href=\"https:\/\/www.juntadeandalucia.es\/educacion\/portals\/web\/inspeccion-educativa\/funciones-y-competencias\">Funciones y Competencias del Equipo Directivo<\/a><\/strong><\/span><\/em><\/span><\/h3>\n<p>&nbsp;<\/p>\n<p>&nbsp;<\/p>\n","protected":false},"excerpt":{"rendered":"<p>Equipo directivo: Direcci\u00f3n: D. Jos\u00e9 Enrique Fern\u00e1ndez Fern\u00e1ndez. Vicedirecci\u00f3n: D\u00aa. Elisa Requena Iglesias. Jefatura de Estudios. D\u00aa. M. Cristina Rivero De Lossada. Secretar\u00eda: D. Jos\u00e9 Antonio Serrano Garc\u00eda. Funciones y Competencias del Equipo Directivo &nbsp; &nbsp;<\/p>\n","protected":false},"author":1,"featured_media":0,"parent":0,"menu_order":0,"comment_status":"closed","ping_status":"closed","template":"","meta":{"ngg_post_thumbnail":0,"footnotes":"","_mc_calendar":[]},"aioseo_notices":[],"_links":{"self":[{"href":"https:\/\/blogsaverroes.juntadeandalucia.es\/iesvirgendelcollado\/wp-json\/wp\/v2\/pages\/42"}],"collection":[{"href":"https:\/\/blogsaverroes.juntadeandalucia.es\/iesvirgendelcollado\/wp-json\/wp\/v2\/pages"}],"about":[{"href":"https:\/\/blogsaverroes.juntadeandalucia.es\/iesvirgendelcollado\/wp-json\/wp\/v2\/types\/page"}],"author":[{"embeddable":true,"href":"https:\/\/blogsaverroes.juntadeandalucia.es\/iesvirgendelcollado\/wp-json\/wp\/v2\/users\/1"}],"replies":[{"embeddable":true,"href":"https:\/\/blogsaverroes.juntadeandalucia.es\/iesvirgendelcollado\/wp-json\/wp\/v2\/comments?post=42"}],"version-history":[{"count":11,"href":"https:\/\/blogsaverroes.juntadeandalucia.es\/iesvirgendelcollado\/wp-json\/wp\/v2\/pages\/42\/revisions"}],"predecessor-version":[{"id":4218,"href":"https:\/\/blogsaverroes.juntadeandalucia.es\/iesvirgendelcollado\/wp-json\/wp\/v2\/pages\/42\/revisions\/4218"}],"wp:attachment":[{"href":"https:\/\/blogsaverroes.juntadeandalucia.es\/iesvirgendelcollado\/wp-json\/wp\/v2\/media?parent=42"}],"curies":[{"name":"wp","href":"https:\/\/api.w.org\/{rel}","templated":true}]}}

<p><span style="color: #0000ff"><strong>Equipo directivo:</strong></span></p>
<p>Dirección: D. José Enrique Fernández Fernández.</p>
<p>Vicedirección: Dª. Elisa Requena Iglesias.</p>
<p>Jefatura de Estudios. Dª. M. Cristina Rivero De Lossada.</p>
<p>Secretaría: D. José Antonio Serrano García.</p>
<h3><span style="text-decoration: underline"><em><span style="color: #0000ff"><strong><a style="color: #0000ff;text-decoration: underline" title="Funciones y Competencias del Equipo Directivo" href="https://www.juntadeandalucia.es/educacion/portals/web/inspeccion-educativa/funciones-y-competencias">Funciones y Competencias del Equipo Directivo</a></strong></span></em></span></h3>
<p>&nbsp;</p>
<p>&nbsp;</p>

<p>Equipo directivo: Dirección: D. José Enrique Fernández Fernández. Vicedirección: Dª. Elisa Requena Iglesias. Jefatura de Estudios. Dª. M. Cristina Rivero De Lossada. Secretaría: D. José Antonio Serrano García. Funciones y Competencias del Equipo Directivo &nbsp; &nbsp;</p>
