{"id":4201,"date":"2022-11-27T15:48:31","date_gmt":"2022-11-27T13:48:31","guid":{"rendered":"https:\/\/blogsaverroes.juntadeandalucia.es\/iesvirgendelcollado\/?page_id=4201"},"modified":"2026-03-17T14:17:24","modified_gmt":"2026-03-17T12:17:24","slug":"documentos-del-centro","status":"publish","type":"page","link":"https:\/\/blogsaverroes.juntadeandalucia.es\/iesvirgendelcollado\/el-centro-2\/documentos-del-centro\/","title":{"rendered":"Documentos del centro"},"content":{"rendered":"<p><a title=\"ANEXOS publicados web Documentos profesorado\" href=\"https:\/\/drive.google.com\/drive\/folders\/1BwNkx5d8IgNRXVB_VryPuQDsIWM__xsY?usp=share_link\" target=\"_blank\" rel=\"noopener noreferrer\"><strong>ANEXOS publicados web Documentos profesorado<\/strong><\/a><\/p>\n<p><strong><a href=\"https:\/\/drive.google.com\/drive\/folders\/1QQICrttGrSiE_rILGDr6kJt0yM74Xyx9?usp=sharing\">Carpeta Drive Documentos normalizados homologados del centro.<\/a><\/strong><\/p>\n<p><strong><a href=\"https:\/\/drive.google.com\/drive\/folders\/19Nu1K356XSe9WKl-RktTr04WNkd6rG1A?usp=sharing\">Documentos de Planificaci\u00f3n Planning Departamentos did\u00e1cticos.<\/a><\/strong><\/p>\n<hr>\n<p><a title=\"Autorizaci\u00f3n de recogida del alumnado con iPasen\" href=\"https:\/\/youtu.be\/2Ak711NjKrQ\">Autorizaci\u00f3n de recogida del alumnado con iPasen<\/a><\/p>\n<p><a href=\"https:\/\/drive.google.com\/file\/d\/1NSuDG41YGCiaioqatb57X0jyVzA4UD5H\/view?usp=sharing\" target=\"_blank\" rel=\"noopener\">Modelo de SOLICITUD gen\u00e9rica (expone \/ solicita).<\/a><\/p>\n<hr>\n<p><strong>Plantillas de imagen corporativa:<\/strong><\/p>\n<ul style=\"list-style-type: circle\">\n<li><a href=\"https:\/\/docs.google.com\/document\/d\/1SV7kiTVcGy_vLvgOeOLXJlBeI9wau1n5\/edit?usp=sharing&amp;ouid=100915453278229599439&amp;rtpof=true&amp;sd=true\">Word_Plantilla Hoja Membrete IES Virgen del Collado membrete.<\/a><\/li>\n<li><a href=\"https:\/\/docs.google.com\/document\/d\/1EKzHRXE2lJ_fg52AUsQOOgWFJ_CuZ1Of\/edit?usp=sharing&amp;ouid=100915453278229599439&amp;rtpof=true&amp;sd=true\">Word_Plantilla Hoja Membrete IES Virgen del Collado membrete HORIZONTAL.<\/a><\/li>\n<\/ul>\n<ul>\n<li><a title=\"Word_Plantilla Portada Proyecto IES Virgen del Collado.\" href=\"https:\/\/docs.google.com\/document\/d\/1BD5eZEk7Ho1Br6aT1aMmutn54lL37JVw\/edit?usp=sharing&amp;ouid=100915453278229599439&amp;rtpof=true&amp;sd=true\" target=\"_blank\" rel=\"noopener noreferrer\">Word_Plantilla Portada Proyecto IES Virgen del Collado.<\/a><\/li>\n<li><a title=\"Word_Plantilla Portada Proyecto IES Virgen del Collado. HORIZONTAL.\" href=\"https:\/\/docs.google.com\/document\/d\/1BCHq1zAqr29KsPJlaxLamb10VCdfpe2R\/edit?usp=sharing&amp;ouid=100915453278229599439&amp;rtpof=true&amp;sd=true\" target=\"_blank\" rel=\"noopener noreferrer\">Word_Plantilla Portada Proyecto IES Virgen del Collado. HORIZONTAL.<\/a><\/li>\n<\/ul>\n<hr>\n<p><strong>Documentos Jefatura de Estudios:<\/strong><\/p>\n<p><a href=\"https:\/\/blogsaverroes.juntadeandalucia.es\/iesvirgendelcollado\/el-centro-2\/permisos-y-licencias\/\" target=\"_blank\" rel=\"noopener noreferrer\">Permisos y licencias.<\/a><\/p>\n<p><a title=\"Parte de Convivencia.\" href=\"https:\/\/drive.google.com\/file\/d\/1ixqi28UoyIbuZnrwBpW_LgEsU6mRxVrQ\/view?usp=sharing\" target=\"_blank\" rel=\"noopener\">Modelo de Parte de Convivencia diciembre 2025.<\/a><\/p>\n<p><a href=\"https:\/\/drive.google.com\/drive\/folders\/11SBuCngHtQ_-FyGID1HBxz4Him29nyNf?usp=share_link\" target=\"_blank\" rel=\"noopener noreferrer\">Modelos de actas.<\/a><\/p>\n<p><a title=\"Modelo Acta reuni\u00f3n equipo docente.\" href=\"https:\/\/docs.google.com\/document\/d\/1gCJYbYj_SluoBVJRLbRneP70ZelwmtWy\/edit?usp=share_link&amp;ouid=113015509723339738906&amp;rtpof=true&amp;sd=true\" target=\"_blank\" rel=\"noopener noreferrer\">Modelo Acta reuni\u00f3n equipo docente.<\/a><\/p>\n<p><a title=\"Instrucciones para subir al punto de recogida boletines de notas.\" href=\"https:\/\/drive.google.com\/file\/d\/1A6hbwa2Rf1PoihV4c8iLduIypcMNrkJn\/view?usp=share_link\">Instrucciones para subir al punto de recogida boletines de notas.<\/a><\/p>\n<p><a title=\"Instrucciones subida documento externo al punto de recogida.\" href=\"https:\/\/drive.google.com\/file\/d\/1AX04dC-zl_QJmZMSs740K64CvRWKiO-K\/view?usp=share_link\" target=\"_blank\" rel=\"noopener noreferrer\">Instrucciones subida documento externo al punto de recogida.<\/a><\/p>\n<p><a title=\"Tutorial firma digital Consejo Orientador mayo 2024\" href=\"https:\/\/drive.google.com\/file\/d\/1iG21puceHGZ29T04067uu09O0m8Dmd2R\/view?usp=sharing\">Tutorial firma digital Consejo Orientador mayo 2024<\/a><\/p>\n<p><a title=\"Documentos oficiales y no oficiales de evaluaci\u00f3n mayo 2024\" href=\"https:\/\/drive.google.com\/file\/d\/1iFhKaHVRq7Bvd0HXopE3DqJ6hpElG_03\/view?usp=sharing\">Documentos oficiales y no oficiales de evaluaci\u00f3n mayo 2024<\/a><\/p>\n<p><a title=\"Documento de memoria de departamento.\" href=\"https:\/\/docs.google.com\/document\/d\/1PT77miiVRvBGQGEX0SXcVnXveX7zbN7t\/edit?usp=sharing&amp;ouid=100915453278229599439&amp;rtpof=true&amp;sd=true\" target=\"_blank\" rel=\"noopener noreferrer\">Documento de memoria de departamento.<\/a><\/p>\n<p><a title=\"Documento de memoria de tutor\u00eda.\" href=\"https:\/\/docs.google.com\/document\/d\/1PRZ41806ZgQBBFjzm0_VdLFptbJdqBs-\/edit?usp=sharing&amp;ouid=100915453278229599439&amp;rtpof=true&amp;sd=true\" target=\"_blank\" rel=\"noopener noreferrer\">Documento de memoria de tutor\u00eda.<\/a><\/p>\n<p><a href=\"https:\/\/drive.google.com\/file\/d\/17L570dlDdBk3f9vRF_E2xovBxKoFhiaa\/view?usp=sharing\" target=\"_blank\" rel=\"noopener\">AUTORIZACI\u00d3N FAMILIAR PARA EL SUMINISTRO DE MEDICAMENTOS A ALUMNADO.<\/a><\/p>\n<hr>\n<p><strong>Documentos Secretar\u00eda:&nbsp;<\/strong><\/p>\n<p><a href=\"https:\/\/drive.google.com\/file\/d\/11a8fiXWJiQJ0-quhxJZsakiEGMjKrB_o\/view?usp=share_link\" target=\"_blank\" rel=\"noopener noreferrer\">Plantilla DIETAS IES Virgen del Collado 2022<\/a><\/p>\n<p><a title=\"SOLICITUD DE ANULACI\u00d3N DE MATRICULA BACHILLERATO.\" href=\"https:\/\/drive.google.com\/file\/d\/1Miq_z7V6p2ii35T9889qGb5NXfoUtumN\/view?usp=share_link\" target=\"_blank\" rel=\"noopener noreferrer\">SOLICITUD DE ANULACI\u00d3N DE MATRICULA BACHILLERATO.<\/a><\/p>\n<p><a href=\"https:\/\/webcretaria.iesgrancapitan.org\/diccionario_de_la_gestin_econmica.html\">Webcretar\u00eda Diccionario de la Gesti\u00f3n Econ\u00f3mica<\/a>&nbsp;<\/p>\n<p><a href=\"https:\/\/webcretaria.iesgrancapitan.org\/gestiones_varias_de_matrcula.html\" target=\"_blank\" rel=\"noopener noreferrer\">Webcretar\u00eda Gestiones varias de matr\u00edcula<\/a><\/p>\n<p><a href=\"https:\/\/drive.google.com\/file\/d\/1WJZhcH1hwEWxfOd2vz-qQkcsc3hBwaEV\/view?usp=sharing\" target=\"_blank\" rel=\"noopener\">DOCUMENTO DE MATR\u00cdCULA EN PAPEL para Ciclos Formativos de Grado Medio y Superior (en desuso).<\/a><\/p>\n<p><a href=\"https:\/\/portales.ced.junta-andalucia.es\/educacion\/portales\/es\/web\/escolarizacion\/infantil-a-bachillerato\/impresos\" target=\"_blank\" rel=\"noopener\">DOCUMENTOS Y ANEXOS DE MATR\u00cdCULA EN PAPEL para ESO y Bachillerato (en desuso).<\/a><\/p>\n<hr>\n<p><strong>Documentos Vicedirecci\u00f3n:&nbsp;<\/strong><\/p>\n<p><a title=\"Documento para la realizaci\u00f3n de actividades extraescolares.\" href=\"https:\/\/drive.google.com\/file\/d\/189Tppm-OGfi2ThA0qLFAFY3SRVcMFTM6\/view?usp=share_link\">Documento para la realizaci\u00f3n de actividades extraescolares.<\/a><\/p>\n<p><a title=\"Plantilla SOLICITUD instalaciones del IES Virgen del Collado 2022\" href=\"https:\/\/drive.google.com\/file\/d\/1i7cn6-mQ-qanWB3hNnWHoEcsv6rzmbHb\/view?usp=share_link\" target=\"_blank\" rel=\"noopener noreferrer\">Plantilla SOLICITUD instalaciones del IES Virgen del Collado 2022<\/a><\/p>\n<p><a title=\"Procedimiento de Uso de Instalaciones del Centro Fuera del Horario Escolar.\" href=\"https:\/\/drive.google.com\/file\/d\/1C6V_W9OySzG-prHI3roEhEvkKXD40Q72\/view?usp=sharing\" target=\"_blank\" rel=\"noopener\">Procedimiento de Uso de Instalaciones del Centro Fuera del Horario Escolar.<\/a><\/p>\n<p><a title=\"ANEXO VI SOLICITUD Uso de Instalaciones Fuera de Horario Escolar SOLICITUD ANEXO VI\" href=\"https:\/\/drive.google.com\/file\/d\/18Gc-jXQnBtHF6xUigHBXXMw7oC8wpSJ4\/view?usp=sharing\" target=\"_blank\" rel=\"noopener\">ANEXO VI SOLICITUD Uso de Instalaciones Fuera de Horario Escolar SOLICITUD ANEXO VI<\/a><\/p>\n<p><a title=\"Anexo III Solicitud de SERVICIO COMPLEMENTARIO DE TRANSPORTE ESCOLAR.\" href=\"https:\/\/iesmariabellido.es\/wp-content\/uploads\/2020\/06\/Anexo-III-Solicitud-Transporte-Escolar.pdf\" target=\"_blank\" rel=\"noopener\">Anexo III Solicitud de SERVICIO COMPLEMENTARIO DE TRANSPORTE ESCOLAR. Rellenable.<\/a><\/p>\n<p><a href=\"https:\/\/drive.google.com\/file\/d\/16kYhO3AAVyVy9W1GKjaW-K1RiwIjnZJe\/view?usp=sharing\" target=\"_blank\" rel=\"noopener\">Gu\u00eda informativa IES Virgen del Collado curso acad\u00e9mico 2025\/2026 jul. 2025.<\/a>.<\/p>\n<h1><span style=\"text-decoration: underline\"><em><a href=\"https:\/\/www.guardiacivil.es\/es\/servicios\/Procedimientos_administrativos\/Permiso_para_salida_de_menores_al_extranjero.html\">Permiso para salida de menores residentes en Espa\u00f1a al extranjero<\/a><\/em><\/span><\/h1>\n<div>&nbsp;<\/div>\n<hr>\n<p>&nbsp;<\/p>\n<p>&nbsp;<\/p>\n<p>&nbsp;<\/p>\n","protected":false},"excerpt":{"rendered":"<p>ANEXOS publicados web Documentos profesorado Carpeta Drive Documentos normalizados homologados del centro. Documentos de Planificaci\u00f3n Planning Departamentos did\u00e1cticos. Autorizaci\u00f3n de recogida del alumnado con iPasen Modelo de SOLICITUD gen\u00e9rica (expone \/ solicita). Plantillas de imagen corporativa: Word_Plantilla Hoja Membrete IES Virgen del Collado membrete. Word_Plantilla Hoja Membrete IES Virgen del Collado membrete HORIZONTAL. Word_Plantilla Portada &hellip; <a href=\"https:\/\/blogsaverroes.juntadeandalucia.es\/iesvirgendelcollado\/el-centro-2\/documentos-del-centro\/\" class=\"more-link\">Seguir leyendo <span class=\"screen-reader-text\">Documentos del centro<\/span> <span class=\"meta-nav\">&rarr;<\/span><\/a><\/p>\n","protected":false},"author":10578,"featured_media":0,"parent":35,"menu_order":0,"comment_status":"closed","ping_status":"closed","template":"page-templates\/full-width.php","meta":{"ngg_post_thumbnail":0,"footnotes":"","_mc_calendar":[]},"aioseo_notices":[],"_links":{"self":[{"href":"https:\/\/blogsaverroes.juntadeandalucia.es\/iesvirgendelcollado\/wp-json\/wp\/v2\/pages\/4201"}],"collection":[{"href":"https:\/\/blogsaverroes.juntadeandalucia.es\/iesvirgendelcollado\/wp-json\/wp\/v2\/pages"}],"about":[{"href":"https:\/\/blogsaverroes.juntadeandalucia.es\/iesvirgendelcollado\/wp-json\/wp\/v2\/types\/page"}],"author":[{"embeddable":true,"href":"https:\/\/blogsaverroes.juntadeandalucia.es\/iesvirgendelcollado\/wp-json\/wp\/v2\/users\/10578"}],"replies":[{"embeddable":true,"href":"https:\/\/blogsaverroes.juntadeandalucia.es\/iesvirgendelcollado\/wp-json\/wp\/v2\/comments?post=4201"}],"version-history":[{"count":65,"href":"https:\/\/blogsaverroes.juntadeandalucia.es\/iesvirgendelcollado\/wp-json\/wp\/v2\/pages\/4201\/revisions"}],"predecessor-version":[{"id":4887,"href":"https:\/\/blogsaverroes.juntadeandalucia.es\/iesvirgendelcollado\/wp-json\/wp\/v2\/pages\/4201\/revisions\/4887"}],"up":[{"embeddable":true,"href":"https:\/\/blogsaverroes.juntadeandalucia.es\/iesvirgendelcollado\/wp-json\/wp\/v2\/pages\/35"}],"wp:attachment":[{"href":"https:\/\/blogsaverroes.juntadeandalucia.es\/iesvirgendelcollado\/wp-json\/wp\/v2\/media?parent=4201"}],"curies":[{"name":"wp","href":"https:\/\/api.w.org\/{rel}","templated":true}]}}