{"id":4733,"date":"2023-06-06T12:10:54","date_gmt":"2023-06-06T10:10:54","guid":{"rendered":"https:\/\/blogsaverroes.juntadeandalucia.es\/iesvirgendelcollado\/?page_id=4733"},"modified":"2025-07-22T10:52:48","modified_gmt":"2025-07-22T08:52:48","slug":"admision-ciclos-fp","status":"publish","type":"page","link":"https:\/\/blogsaverroes.juntadeandalucia.es\/iesvirgendelcollado\/admision-ciclos-fp\/","title":{"rendered":"Resultados Adjudicaci\u00f3n CICLOS FP"},"content":{"rendered":"<p><strong><span style=\"color: #0000ff\">A\u00d1O ACAD\u00c9MICO 2025 \/ 2026<\/span><\/strong><\/p>\n<p><span style=\"color: #3366ff\"><strong>22 DE JULIO DE 2025<\/strong><\/span><\/p>\n<p><strong><span style=\"color: #3366ff\">SEGUNDA ADJUDICACI\u00d3N DE OFERTA COMPLETA CICLOS FORMATIVOS IES VIRGEN DEL COLLADO PARA 2025\/2026.<\/span><\/strong><\/p>\n<p><strong>1\u00ba GDCFGM Atenci\u00f3n a Personas en Situaci\u00f3n de Dependencia.<\/strong><\/p>\n<p><iframe loading=\"lazy\" src=\"https:\/\/drive.google.com\/file\/d\/1JH90WrU8PzSxx9g3ORbbHZX56xUcN4w0\/preview\" width=\"640\" height=\"480\"><\/iframe><\/p>\n<hr>\n<p><strong>1\u00ba GDCFGS Integraci\u00f3n Social.<\/strong><\/p>\n<p><iframe loading=\"lazy\" src=\"https:\/\/drive.google.com\/file\/d\/1LsQUdPzLux6NKuq6eb8S4T_xot4fIut_\/preview\" width=\"640\" height=\"480\"><\/iframe><\/p>\n<hr>\n<p><strong>1\u00ba GDCFGB Actividades Dom\u00e9sticas y Limpieza de Edificios.<\/strong><\/p>\n<p><iframe loading=\"lazy\" src=\"https:\/\/drive.google.com\/file\/d\/1H2XA4lE4Zbk-jjFvhoGKqg_z_Rr3gw3g\/preview\" width=\"640\" height=\"480\"><\/iframe><\/p>\n<p><span style=\"color: #0000ff\"><strong>16 DE JULIO DE 2025<\/strong><\/span><\/p>\n<p><strong>RELACI\u00d3N DEFINITIVA DE SOLICITANTES DE SEGUNDO CURSO DE CICLO FORMATIVO DE GRADO SUPERIOR EN ATENCI\u00d3N A PERSONAS EN SITUACI\u00d3N DE DEPENDENCIA:<\/strong><\/p>\n<p><iframe loading=\"lazy\" src=\"https:\/\/drive.google.com\/file\/d\/1OglQwhBIGhU6j2s_PQCZj94TtWnen5af\/preview\" width=\"640\" height=\"480\"><\/iframe><\/p>\n<p><strong>RELACI\u00d3N DEFINITIVA DE SOLICITANTES DE SEGUNDO CURSO DE CICLO FORMATIVO DE GRADO SUPERIOR EN INTEGRACI\u00d3N SOCIAL<\/strong><strong>:<\/strong><\/p>\n<p><iframe loading=\"lazy\" src=\"https:\/\/drive.google.com\/file\/d\/1QjssDBXKnLjvqqCW7tjRdfy_jbPUm3Qz\/preview\" width=\"640\" height=\"480\"><\/iframe><\/p>\n<hr>\n<p><span style=\"color: #0000ff\"><strong>11 JULIO 2025<\/strong><\/span><\/p>\n<p><strong><span style=\"color: #0000ff\">PRIMERA ADJUDICACI\u00d3N DE SOLICITANTES DE OFERTA COMPLETA CICLOS FORMATIVOS IES VIRGEN DEL COLLADO PARA 2025\/2026.<\/span><\/strong><\/p>\n<p><strong>PRIMERA ADJUDICACI\u00d3N DE SOLICITANTES DE CICLOS FORMATIVOS DE GRADO B\u00c1SICO en el IES Virgen del Collado para el curso 2025\/2026. <\/strong><\/p>\n<p><strong>1\u00ba GDCFGB Actividades Dom\u00e9sticas y Limpieza de Edificios.<\/strong><\/p>\n<p><iframe loading=\"lazy\" src=\"https:\/\/drive.google.com\/file\/d\/1i7Y0D5qhkWi92Oid3Xu2U-ptCYnF9K8p\/preview\" width=\"640\" height=\"480\"><\/iframe><\/p>\n<p><strong>PRIMERA ADJUDICACI\u00d3N DE SOLICITANTES DE OFERTA COMPLETA DE CICLOS FORMATIVOS DE GRADO MEDIO&nbsp; en el IES Virgen del Collado para el curso 2025\/2026. <\/strong><\/p>\n<p><strong>1\u00ba GDCFGM Atenci\u00f3n a Personas en Situaci\u00f3n de Dependencia.<\/strong><\/p>\n<p><iframe loading=\"lazy\" src=\"https:\/\/drive.google.com\/file\/d\/1LR6WDA_PSknZtzVj0EaPf2rgtWCqO8Zw\/preview\" width=\"640\" height=\"480\"><\/iframe><\/p>\n<p><strong>PRIMERA ADJUDICACI\u00d3N DE SOLICITANTES DE OFERTA COMPLETA DE CICLOS FORMATIVOS DE GRADO SUPERIO&nbsp;en el IES Virgen del Collado para el curso 2025\/2026. <\/strong><\/p>\n<p><strong>1\u00ba GDCFGS Integraci\u00f3n Social.<\/strong><\/p>\n<p><iframe loading=\"lazy\" src=\"https:\/\/drive.google.com\/file\/d\/1-3GWVXTwK7Fnz9whrxqbsqaPDBANdhzk\/preview\" width=\"640\" height=\"480\"><\/iframe><\/p>\n<p><strong><span style=\"color: #0000ff\">RELACI\u00d3N PROVISIONAL DE SOLICITANTES DE CICLOS FORMATIVOS<\/span><\/strong><\/p>\n<p><strong><span style=\"color: #0000ff\">10 JULIO 2025<\/span><\/strong><\/p>\n<p><strong>RELACI\u00d3N DEFINITIVA DE SOLICITANTES DE FORMACI\u00d3N PROFESIONAL B\u00c1SICA en el IES Virgen del Collado para el curso 2025\/2026. <\/strong><\/p>\n<p><strong>1\u00ba GDCFGB Actividades Dom\u00e9sticas y Limpieza de Edificios.<\/strong><\/p>\n<p><iframe loading=\"lazy\" src=\"https:\/\/drive.google.com\/file\/d\/1Y4bzOsjnb9MBkIDiqVzEygeoMPsIA_98\/preview\" width=\"640\" height=\"480\"><\/iframe><\/p>\n<p><strong>RELACI\u00d3N DEFINITIVA DE SOLICITANTES DE CFGM&nbsp; (Procedimiento ordinario) en el IES Virgen del Collado para el curso 2025\/2026. <\/strong><\/p>\n<p><strong>1\u00ba GDCFGM Atenci\u00f3n a Personas en Situaci\u00f3n de Dependencia.<\/strong><\/p>\n<p><iframe loading=\"lazy\" src=\"https:\/\/drive.google.com\/file\/d\/1PbhBbP9-vwHWeCvj7TAIUMJGHj0Ygavd\/preview\" width=\"640\" height=\"480\"><\/iframe><\/p>\n<p><strong>RELACI\u00d3N DEFINITIVA DE SOLICITANTES DE CFGS&nbsp; (Procedimiento ordinario) en el IES Virgen del Collado para el curso 2025\/2026. <\/strong><\/p>\n<p><strong>1\u00ba GDCFGS Integraci\u00f3n Social.<\/strong><\/p>\n<p><iframe loading=\"lazy\" src=\"https:\/\/drive.google.com\/file\/d\/1CC0fD0ggrOkvGu4aHvudTrZtjQFZy9ao\/preview\" width=\"640\" height=\"480\"><\/iframe><\/p>\n<hr>\n<p><strong><span style=\"color: #0000ff\">RELACI\u00d3N PROVISIONAL DE SOLICITANTES DE CICLOS FORMATIVOS<\/span><\/strong><\/p>\n<p><span style=\"color: #0000ff\"><strong>03 DE JULIO DE 2025<\/strong><\/span><\/p>\n<p><strong>RELACI\u00d3N PROVISIONAL DE SOLICITANTES DE FORMACI\u00d3N PROFESIONAL B\u00c1SICA en el IES Virgen del Collado para el curso 2025\/2026. 1\u00ba GDCFGB Actividades Dom\u00e9sticas y Limpieza de Edificios.<\/strong><\/p>\n<p><iframe loading=\"lazy\" src=\"https:\/\/drive.google.com\/file\/d\/1BVyDStJVM__af87AV2p5FKj5kBWNHYGy\/preview\" width=\"640\" height=\"480\"><\/iframe><\/p>\n<p><strong>RELACI\u00d3N PROVISIONAL DE SOLICITANTES DE CFGM&nbsp; (Procedimiento ordinario) en el IES Virgen del Collado para el curso 2025\/2026. 1\u00ba GDCFGM Atenci\u00f3n a Personas en Situaci\u00f3n de Dependencia.<\/strong><\/p>\n<p><iframe loading=\"lazy\" src=\"https:\/\/drive.google.com\/file\/d\/1XDgaLV2Uwn3Eys7dws69ru6TqL5gHorz\/preview\" width=\"640\" height=\"480\"><\/iframe><\/p>\n<p><strong>RELACI\u00d3N PROVISIONAL DE SOLICITANTES DE CFGS&nbsp; (Procedimiento ordinario) en el IES Virgen del Collado para el curso 2025\/2026. 1\u00ba GDCFGS Integraci\u00f3n Social.<\/strong><\/p>\n<p><iframe loading=\"lazy\" src=\"https:\/\/drive.google.com\/file\/d\/1_9uVgNz7xxbG-og0J4ftSjjo62SpDJFr\/preview\" width=\"640\" height=\"480\"><\/iframe><\/p>\n<hr>\n<p><span style=\"color: #0000ff\"><strong>08 DE JULIO DE 2025<\/strong><\/span><\/p>\n<p><strong>RELACI\u00d3N PROVISIONAL DE SOLICITANTES DE SEGUNDO CURSO DE CICLO FORMATIVO DE GRADO MEDIO EN ATENCI\u00d3N A PERSONA<\/strong><strong>S EN SITUACI\u00d3N DE DEPENDENCIA:<\/strong><\/p>\n<p><iframe loading=\"lazy\" src=\"https:\/\/drive.google.com\/file\/d\/1BzjfL8cOVtIq8rtwXl-WDYNYbzee0Cyg\/preview\" width=\"640\" height=\"480\"><\/iframe><\/p>\n<p><strong>RELACI\u00d3N PROVISIONAL DE SOLICITANTES DE SEGUNDO CURSO DE CICLOS FORMATIVOS DE GRADO SUPERIOR EN INTEGRACI\u00d3N SOCIAL:<\/strong><\/p>\n<p><iframe loading=\"lazy\" src=\"https:\/\/drive.google.com\/file\/d\/1TAcmKCWvzIdXdMIqVwbGc56zG7ysY8aU\/preview\" width=\"640\" height=\"480\"><\/iframe><\/p>\n<hr>\n<p><strong><span style=\"color: #0000ff\">OFERTA DE 1\u00ba EN CICLOS FORMATIVOS EN EL IES VIRGEN DEL COLLADO PARA EL CURSO 2025\/2026.<\/span><\/strong><\/p>\n<p><span style=\"color: #0000ff\"><strong>17 de junio de 2025.<\/strong><\/span><\/p>\n<p><strong>Oferta de 1\u00ba de Formaci\u00f3n Profesional B\u00e1sica Actividades Dom\u00e9sticas y Limpieza de Edificios:<\/strong><\/p>\n<p><iframe loading=\"lazy\" src=\"https:\/\/drive.google.com\/file\/d\/16orDrf3BXL0D73RhJwai1osjKwFNn-Bl\/preview\" width=\"640\" height=\"480\"><\/iframe><\/p>\n<p><strong>Oferta de 1\u00ba del Ciclo Formativo de Grado Medio de Atenci\u00f3n a Personas en Situaci\u00f3n de Dependencia:<\/strong><\/p>\n<p><iframe loading=\"lazy\" src=\"https:\/\/drive.google.com\/file\/d\/183PlIrLAlC7kVIaeOXRnU_uyp_wCn0pS\/preview\" width=\"640\" height=\"480\"><\/iframe><\/p>\n<p><strong>Oferta de 1\u00ba del Ciclo Formativo de Grado superior en Integraci\u00f3n Social:<\/strong><\/p>\n<p><iframe loading=\"lazy\" src=\"https:\/\/drive.google.com\/file\/d\/1j6B0rc32uppMCUnRlf_Y9qQDSpRt7_9-\/preview\" width=\"640\" height=\"480\"><\/iframe><\/p>\n<p>&nbsp;<\/p>\n","protected":false},"excerpt":{"rendered":"<p>A\u00d1O ACAD\u00c9MICO 2025 \/ 2026 22 DE JULIO DE 2025 SEGUNDA ADJUDICACI\u00d3N DE OFERTA COMPLETA CICLOS FORMATIVOS IES VIRGEN DEL COLLADO PARA 2025\/2026. 1\u00ba GDCFGM Atenci\u00f3n a Personas en Situaci\u00f3n de Dependencia. 1\u00ba GDCFGS Integraci\u00f3n Social. 1\u00ba GDCFGB Actividades Dom\u00e9sticas y Limpieza de Edificios. 16 DE JULIO DE 2025 RELACI\u00d3N DEFINITIVA DE SOLICITANTES DE SEGUNDO &hellip; <a href=\"https:\/\/blogsaverroes.juntadeandalucia.es\/iesvirgendelcollado\/admision-ciclos-fp\/\" class=\"more-link\">Seguir leyendo <span class=\"screen-reader-text\">Resultados Adjudicaci\u00f3n CICLOS FP<\/span> <span class=\"meta-nav\">&rarr;<\/span><\/a><\/p>\n","protected":false},"author":10578,"featured_media":0,"parent":0,"menu_order":0,"comment_status":"closed","ping_status":"closed","template":"","meta":{"ngg_post_thumbnail":0,"footnotes":"","_mc_calendar":[]},"aioseo_notices":[],"_links":{"self":[{"href":"https:\/\/blogsaverroes.juntadeandalucia.es\/iesvirgendelcollado\/wp-json\/wp\/v2\/pages\/4733"}],"collection":[{"href":"https:\/\/blogsaverroes.juntadeandalucia.es\/iesvirgendelcollado\/wp-json\/wp\/v2\/pages"}],"about":[{"href":"https:\/\/blogsaverroes.juntadeandalucia.es\/iesvirgendelcollado\/wp-json\/wp\/v2\/types\/page"}],"author":[{"embeddable":true,"href":"https:\/\/blogsaverroes.juntadeandalucia.es\/iesvirgendelcollado\/wp-json\/wp\/v2\/users\/10578"}],"replies":[{"embeddable":true,"href":"https:\/\/blogsaverroes.juntadeandalucia.es\/iesvirgendelcollado\/wp-json\/wp\/v2\/comments?post=4733"}],"version-history":[{"count":31,"href":"https:\/\/blogsaverroes.juntadeandalucia.es\/iesvirgendelcollado\/wp-json\/wp\/v2\/pages\/4733\/revisions"}],"predecessor-version":[{"id":6075,"href":"https:\/\/blogsaverroes.juntadeandalucia.es\/iesvirgendelcollado\/wp-json\/wp\/v2\/pages\/4733\/revisions\/6075"}],"wp:attachment":[{"href":"https:\/\/blogsaverroes.juntadeandalucia.es\/iesvirgendelcollado\/wp-json\/wp\/v2\/media?parent=4733"}],"curies":[{"name":"wp","href":"https:\/\/api.w.org\/{rel}","templated":true}]}}

Resultados Adjudicación CICLOS FP

<p><strong><span style="color: #0000ff">AÑO ACADÉMICO 2025 / 2026</span></strong></p>
<p><span style="color: #3366ff"><strong>22 DE JULIO DE 2025</strong></span></p>
<p><strong><span style="color: #3366ff">SEGUNDA ADJUDICACIÓN DE OFERTA COMPLETA CICLOS FORMATIVOS IES VIRGEN DEL COLLADO PARA 2025/2026.</span></strong></p>
<p><strong>1º GDCFGM Atención a Personas en Situación de Dependencia.</strong></p>
<p><iframe loading="lazy" src="https://drive.google.com/file/d/1JH90WrU8PzSxx9g3ORbbHZX56xUcN4w0/preview" width="640" height="480"></iframe></p>
<hr>
<p><strong>1º GDCFGS Integración Social.</strong></p>
<p><iframe loading="lazy" src="https://drive.google.com/file/d/1LsQUdPzLux6NKuq6eb8S4T_xot4fIut_/preview" width="640" height="480"></iframe></p>
<hr>
<p><strong>1º GDCFGB Actividades Domésticas y Limpieza de Edificios.</strong></p>
<p><iframe loading="lazy" src="https://drive.google.com/file/d/1H2XA4lE4Zbk-jjFvhoGKqg_z_Rr3gw3g/preview" width="640" height="480"></iframe></p>
<p><span style="color: #0000ff"><strong>16 DE JULIO DE 2025</strong></span></p>
<p><strong>RELACIÓN DEFINITIVA DE SOLICITANTES DE SEGUNDO CURSO DE CICLO FORMATIVO DE GRADO SUPERIOR EN ATENCIÓN A PERSONAS EN SITUACIÓN DE DEPENDENCIA:</strong></p>
<p><iframe loading="lazy" src="https://drive.google.com/file/d/1OglQwhBIGhU6j2s_PQCZj94TtWnen5af/preview" width="640" height="480"></iframe></p>
<p><strong>RELACIÓN DEFINITIVA DE SOLICITANTES DE SEGUNDO CURSO DE CICLO FORMATIVO DE GRADO SUPERIOR EN INTEGRACIÓN SOCIAL</strong><strong>:</strong></p>
<p><iframe loading="lazy" src="https://drive.google.com/file/d/1QjssDBXKnLjvqqCW7tjRdfy_jbPUm3Qz/preview" width="640" height="480"></iframe></p>
<hr>
<p><span style="color: #0000ff"><strong>11 JULIO 2025</strong></span></p>
<p><strong><span style="color: #0000ff">PRIMERA ADJUDICACIÓN DE SOLICITANTES DE OFERTA COMPLETA CICLOS FORMATIVOS IES VIRGEN DEL COLLADO PARA 2025/2026.</span></strong></p>
<p><strong>PRIMERA ADJUDICACIÓN DE SOLICITANTES DE CICLOS FORMATIVOS DE GRADO BÁSICO en el IES Virgen del Collado para el curso 2025/2026. </strong></p>
<p><strong>1º GDCFGB Actividades Domésticas y Limpieza de Edificios.</strong></p>
<p><iframe loading="lazy" src="https://drive.google.com/file/d/1i7Y0D5qhkWi92Oid3Xu2U-ptCYnF9K8p/preview" width="640" height="480"></iframe></p>
<p><strong>PRIMERA ADJUDICACIÓN DE SOLICITANTES DE OFERTA COMPLETA DE CICLOS FORMATIVOS DE GRADO MEDIO&nbsp; en el IES Virgen del Collado para el curso 2025/2026. </strong></p>
<p><strong>1º GDCFGM Atención a Personas en Situación de Dependencia.</strong></p>
<p><iframe loading="lazy" src="https://drive.google.com/file/d/1LR6WDA_PSknZtzVj0EaPf2rgtWCqO8Zw/preview" width="640" height="480"></iframe></p>
<p><strong>PRIMERA ADJUDICACIÓN DE SOLICITANTES DE OFERTA COMPLETA DE CICLOS FORMATIVOS DE GRADO SUPERIO&nbsp;en el IES Virgen del Collado para el curso 2025/2026. </strong></p>
<p><strong>1º GDCFGS Integración Social.</strong></p>
<p><iframe loading="lazy" src="https://drive.google.com/file/d/1-3GWVXTwK7Fnz9whrxqbsqaPDBANdhzk/preview" width="640" height="480"></iframe></p>
<p><strong><span style="color: #0000ff">RELACIÓN PROVISIONAL DE SOLICITANTES DE CICLOS FORMATIVOS</span></strong></p>
<p><strong><span style="color: #0000ff">10 JULIO 2025</span></strong></p>
<p><strong>RELACIÓN DEFINITIVA DE SOLICITANTES DE FORMACIÓN PROFESIONAL BÁSICA en el IES Virgen del Collado para el curso 2025/2026. </strong></p>
<p><strong>1º GDCFGB Actividades Domésticas y Limpieza de Edificios.</strong></p>
<p><iframe loading="lazy" src="https://drive.google.com/file/d/1Y4bzOsjnb9MBkIDiqVzEygeoMPsIA_98/preview" width="640" height="480"></iframe></p>
<p><strong>RELACIÓN DEFINITIVA DE SOLICITANTES DE CFGM&nbsp; (Procedimiento ordinario) en el IES Virgen del Collado para el curso 2025/2026. </strong></p>
<p><strong>1º GDCFGM Atención a Personas en Situación de Dependencia.</strong></p>
<p><iframe loading="lazy" src="https://drive.google.com/file/d/1PbhBbP9-vwHWeCvj7TAIUMJGHj0Ygavd/preview" width="640" height="480"></iframe></p>
<p><strong>RELACIÓN DEFINITIVA DE SOLICITANTES DE CFGS&nbsp; (Procedimiento ordinario) en el IES Virgen del Collado para el curso 2025/2026. </strong></p>
<p><strong>1º GDCFGS Integración Social.</strong></p>
<p><iframe loading="lazy" src="https://drive.google.com/file/d/1CC0fD0ggrOkvGu4aHvudTrZtjQFZy9ao/preview" width="640" height="480"></iframe></p>
<hr>
<p><strong><span style="color: #0000ff">RELACIÓN PROVISIONAL DE SOLICITANTES DE CICLOS FORMATIVOS</span></strong></p>
<p><span style="color: #0000ff"><strong>03 DE JULIO DE 2025</strong></span></p>
<p><strong>RELACIÓN PROVISIONAL DE SOLICITANTES DE FORMACIÓN PROFESIONAL BÁSICA en el IES Virgen del Collado para el curso 2025/2026. 1º GDCFGB Actividades Domésticas y Limpieza de Edificios.</strong></p>
<p><iframe loading="lazy" src="https://drive.google.com/file/d/1BVyDStJVM__af87AV2p5FKj5kBWNHYGy/preview" width="640" height="480"></iframe></p>
<p><strong>RELACIÓN PROVISIONAL DE SOLICITANTES DE CFGM&nbsp; (Procedimiento ordinario) en el IES Virgen del Collado para el curso 2025/2026. 1º GDCFGM Atención a Personas en Situación de Dependencia.</strong></p>
<p><iframe loading="lazy" src="https://drive.google.com/file/d/1XDgaLV2Uwn3Eys7dws69ru6TqL5gHorz/preview" width="640" height="480"></iframe></p>
<p><strong>RELACIÓN PROVISIONAL DE SOLICITANTES DE CFGS&nbsp; (Procedimiento ordinario) en el IES Virgen del Collado para el curso 2025/2026. 1º GDCFGS Integración Social.</strong></p>
<p><iframe loading="lazy" src="https://drive.google.com/file/d/1_9uVgNz7xxbG-og0J4ftSjjo62SpDJFr/preview" width="640" height="480"></iframe></p>
<hr>
<p><span style="color: #0000ff"><strong>08 DE JULIO DE 2025</strong></span></p>
<p><strong>RELACIÓN PROVISIONAL DE SOLICITANTES DE SEGUNDO CURSO DE CICLO FORMATIVO DE GRADO MEDIO EN ATENCIÓN A PERSONA</strong><strong>S EN SITUACIÓN DE DEPENDENCIA:</strong></p>
<p><iframe loading="lazy" src="https://drive.google.com/file/d/1BzjfL8cOVtIq8rtwXl-WDYNYbzee0Cyg/preview" width="640" height="480"></iframe></p>
<p><strong>RELACIÓN PROVISIONAL DE SOLICITANTES DE SEGUNDO CURSO DE CICLOS FORMATIVOS DE GRADO SUPERIOR EN INTEGRACIÓN SOCIAL:</strong></p>
<p><iframe loading="lazy" src="https://drive.google.com/file/d/1TAcmKCWvzIdXdMIqVwbGc56zG7ysY8aU/preview" width="640" height="480"></iframe></p>
<hr>
<p><strong><span style="color: #0000ff">OFERTA DE 1º EN CICLOS FORMATIVOS EN EL IES VIRGEN DEL COLLADO PARA EL CURSO 2025/2026.</span></strong></p>
<p><span style="color: #0000ff"><strong>17 de junio de 2025.</strong></span></p>
<p><strong>Oferta de 1º de Formación Profesional Básica Actividades Domésticas y Limpieza de Edificios:</strong></p>
<p><iframe loading="lazy" src="https://drive.google.com/file/d/16orDrf3BXL0D73RhJwai1osjKwFNn-Bl/preview" width="640" height="480"></iframe></p>
<p><strong>Oferta de 1º del Ciclo Formativo de Grado Medio de Atención a Personas en Situación de Dependencia:</strong></p>
<p><iframe loading="lazy" src="https://drive.google.com/file/d/183PlIrLAlC7kVIaeOXRnU_uyp_wCn0pS/preview" width="640" height="480"></iframe></p>
<p><strong>Oferta de 1º del Ciclo Formativo de Grado superior en Integración Social:</strong></p>
<p><iframe loading="lazy" src="https://drive.google.com/file/d/1j6B0rc32uppMCUnRlf_Y9qQDSpRt7_9-/preview" width="640" height="480"></iframe></p>
<p>&nbsp;</p>

<p>AÑO ACADÉMICO 2025 / 2026 22 DE JULIO DE 2025 SEGUNDA ADJUDICACIÓN DE OFERTA COMPLETA CICLOS FORMATIVOS IES VIRGEN DEL COLLADO PARA 2025/2026. 1º GDCFGM Atención a Personas en Situación de Dependencia. 1º GDCFGS Integración Social. 1º GDCFGB Actividades Domésticas y Limpieza de Edificios. 16 DE JULIO DE 2025 RELACIÓN DEFINITIVA DE SOLICITANTES DE SEGUNDO &hellip; <a href="https://blogsaverroes.juntadeandalucia.es/iesvirgendelcollado/admision-ciclos-fp/" class="more-link">Seguir leyendo <span class="screen-reader-text">Resultados Adjudicación CICLOS FP</span> <span class="meta-nav">&rarr;</span></a></p>
