{"id":5099,"date":"2023-10-25T22:54:52","date_gmt":"2023-10-25T20:54:52","guid":{"rendered":"https:\/\/blogsaverroes.juntadeandalucia.es\/iesvirgendelcollado\/?page_id=5099"},"modified":"2025-07-08T19:33:00","modified_gmt":"2025-07-08T17:33:00","slug":"proyecto-interdisciplinar","status":"publish","type":"page","link":"https:\/\/blogsaverroes.juntadeandalucia.es\/iesvirgendelcollado\/departamentos-y-programaciones\/proyecto-interdisciplinar\/","title":{"rendered":"Proyecto Interdisciplinar"},"content":{"rendered":"<p>Los alumnos y alumnas de 1\u00ba a 4\u00ba ESO cursar\u00e1n una materia optativa propia de la comunidad que podr\u00e1 configurarse como un trabajo monogr\u00e1fico o un proyecto de colaboraci\u00f3n con un servicio de la comunidad. Todo ello, para garantizar el desarrollo integrado de todas las competencias de la etapa y la incorporaci\u00f3n de los principios pedag\u00f3gicos recogidos en el art\u00edculo 6 del Real Decreto 217\/2022, de 29 de marzo. A esta materia se le denominar\u00e1 Proyecto Interdisciplinar.<\/p>\n<p>Los proyectos interdisciplinares tienen un car\u00e1cter eminentemente pr\u00e1ctico configurados buscando la continuidad y coherencia entre ellos, de manera que se adapten a las caracter\u00edsticas del contexto,<br \/>\ny a las necesidades del alumnado durante los cuatro cursos de ESO.<\/p>\n<p><a href=\"https:\/\/drive.google.com\/file\/d\/1GlVIfBQRV5y6j1F-o1LdK5pBLFH2cg2Q\/view?usp=sharing\" target=\"_blank\" rel=\"noopener\"><span style=\"text-decoration: underline\"><span style=\"color: #0000ff\"><em>Proyecto interdisciplinar Competencias Digitales 1\u00ba ESO.<\/em><\/span><\/span><\/a><\/p>\n<p><a href=\"https:\/\/drive.google.com\/file\/d\/1yVkUW_QISHklvkILbSF25TVUvqiS2GUN\/view?usp=sharing\" target=\"_blank\" rel=\"noopener\"><span style=\"text-decoration: underline\"><span style=\"color: #0000ff\"><em>Proyecto interdisciplinar Competencias Digitales 2\u00ba ESO.<\/em><\/span><\/span><\/a><\/p>\n<p><span style=\"text-decoration: underline\"><em><span style=\"color: #0000ff\"><a style=\"color: #0000ff;text-decoration: underline\" href=\"https:\/\/drive.google.com\/file\/d\/1TWffvzlpRyxFq2kDRrXxcHiSy15fERly\/view?usp=sharing\" target=\"_blank\" rel=\"noopener\">Enlace al Proyecto Interdisciplinar IESVCollado para trabajar de 3\u00ba a 4\u00ba ESO.<\/a><\/span><\/em><\/span><\/p>\n<p><iframe loading=\"lazy\" src=\"https:\/\/drive.google.com\/file\/d\/1TWffvzlpRyxFq2kDRrXxcHiSy15fERly\/preview\" width=\"640\" height=\"480\"><\/iframe><\/p>\n","protected":false},"excerpt":{"rendered":"<p>Los alumnos y alumnas de 1\u00ba a 4\u00ba ESO cursar\u00e1n una materia optativa propia de la comunidad que podr\u00e1 configurarse como un trabajo monogr\u00e1fico o un proyecto de colaboraci\u00f3n con un servicio de la comunidad. Todo ello, para garantizar el desarrollo integrado de todas las competencias de la etapa y la incorporaci\u00f3n de los principios &hellip; <a href=\"https:\/\/blogsaverroes.juntadeandalucia.es\/iesvirgendelcollado\/departamentos-y-programaciones\/proyecto-interdisciplinar\/\" class=\"more-link\">Seguir leyendo <span class=\"screen-reader-text\">Proyecto Interdisciplinar<\/span> <span class=\"meta-nav\">&rarr;<\/span><\/a><\/p>\n","protected":false},"author":10578,"featured_media":0,"parent":4078,"menu_order":0,"comment_status":"closed","ping_status":"closed","template":"","meta":{"ngg_post_thumbnail":0,"footnotes":"","_mc_calendar":[]},"aioseo_notices":[],"_links":{"self":[{"href":"https:\/\/blogsaverroes.juntadeandalucia.es\/iesvirgendelcollado\/wp-json\/wp\/v2\/pages\/5099"}],"collection":[{"href":"https:\/\/blogsaverroes.juntadeandalucia.es\/iesvirgendelcollado\/wp-json\/wp\/v2\/pages"}],"about":[{"href":"https:\/\/blogsaverroes.juntadeandalucia.es\/iesvirgendelcollado\/wp-json\/wp\/v2\/types\/page"}],"author":[{"embeddable":true,"href":"https:\/\/blogsaverroes.juntadeandalucia.es\/iesvirgendelcollado\/wp-json\/wp\/v2\/users\/10578"}],"replies":[{"embeddable":true,"href":"https:\/\/blogsaverroes.juntadeandalucia.es\/iesvirgendelcollado\/wp-json\/wp\/v2\/comments?post=5099"}],"version-history":[{"count":5,"href":"https:\/\/blogsaverroes.juntadeandalucia.es\/iesvirgendelcollado\/wp-json\/wp\/v2\/pages\/5099\/revisions"}],"predecessor-version":[{"id":6056,"href":"https:\/\/blogsaverroes.juntadeandalucia.es\/iesvirgendelcollado\/wp-json\/wp\/v2\/pages\/5099\/revisions\/6056"}],"up":[{"embeddable":true,"href":"https:\/\/blogsaverroes.juntadeandalucia.es\/iesvirgendelcollado\/wp-json\/wp\/v2\/pages\/4078"}],"wp:attachment":[{"href":"https:\/\/blogsaverroes.juntadeandalucia.es\/iesvirgendelcollado\/wp-json\/wp\/v2\/media?parent=5099"}],"curies":[{"name":"wp","href":"https:\/\/api.w.org\/{rel}","templated":true}]}}

<p>Los alumnos y alumnas de 1º a 4º ESO cursarán una materia optativa propia de la comunidad que podrá configurarse como un trabajo monográfico o un proyecto de colaboración con un servicio de la comunidad. Todo ello, para garantizar el desarrollo integrado de todas las competencias de la etapa y la incorporación de los principios pedagógicos recogidos en el artículo 6 del Real Decreto 217/2022, de 29 de marzo. A esta materia se le denominará Proyecto Interdisciplinar.</p>
<p>Los proyectos interdisciplinares tienen un carácter eminentemente práctico configurados buscando la continuidad y coherencia entre ellos, de manera que se adapten a las características del contexto,<br />
y a las necesidades del alumnado durante los cuatro cursos de ESO.</p>
<p><a href="https://drive.google.com/file/d/1GlVIfBQRV5y6j1F-o1LdK5pBLFH2cg2Q/view?usp=sharing" target="_blank" rel="noopener"><span style="text-decoration: underline"><span style="color: #0000ff"><em>Proyecto interdisciplinar Competencias Digitales 1º ESO.</em></span></span></a></p>
<p><a href="https://drive.google.com/file/d/1yVkUW_QISHklvkILbSF25TVUvqiS2GUN/view?usp=sharing" target="_blank" rel="noopener"><span style="text-decoration: underline"><span style="color: #0000ff"><em>Proyecto interdisciplinar Competencias Digitales 2º ESO.</em></span></span></a></p>
<p><span style="text-decoration: underline"><em><span style="color: #0000ff"><a style="color: #0000ff;text-decoration: underline" href="https://drive.google.com/file/d/1TWffvzlpRyxFq2kDRrXxcHiSy15fERly/view?usp=sharing" target="_blank" rel="noopener">Enlace al Proyecto Interdisciplinar IESVCollado para trabajar de 3º a 4º ESO.</a></span></em></span></p>
<p><iframe loading="lazy" src="https://drive.google.com/file/d/1TWffvzlpRyxFq2kDRrXxcHiSy15fERly/preview" width="640" height="480"></iframe></p>

<p>Los alumnos y alumnas de 1º a 4º ESO cursarán una materia optativa propia de la comunidad que podrá configurarse como un trabajo monográfico o un proyecto de colaboración con un servicio de la comunidad. Todo ello, para garantizar el desarrollo integrado de todas las competencias de la etapa y la incorporación de los principios &hellip; <a href="https://blogsaverroes.juntadeandalucia.es/iesvirgendelcollado/departamentos-y-programaciones/proyecto-interdisciplinar/" class="more-link">Seguir leyendo <span class="screen-reader-text">Proyecto Interdisciplinar</span> <span class="meta-nav">&rarr;</span></a></p>
