{"id":5245,"date":"2023-12-30T13:13:15","date_gmt":"2023-12-30T11:13:15","guid":{"rendered":"https:\/\/blogsaverroes.juntadeandalucia.es\/iesvirgendelcollado\/?page_id=5245"},"modified":"2026-02-12T14:56:11","modified_gmt":"2026-02-12T12:56:11","slug":"eso","status":"publish","type":"page","link":"https:\/\/blogsaverroes.juntadeandalucia.es\/iesvirgendelcollado\/eso\/","title":{"rendered":"ESO"},"content":{"rendered":"<p><a href=\"https:\/\/blogsaverroes.juntadeandalucia.es\/iesvirgendelcollado\/solicitud-de-titulacion\/\">Solicitud de titulaci\u00f3n<\/a><\/p>\n<p><a title=\"Instrucciones de 26 de enero de 2026 de la Direcci\u00f3n General de Ordenaci\u00f3n y Evaluaci\u00f3n Educativa, por las que se concretan determinados aspectos relacionados con la realizaci\u00f3n de la Evaluaci\u00f3n de diagn\u00f3stico para el curso acad\u00e9mico 2025\/2026.\" href=\"https:\/\/www.juntadeandalucia.es\/educacion\/portales\/web\/educacion\/w\/instrucciones-de-26-de-enero-de-2026-por-las-que-se-concretan-determinados-aspectos-relacionados-con-la-realizacion-de-la-evaluacion-de-diagnostico-para-el-curso-academico-2025-2026?redirect=%2Feducacion%2Fportales%2F\" target=\"_blank\" rel=\"noopener\">Instrucciones de 26 de enero de 2026 de la Direcci\u00f3n General de Ordenaci\u00f3n y Evaluaci\u00f3n Educativa, por las que se concretan determinados aspectos relacionados con la realizaci\u00f3n de la Evaluaci\u00f3n de diagn\u00f3stico para el curso acad\u00e9mico 2025\/2026.<\/a><\/p>\n<p><a title=\"Evaluaci\u00f3n, promoci\u00f3n y titulaci\u00f3n. Pruebas de Evaluaci\u00f3n de Diagn\u00f3stico.\" href=\"https:\/\/portals.ced.junta-andalucia.es\/educacion\/portals\/web\/evaluacion-educativa\/evaluacion-promocion-y-titulacion\" target=\"_blank\" rel=\"noopener\">Evaluaci\u00f3n, promoci\u00f3n y titulaci\u00f3n. Pruebas de Evaluaci\u00f3n de Diagn\u00f3stico.<\/a><\/p>\n","protected":false},"excerpt":{"rendered":"<p>Solicitud de titulaci\u00f3n Instrucciones de 26 de enero de 2026 de la Direcci\u00f3n General de Ordenaci\u00f3n y Evaluaci\u00f3n Educativa, por las que se concretan determinados aspectos relacionados con la realizaci\u00f3n de la Evaluaci\u00f3n de diagn\u00f3stico para el curso acad\u00e9mico 2025\/2026. Evaluaci\u00f3n, promoci\u00f3n y titulaci\u00f3n. Pruebas de Evaluaci\u00f3n de Diagn\u00f3stico.<\/p>\n","protected":false},"author":10578,"featured_media":0,"parent":0,"menu_order":0,"comment_status":"closed","ping_status":"closed","template":"","meta":{"ngg_post_thumbnail":0,"footnotes":"","_mc_calendar":[]},"aioseo_notices":[],"_links":{"self":[{"href":"https:\/\/blogsaverroes.juntadeandalucia.es\/iesvirgendelcollado\/wp-json\/wp\/v2\/pages\/5245"}],"collection":[{"href":"https:\/\/blogsaverroes.juntadeandalucia.es\/iesvirgendelcollado\/wp-json\/wp\/v2\/pages"}],"about":[{"href":"https:\/\/blogsaverroes.juntadeandalucia.es\/iesvirgendelcollado\/wp-json\/wp\/v2\/types\/page"}],"author":[{"embeddable":true,"href":"https:\/\/blogsaverroes.juntadeandalucia.es\/iesvirgendelcollado\/wp-json\/wp\/v2\/users\/10578"}],"replies":[{"embeddable":true,"href":"https:\/\/blogsaverroes.juntadeandalucia.es\/iesvirgendelcollado\/wp-json\/wp\/v2\/comments?post=5245"}],"version-history":[{"count":5,"href":"https:\/\/blogsaverroes.juntadeandalucia.es\/iesvirgendelcollado\/wp-json\/wp\/v2\/pages\/5245\/revisions"}],"predecessor-version":[{"id":6250,"href":"https:\/\/blogsaverroes.juntadeandalucia.es\/iesvirgendelcollado\/wp-json\/wp\/v2\/pages\/5245\/revisions\/6250"}],"wp:attachment":[{"href":"https:\/\/blogsaverroes.juntadeandalucia.es\/iesvirgendelcollado\/wp-json\/wp\/v2\/media?parent=5245"}],"curies":[{"name":"wp","href":"https:\/\/api.w.org\/{rel}","templated":true}]}}

<p><a href="https://blogsaverroes.juntadeandalucia.es/iesvirgendelcollado/solicitud-de-titulacion/">Solicitud de titulación</a></p>
<p><a title="Instrucciones de 26 de enero de 2026 de la Dirección General de Ordenación y Evaluación Educativa, por las que se concretan determinados aspectos relacionados con la realización de la Evaluación de diagnóstico para el curso académico 2025/2026." href="https://www.juntadeandalucia.es/educacion/portales/web/educacion/w/instrucciones-de-26-de-enero-de-2026-por-las-que-se-concretan-determinados-aspectos-relacionados-con-la-realizacion-de-la-evaluacion-de-diagnostico-para-el-curso-academico-2025-2026?redirect=%2Feducacion%2Fportales%2F" target="_blank" rel="noopener">Instrucciones de 26 de enero de 2026 de la Dirección General de Ordenación y Evaluación Educativa, por las que se concretan determinados aspectos relacionados con la realización de la Evaluación de diagnóstico para el curso académico 2025/2026.</a></p>
<p><a title="Evaluación, promoción y titulación. Pruebas de Evaluación de Diagnóstico." href="https://portals.ced.junta-andalucia.es/educacion/portals/web/evaluacion-educativa/evaluacion-promocion-y-titulacion" target="_blank" rel="noopener">Evaluación, promoción y titulación. Pruebas de Evaluación de Diagnóstico.</a></p>

<p>Solicitud de titulación Instrucciones de 26 de enero de 2026 de la Dirección General de Ordenación y Evaluación Educativa, por las que se concretan determinados aspectos relacionados con la realización de la Evaluación de diagnóstico para el curso académico 2025/2026. Evaluación, promoción y titulación. Pruebas de Evaluación de Diagnóstico.</p>
