{"id":5277,"date":"2024-01-24T11:14:40","date_gmt":"2024-01-24T09:14:40","guid":{"rendered":"https:\/\/blogsaverroes.juntadeandalucia.es\/iesvirgendelcollado\/?page_id=5277"},"modified":"2024-01-26T19:37:48","modified_gmt":"2024-01-26T17:37:48","slug":"recursos-educativos","status":"publish","type":"page","link":"https:\/\/blogsaverroes.juntadeandalucia.es\/iesvirgendelcollado\/recursos-educativos\/","title":{"rendered":"Recursos Educativos"},"content":{"rendered":"<p>La Consejer\u00eda de Desarrollo Educativo y Formaci\u00f3n Profesional presenta&nbsp;el #ProyectoREADUAAndaluc\u00eda, conformado por m\u00e1s de 250 recursos educativos abiertos (REA) de distintas materias de Primaria, Secundaria y Bachillerato.<\/p>\n<p>Estos recursos giran en torno a situaciones de aprendizaje en las cuales el alumnado adquiere y desarrolla&nbsp;las competencias espec\u00edficas de cada \u00e1rea o materia.<\/p>\n<p>Sus gu\u00edas did\u00e1cticas justifican la situaci\u00f3n de aprendizaje propuesta, el reto que el alumnado debe alcanzar, el producto final que tiene que desarrollar, la concreci\u00f3n curricular, la secuencia did\u00e1ctica, y la explicitaci\u00f3n de las pautas DUA, multinivelaci\u00f3n y procesos cognitivos elegidos en cada actividad en las que se materializa la secuencia, para favorecer la atenci\u00f3n a la diversidad del alumnado, as\u00ed como los criterios de evaluaci\u00f3n de las competencias espec\u00edficas que permite evaluar y los instrumentos que facilita dicha evaluaci\u00f3n.<\/p>\n<p><a title=\"CREA&nbsp;Contenidos y Recursos Educativos de Andaluc\u00eda\" href=\"https:\/\/www.juntadeandalucia.es\/educacion\/permanente\/materiales\/\" target=\"_blank\" rel=\"noopener noreferrer\">CREA&nbsp;Contenidos y Recursos Educativos de Andaluc\u00eda<\/a><\/p>\n<p><a title=\"ENLACE a Proyecto REA Recursos Educativos Abiertos\" href=\"https:\/\/www.juntadeandalucia.es\/educacion\/portals\/web\/transformacion-digital-educativa\/rea\" target=\"_blank\" rel=\"noopener noreferrer\">ENLACE a Proyecto REA Recursos Educativos Abiertos<\/a><\/p>\n<p><a title=\"Materiales Aula Virtual Materiales de la Familia Profesional: SERVICIOS SOCIOCULTURALES Y A LA COMUNIDAD\" href=\"https:\/\/educacionadistancia.juntadeandalucia.es\/aulavirtual\/course\/index.php?categoryid=54\" target=\"_blank\" rel=\"noopener noreferrer\">Materiales Aula Virtual Materiales de la Familia Profesional: SERVICIOS SOCIOCULTURALES Y A LA COMUNIDAD<\/a><\/p>\n<hr>\n<p><a title=\"INTEF. Situaciones de Aprendizaje.\" href=\"https:\/\/intef.es\/recursos-educativos\/situaciones-aprendizaje\/\" target=\"_blank\" rel=\"noopener noreferrer\">INTEF. Situaciones de Aprendizaje. SdA.<\/a><\/p>\n<p><a title=\"INTEF. REA y DUA: Educaci\u00f3n para ti, para m\u00ed, para todos\" href=\"https:\/\/cedec.intef.es\/rea-y-dua-educacion-para-ti-para-mi-para-todos\/\" target=\"_blank\" rel=\"noopener noreferrer\">INTEF. REA y DUA: Educaci\u00f3n para ti, para m\u00ed, para todos<\/a><\/p>\n<p>Actualmente, existen varios proyectos destacados de creaci\u00f3n de <strong>Recursos Educativos Abiertos (REA)<\/strong>, que nos ofrecen material de calidad para utilizar en nuestras aulas:<\/p>\n<ul>\n<li><a href=\"http:\/\/cedec.intef.es\/recursos\" target=\"_blank\" rel=\"noopener noreferrer\">Proyecto EDIA<\/a>&nbsp;(Educativo, Digital, Innovador y Abierto) es un proyecto desarrollado por el&nbsp;<a href=\"http:\/\/cedec.intef.es\/conocenos\" target=\"_blank\" rel=\"noopener noreferrer\">CeDeC,<\/a>&nbsp;nos ofrece un banco de contenidos educativos para Primaria, Secundaria, Bachillerato y Formaci\u00f3n Profesional. Se trata de recursos educativos abiertos curricularmente referenciados y que ofrecen propuestas innovadoras a trav\u00e9s de din\u00e1micas de transformaci\u00f3n digital y metodol\u00f3gica en los centros para mejorar el aprendizaje de los alumnos y promover nuevos modelos de centro educativo.<\/li>\n<li><a href=\"https:\/\/emtic.educarex.es\/proyectocrea\" target=\"_blank\" rel=\"noopener noreferrer\">Proyecto CREA<\/a>&nbsp;(Creaci\u00f3n de Recursos Educativos Abiertos) es una iniciativa de la Consejer\u00eda de Educaci\u00f3n y Empleo de la Junta de Extremadura que tiene como objetivo proporcionar a la comunidad educativa un conjunto de recursos educativos abiertos (REA) que den respuesta a la diversidad de aprendizajes del aula, mediante la incorporaci\u00f3n sistem\u00e1tica de metodolog\u00edas activas, el dise\u00f1o universal para el aprendizaje y la generaci\u00f3n de materiales y recursos complementarios que mejoren el rendimiento de nuestro alumnado.<\/li>\n<li><a href=\"https:\/\/www.ceibal.edu.uy\/es\/rea\" target=\"_blank\" rel=\"noopener noreferrer\">Plan Ceibal.<\/a> Plan Ceibal se cre\u00f3 en 2007 como un plan de inclusi\u00f3n e igualdad de oportunidades con el objetivo de apoyar con tecnolog\u00eda las pol\u00edticas educativas uruguayas. Provee un conjunto de programas, recursos educativos y capacitaci\u00f3n docente que transformar las maneras de ense\u00f1ar y aprender.<\/li>\n<\/ul>\n<hr>\n<p>&nbsp;<\/p>\n","protected":false},"excerpt":{"rendered":"<p>La Consejer\u00eda de Desarrollo Educativo y Formaci\u00f3n Profesional presenta&nbsp;el #ProyectoREADUAAndaluc\u00eda, conformado por m\u00e1s de 250 recursos educativos abiertos (REA) de distintas materias de Primaria, Secundaria y Bachillerato. Estos recursos giran en torno a situaciones de aprendizaje en las cuales el alumnado adquiere y desarrolla&nbsp;las competencias espec\u00edficas de cada \u00e1rea o materia. Sus gu\u00edas did\u00e1cticas justifican &hellip; <a href=\"https:\/\/blogsaverroes.juntadeandalucia.es\/iesvirgendelcollado\/recursos-educativos\/\" class=\"more-link\">Seguir leyendo <span class=\"screen-reader-text\">Recursos Educativos<\/span> <span class=\"meta-nav\">&rarr;<\/span><\/a><\/p>\n","protected":false},"author":10578,"featured_media":0,"parent":0,"menu_order":0,"comment_status":"closed","ping_status":"closed","template":"","meta":{"ngg_post_thumbnail":0,"footnotes":"","_mc_calendar":[]},"aioseo_notices":[],"_links":{"self":[{"href":"https:\/\/blogsaverroes.juntadeandalucia.es\/iesvirgendelcollado\/wp-json\/wp\/v2\/pages\/5277"}],"collection":[{"href":"https:\/\/blogsaverroes.juntadeandalucia.es\/iesvirgendelcollado\/wp-json\/wp\/v2\/pages"}],"about":[{"href":"https:\/\/blogsaverroes.juntadeandalucia.es\/iesvirgendelcollado\/wp-json\/wp\/v2\/types\/page"}],"author":[{"embeddable":true,"href":"https:\/\/blogsaverroes.juntadeandalucia.es\/iesvirgendelcollado\/wp-json\/wp\/v2\/users\/10578"}],"replies":[{"embeddable":true,"href":"https:\/\/blogsaverroes.juntadeandalucia.es\/iesvirgendelcollado\/wp-json\/wp\/v2\/comments?post=5277"}],"version-history":[{"count":11,"href":"https:\/\/blogsaverroes.juntadeandalucia.es\/iesvirgendelcollado\/wp-json\/wp\/v2\/pages\/5277\/revisions"}],"predecessor-version":[{"id":5292,"href":"https:\/\/blogsaverroes.juntadeandalucia.es\/iesvirgendelcollado\/wp-json\/wp\/v2\/pages\/5277\/revisions\/5292"}],"wp:attachment":[{"href":"https:\/\/blogsaverroes.juntadeandalucia.es\/iesvirgendelcollado\/wp-json\/wp\/v2\/media?parent=5277"}],"curies":[{"name":"wp","href":"https:\/\/api.w.org\/{rel}","templated":true}]}}

<p>La Consejería de Desarrollo Educativo y Formación Profesional presenta&nbsp;el #ProyectoREADUAAndalucía, conformado por más de 250 recursos educativos abiertos (REA) de distintas materias de Primaria, Secundaria y Bachillerato.</p>
<p>Estos recursos giran en torno a situaciones de aprendizaje en las cuales el alumnado adquiere y desarrolla&nbsp;las competencias específicas de cada área o materia.</p>
<p>Sus guías didácticas justifican la situación de aprendizaje propuesta, el reto que el alumnado debe alcanzar, el producto final que tiene que desarrollar, la concreción curricular, la secuencia didáctica, y la explicitación de las pautas DUA, multinivelación y procesos cognitivos elegidos en cada actividad en las que se materializa la secuencia, para favorecer la atención a la diversidad del alumnado, así como los criterios de evaluación de las competencias específicas que permite evaluar y los instrumentos que facilita dicha evaluación.</p>
<p><a title="CREA&nbsp;Contenidos y Recursos Educativos de Andalucía" href="https://www.juntadeandalucia.es/educacion/permanente/materiales/" target="_blank" rel="noopener noreferrer">CREA&nbsp;Contenidos y Recursos Educativos de Andalucía</a></p>
<p><a title="ENLACE a Proyecto REA Recursos Educativos Abiertos" href="https://www.juntadeandalucia.es/educacion/portals/web/transformacion-digital-educativa/rea" target="_blank" rel="noopener noreferrer">ENLACE a Proyecto REA Recursos Educativos Abiertos</a></p>
<p><a title="Materiales Aula Virtual Materiales de la Familia Profesional: SERVICIOS SOCIOCULTURALES Y A LA COMUNIDAD" href="https://educacionadistancia.juntadeandalucia.es/aulavirtual/course/index.php?categoryid=54" target="_blank" rel="noopener noreferrer">Materiales Aula Virtual Materiales de la Familia Profesional: SERVICIOS SOCIOCULTURALES Y A LA COMUNIDAD</a></p>
<hr>
<p><a title="INTEF. Situaciones de Aprendizaje." href="https://intef.es/recursos-educativos/situaciones-aprendizaje/" target="_blank" rel="noopener noreferrer">INTEF. Situaciones de Aprendizaje. SdA.</a></p>
<p><a title="INTEF. REA y DUA: Educación para ti, para mí, para todos" href="https://cedec.intef.es/rea-y-dua-educacion-para-ti-para-mi-para-todos/" target="_blank" rel="noopener noreferrer">INTEF. REA y DUA: Educación para ti, para mí, para todos</a></p>
<p>Actualmente, existen varios proyectos destacados de creación de <strong>Recursos Educativos Abiertos (REA)</strong>, que nos ofrecen material de calidad para utilizar en nuestras aulas:</p>
<ul>
<li><a href="http://cedec.intef.es/recursos" target="_blank" rel="noopener noreferrer">Proyecto EDIA</a>&nbsp;(Educativo, Digital, Innovador y Abierto) es un proyecto desarrollado por el&nbsp;<a href="http://cedec.intef.es/conocenos" target="_blank" rel="noopener noreferrer">CeDeC,</a>&nbsp;nos ofrece un banco de contenidos educativos para Primaria, Secundaria, Bachillerato y Formación Profesional. Se trata de recursos educativos abiertos curricularmente referenciados y que ofrecen propuestas innovadoras a través de dinámicas de transformación digital y metodológica en los centros para mejorar el aprendizaje de los alumnos y promover nuevos modelos de centro educativo.</li>
<li><a href="https://emtic.educarex.es/proyectocrea" target="_blank" rel="noopener noreferrer">Proyecto CREA</a>&nbsp;(Creación de Recursos Educativos Abiertos) es una iniciativa de la Consejería de Educación y Empleo de la Junta de Extremadura que tiene como objetivo proporcionar a la comunidad educativa un conjunto de recursos educativos abiertos (REA) que den respuesta a la diversidad de aprendizajes del aula, mediante la incorporación sistemática de metodologías activas, el diseño universal para el aprendizaje y la generación de materiales y recursos complementarios que mejoren el rendimiento de nuestro alumnado.</li>
<li><a href="https://www.ceibal.edu.uy/es/rea" target="_blank" rel="noopener noreferrer">Plan Ceibal.</a> Plan Ceibal se creó en 2007 como un plan de inclusión e igualdad de oportunidades con el objetivo de apoyar con tecnología las políticas educativas uruguayas. Provee un conjunto de programas, recursos educativos y capacitación docente que transformar las maneras de enseñar y aprender.</li>
</ul>
<hr>
<p>&nbsp;</p>

<p>La Consejería de Desarrollo Educativo y Formación Profesional presenta&nbsp;el #ProyectoREADUAAndalucía, conformado por más de 250 recursos educativos abiertos (REA) de distintas materias de Primaria, Secundaria y Bachillerato. Estos recursos giran en torno a situaciones de aprendizaje en las cuales el alumnado adquiere y desarrolla&nbsp;las competencias específicas de cada área o materia. Sus guías didácticas justifican &hellip; <a href="https://blogsaverroes.juntadeandalucia.es/iesvirgendelcollado/recursos-educativos/" class="more-link">Seguir leyendo <span class="screen-reader-text">Recursos Educativos</span> <span class="meta-nav">&rarr;</span></a></p>
