{"id":5525,"date":"2024-06-17T10:00:35","date_gmt":"2024-06-17T08:00:35","guid":{"rendered":"https:\/\/blogsaverroes.juntadeandalucia.es\/iesvirgendelcollado\/?page_id=5525"},"modified":"2024-11-14T15:04:50","modified_gmt":"2024-11-14T13:04:50","slug":"orientacion-3","status":"publish","type":"page","link":"https:\/\/blogsaverroes.juntadeandalucia.es\/iesvirgendelcollado\/orientacion-3\/","title":{"rendered":"Orientaci\u00f3n"},"content":{"rendered":"<p><span style=\"text-decoration: underline\"><a href=\"https:\/\/www.juntadeandalucia.es\/organismos\/inclusionsocialjuventudfamiliaseigualdad\/areas\/infancia-familias\/procedimiento-actuacion-simia.html\"><em>P\u00e1gina web con el Procedimiento de actuaci\u00f3n ante situaciones de riesgo y desamparo de la infancia y adolescencia en Andaluc\u00eda (SIMIA).<\/em><\/a><\/span><\/p>\n<hr>\n<p>Infograf\u00eda del programa de Bienestar Emocional en el \u00e1mbito educativo:<\/p>\n<p style=\"text-align: center\"><iframe loading=\"lazy\" src=\"https:\/\/drive.google.com\/file\/d\/10gIQRj-3aoM4ZzGSMtcqlE_6V3fXAH6M\/preview\" width=\"640\" height=\"480\"><\/iframe><\/p>\n<hr>\n<p><strong>PROTOCOLO ALUMNADO NEAE<\/strong><\/p>\n<p><em><span style=\"text-decoration: underline\"><a title=\"Instrucciones de 8 de marzo de 2017, de la Direcci\u00f3n General de Participaci\u00f3n y Equidad, por las que se actualiza el protocolo de detecci\u00f3n, identificaci\u00f3n del alumnado con necesidades espec\u00edficas de apoyo educativo y organizaci\u00f3n de la respuesta educativa.\" href=\"https:\/\/www.juntadeandalucia.es\/educacion\/portals\/web\/inspeccion-educativa\/normativa\/-\/normativas\/detalle\/instrucciones-de-8-de-marzo-de-2017-de-la-direccion-general-de-participacion-y-equidad-por-las-que-se-actualiza-el-1xr2aw1d841lt\" target=\"_blank\" rel=\"noopener\">Instrucciones de 8 de marzo de 2017, de la Direcci\u00f3n General de Participaci\u00f3n y Equidad, por las que se actualiza el protocolo de detecci\u00f3n, identificaci\u00f3n del alumnado con necesidades espec\u00edficas de apoyo educativo y organizaci\u00f3n de la respuesta educativa.<\/a><\/span><\/em><\/p>\n","protected":false},"excerpt":{"rendered":"<p>P\u00e1gina web con el Procedimiento de actuaci\u00f3n ante situaciones de riesgo y desamparo de la infancia y adolescencia en Andaluc\u00eda (SIMIA). Infograf\u00eda del programa de Bienestar Emocional en el \u00e1mbito educativo: PROTOCOLO ALUMNADO NEAE Instrucciones de 8 de marzo de 2017, de la Direcci\u00f3n General de Participaci\u00f3n y Equidad, por las que se actualiza el &hellip; <a href=\"https:\/\/blogsaverroes.juntadeandalucia.es\/iesvirgendelcollado\/orientacion-3\/\" class=\"more-link\">Seguir leyendo <span class=\"screen-reader-text\">Orientaci\u00f3n<\/span> <span class=\"meta-nav\">&rarr;<\/span><\/a><\/p>\n","protected":false},"author":10578,"featured_media":0,"parent":0,"menu_order":0,"comment_status":"closed","ping_status":"closed","template":"","meta":{"ngg_post_thumbnail":0,"footnotes":"","_mc_calendar":[]},"aioseo_notices":[],"_links":{"self":[{"href":"https:\/\/blogsaverroes.juntadeandalucia.es\/iesvirgendelcollado\/wp-json\/wp\/v2\/pages\/5525"}],"collection":[{"href":"https:\/\/blogsaverroes.juntadeandalucia.es\/iesvirgendelcollado\/wp-json\/wp\/v2\/pages"}],"about":[{"href":"https:\/\/blogsaverroes.juntadeandalucia.es\/iesvirgendelcollado\/wp-json\/wp\/v2\/types\/page"}],"author":[{"embeddable":true,"href":"https:\/\/blogsaverroes.juntadeandalucia.es\/iesvirgendelcollado\/wp-json\/wp\/v2\/users\/10578"}],"replies":[{"embeddable":true,"href":"https:\/\/blogsaverroes.juntadeandalucia.es\/iesvirgendelcollado\/wp-json\/wp\/v2\/comments?post=5525"}],"version-history":[{"count":7,"href":"https:\/\/blogsaverroes.juntadeandalucia.es\/iesvirgendelcollado\/wp-json\/wp\/v2\/pages\/5525\/revisions"}],"predecessor-version":[{"id":5772,"href":"https:\/\/blogsaverroes.juntadeandalucia.es\/iesvirgendelcollado\/wp-json\/wp\/v2\/pages\/5525\/revisions\/5772"}],"wp:attachment":[{"href":"https:\/\/blogsaverroes.juntadeandalucia.es\/iesvirgendelcollado\/wp-json\/wp\/v2\/media?parent=5525"}],"curies":[{"name":"wp","href":"https:\/\/api.w.org\/{rel}","templated":true}]}}

Orientación

<p><span style="text-decoration: underline"><a href="https://www.juntadeandalucia.es/organismos/inclusionsocialjuventudfamiliaseigualdad/areas/infancia-familias/procedimiento-actuacion-simia.html"><em>Página web con el Procedimiento de actuación ante situaciones de riesgo y desamparo de la infancia y adolescencia en Andalucía (SIMIA).</em></a></span></p>
<hr>
<p>Infografía del programa de Bienestar Emocional en el ámbito educativo:</p>
<p style="text-align: center"><iframe loading="lazy" src="https://drive.google.com/file/d/10gIQRj-3aoM4ZzGSMtcqlE_6V3fXAH6M/preview" width="640" height="480"></iframe></p>
<hr>
<p><strong>PROTOCOLO ALUMNADO NEAE</strong></p>
<p><em><span style="text-decoration: underline"><a title="Instrucciones de 8 de marzo de 2017, de la Dirección General de Participación y Equidad, por las que se actualiza el protocolo de detección, identificación del alumnado con necesidades específicas de apoyo educativo y organización de la respuesta educativa." href="https://www.juntadeandalucia.es/educacion/portals/web/inspeccion-educativa/normativa/-/normativas/detalle/instrucciones-de-8-de-marzo-de-2017-de-la-direccion-general-de-participacion-y-equidad-por-las-que-se-actualiza-el-1xr2aw1d841lt" target="_blank" rel="noopener">Instrucciones de 8 de marzo de 2017, de la Dirección General de Participación y Equidad, por las que se actualiza el protocolo de detección, identificación del alumnado con necesidades específicas de apoyo educativo y organización de la respuesta educativa.</a></span></em></p>

<p>Página web con el Procedimiento de actuación ante situaciones de riesgo y desamparo de la infancia y adolescencia en Andalucía (SIMIA). Infografía del programa de Bienestar Emocional en el ámbito educativo: PROTOCOLO ALUMNADO NEAE Instrucciones de 8 de marzo de 2017, de la Dirección General de Participación y Equidad, por las que se actualiza el &hellip; <a href="https://blogsaverroes.juntadeandalucia.es/iesvirgendelcollado/orientacion-3/" class="more-link">Seguir leyendo <span class="screen-reader-text">Orientación</span> <span class="meta-nav">&rarr;</span></a></p>
