{"id":6265,"date":"2026-04-09T12:52:57","date_gmt":"2026-04-09T10:52:57","guid":{"rendered":"https:\/\/blogsaverroes.juntadeandalucia.es\/iesvirgendelcollado\/?page_id=6265"},"modified":"2026-04-09T12:52:57","modified_gmt":"2026-04-09T10:52:57","slug":"programa-de-refuerzo-estival","status":"publish","type":"page","link":"https:\/\/blogsaverroes.juntadeandalucia.es\/iesvirgendelcollado\/programa-de-refuerzo-estival\/","title":{"rendered":"Programa de Refuerzo Estival"},"content":{"rendered":"<p><strong>Programa de Refuerzo Estival.<\/strong><\/p>\n<p><a title=\"Programa de Refuerzo Estival en Centros Docentes P\u00fablicos.\" href=\"https:\/\/portales.ced.junta-andalucia.es\/educacion\/portales\/web\/inspeccion-educativa\/w\/resolucion-de-18-de-junio-de-2025-de-la-direccion-general-de-participacion-e-inclusion-educativa-por-la-que-se-aprueba-y-se-hace-publica-la-relacion-de-centros-docentes-publicos-para-impartir-el-programa-de-refuerzo-educativo-en-periodo-estival-cofinancia?redirect=%2Feducacion%2Fportales%2Fweb%2Fplanes-y-programas%2Fprogramas-desarrollo-educativo%2Fprograma-de-refuerzo-educativo-en-periodo-estival%2Fpresentacion\" target=\"_blank\" rel=\"noopener noreferrer\">Programa de Refuerzo Estival en Centros Docentes P\u00fablicos.<\/a><\/p>\n<p>El periodo de solicitud del Programa de Refuerzo Educativo en periodo estival para alumnado y profesorado est\u00e1 abierto hasta el 22 de mayo.<\/p>\n<ul>\n<li>El profesorado interesado debe realizar el tr\u00e1mite a trav\u00e9s del&nbsp;<a href=\"https:\/\/www.juntadeandalucia.es\/educacion\/portaldocente\/\" target=\"_blank\" rel=\"noopener noreferrer\">Portal docente<\/a>.<\/li>\n<li>Los padres, madres o personas que ejerzan la tutela legal del alumnado (de 1\u00ba a 6\u00ba de Primaria y de 1\u00ba y 2\u00ba ESO) y que est\u00e9n interesados en solicitar la participaci\u00f3n en el Programa deber\u00e1n hacerlo a trav\u00e9s de&nbsp;<a href=\"https:\/\/www.juntadeandalucia.es\/educacion\/secretariavirtual\/solicitudes\/\" target=\"_blank\" rel=\"noopener noreferrer\">Secretaria Virtual<\/a>&nbsp;o bien directamente en el centro docente solicitado en primer lugar.<\/li>\n<\/ul>\n<p>Para m\u00e1s informaci\u00f3n, consulte el&nbsp;<a href=\"https:\/\/www.juntadeandalucia.es\/educacion\/portales\/web\/planes-y-programas\/programas-desarrollo-educativo\/programa-de-refuerzo-educativo-en-periodo-estival\/presentacion\">portal web del Programa<\/a>.<\/p>\n","protected":false},"excerpt":{"rendered":"<p>Programa de Refuerzo Estival. Programa de Refuerzo Estival en Centros Docentes P\u00fablicos. El periodo de solicitud del Programa de Refuerzo Educativo en periodo estival para alumnado y profesorado est\u00e1 abierto hasta el 22 de mayo. El profesorado interesado debe realizar el tr\u00e1mite a trav\u00e9s del&nbsp;Portal docente. Los padres, madres o personas que ejerzan la tutela &hellip; <a href=\"https:\/\/blogsaverroes.juntadeandalucia.es\/iesvirgendelcollado\/programa-de-refuerzo-estival\/\" class=\"more-link\">Seguir leyendo <span class=\"screen-reader-text\">Programa de Refuerzo Estival<\/span> <span class=\"meta-nav\">&rarr;<\/span><\/a><\/p>\n","protected":false},"author":10578,"featured_media":0,"parent":0,"menu_order":0,"comment_status":"closed","ping_status":"closed","template":"","meta":{"ngg_post_thumbnail":0,"footnotes":"","_mc_calendar":[]},"aioseo_notices":[],"_links":{"self":[{"href":"https:\/\/blogsaverroes.juntadeandalucia.es\/iesvirgendelcollado\/wp-json\/wp\/v2\/pages\/6265"}],"collection":[{"href":"https:\/\/blogsaverroes.juntadeandalucia.es\/iesvirgendelcollado\/wp-json\/wp\/v2\/pages"}],"about":[{"href":"https:\/\/blogsaverroes.juntadeandalucia.es\/iesvirgendelcollado\/wp-json\/wp\/v2\/types\/page"}],"author":[{"embeddable":true,"href":"https:\/\/blogsaverroes.juntadeandalucia.es\/iesvirgendelcollado\/wp-json\/wp\/v2\/users\/10578"}],"replies":[{"embeddable":true,"href":"https:\/\/blogsaverroes.juntadeandalucia.es\/iesvirgendelcollado\/wp-json\/wp\/v2\/comments?post=6265"}],"version-history":[{"count":1,"href":"https:\/\/blogsaverroes.juntadeandalucia.es\/iesvirgendelcollado\/wp-json\/wp\/v2\/pages\/6265\/revisions"}],"predecessor-version":[{"id":6267,"href":"https:\/\/blogsaverroes.juntadeandalucia.es\/iesvirgendelcollado\/wp-json\/wp\/v2\/pages\/6265\/revisions\/6267"}],"wp:attachment":[{"href":"https:\/\/blogsaverroes.juntadeandalucia.es\/iesvirgendelcollado\/wp-json\/wp\/v2\/media?parent=6265"}],"curies":[{"name":"wp","href":"https:\/\/api.w.org\/{rel}","templated":true}]}}